{"id":531267,"date":"2025-11-21T16:40:11","date_gmt":"2025-11-21T15:40:11","guid":{"rendered":"https:\/\/www.yonelle.pl\/produkt\/infusion-lift-krem-liftingujacy-z-efektem-perfect-glow-spf-30\/"},"modified":"2026-03-16T17:42:37","modified_gmt":"2026-03-16T16:42:37","slug":"infusion-lift-krem-liftingujacy-z-efektem-perfect-glow-spf-30","status":"publish","type":"product","link":"https:\/\/www.yonelle.pl\/hu\/produkt\/infusion-lift-krem-liftingujacy-z-efektem-perfect-glow-spf-30\/","title":{"rendered":"INFUS\u00cdON LIFT Liftinghat\u00e1s\u00fa Kr\u00e9m Perfect Glow Hat\u00e1ssal SPF 30"},"content":{"rendered":"","protected":false},"excerpt":{"rendered":"<p><strong>K\u00e9tfunkci\u00f3s, er\u0151sen liftingel\u0151 SPF 30 kr\u00e9m<\/strong> minden b\u0151rt\u00edpusra, amelyen l\u00e1that\u00f3ak az \u00f6reged\u00e9s jelei. Intenz\u00edven hidrat\u00e1l, sim\u00edtja \u00e9s jav\u00edtja a b\u0151r komfort\u00e9rzet\u00e9t, <strong>fokozatosan cs\u00f6kkentve a r\u00e1ncokat, valamint n\u00f6velve a b\u0151r feszess\u00e9g\u00e9t \u00e9s rugalmass\u00e1g\u00e1t<\/strong>. A mikrokapszul\u00e1zott pigmentek finom, gy\u00f6ngyh\u00e1z-arany f\u00e9ny\u0171 ragyog\u00e1ssal egyenletesebb\u00e9 teszik a b\u0151rt\u00f3nust, \u00e9s friss, ragyog\u00f3 f\u00e9nyt k\u00f6lcs\u00f6n\u00f6znek az arcnak. Ugyanakkor a kr\u00e9m hat\u00e9kony v\u00e9delmet ny\u00fajt a nappali fot\u00f3\u00f6reged\u00e9s ellen.<\/p>\n","protected":false},"featured_media":531251,"comment_status":"closed","ping_status":"closed","template":"","meta":{"_acf_changed":false,"inline_featured_image":false},"product_brand":[],"product_cat":[1755],"product_tag":[1357,1343,1264,1316,1270,1265,1356,1657,1268,1335,1574,1271,1323,1324,1272,1273,1275,1276,1277,1279],"class_list":{"0":"post-531267","1":"product","2":"type-product","3":"status-publish","4":"has-post-thumbnail","6":"product_cat-infusion-lift","7":"product_tag-apolas-smink-vedelem","8":"product_tag-arckremek","9":"product_tag-dojrzala-skora-hu","10":"product_tag-egyenetlen-szinu-erett-bor","11":"product_tag-konturjavitas-lifting","12":"product_tag-krem-dzienno-nocny-hu","13":"product_tag-krem-koloryzujacy-z-filtrem-spf-hu","14":"product_tag-krem-na-dzien-en-hu","15":"product_tag-mlodzienczy-blask-hu","16":"product_tag-napvedelem","17":"product_tag-poprawa-napiecia-i-kolorytu-cery-en-hu","18":"product_tag-rancok-csokkentese","19":"product_tag-redukcja-zmarszczek-i-poprawa-jedrnosci_serum-hu","20":"product_tag-rozjasnienie-przebarwien-hu","21":"product_tag-rozswietlenie-hu","22":"product_tag-skora-mieszana-hu","23":"product_tag-skora-normalna-hu","24":"product_tag-skora-sucha-hu","25":"product_tag-skora-tlusta-hu","26":"product_tag-wygladzenie-zmarszczek-hu","27":"pa_dzialanie-dojrzala-skora-o-nierownym-kolorycie-hu","28":"pa_dzialanie-ochrona-przeciwsloneczna-hu","29":"pa_dzialanie-pielegnacja-make-up-ochrona-hu","30":"pa_dzialanie-poprawa-owalu-lifting-hu","31":"pa_dzialanie-redukcja-zmarszczek-hu","33":"first","34":"instock","35":"shipping-taxable","36":"purchasable","37":"product-type-simple"},"acf":[],"df_price":359,"df_sale_price":"","df_regular_price":359,"df_image_link":"https:\/\/www.yonelle.pl\/wp-content\/uploads\/2025\/11\/INFUSION-LIFT-KREM-LIFTINGUJACY-Z-EFEKTEM-PERFECT-GLOW-SPF-30_packshot_1000x1000_dzien_small-300x300.jpg","_links":{"self":[{"href":"https:\/\/www.yonelle.pl\/hu\/wp-json\/wp\/v2\/product\/531267","targetHints":{"allow":["GET"]}}],"collection":[{"href":"https:\/\/www.yonelle.pl\/hu\/wp-json\/wp\/v2\/product"}],"about":[{"href":"https:\/\/www.yonelle.pl\/hu\/wp-json\/wp\/v2\/types\/product"}],"replies":[{"embeddable":true,"href":"https:\/\/www.yonelle.pl\/hu\/wp-json\/wp\/v2\/comments?post=531267"}],"wp:featuredmedia":[{"embeddable":true,"href":"https:\/\/www.yonelle.pl\/hu\/wp-json\/wp\/v2\/media\/531251"}],"wp:attachment":[{"href":"https:\/\/www.yonelle.pl\/hu\/wp-json\/wp\/v2\/media?parent=531267"}],"wp:term":[{"taxonomy":"product_brand","embeddable":true,"href":"https:\/\/www.yonelle.pl\/hu\/wp-json\/wp\/v2\/product_brand?post=531267"},{"taxonomy":"product_cat","embeddable":true,"href":"https:\/\/www.yonelle.pl\/hu\/wp-json\/wp\/v2\/product_cat?post=531267"},{"taxonomy":"product_tag","embeddable":true,"href":"https:\/\/www.yonelle.pl\/hu\/wp-json\/wp\/v2\/product_tag?post=531267"}],"curies":[{"name":"wp","href":"https:\/\/api.w.org\/{rel}","templated":true}]}}

INFUSÍON LIFT Liftinghatású Krém Perfect Glow Hatással SPF 30

<p><strong>Kétfunkciós, erősen liftingelő SPF 30 krém</strong> minden bőrtípusra, amelyen láthatóak az öregedés jelei. Intenzíven hidratál, simítja és javítja a bőr komfortérzetét, <strong>fokozatosan csökkentve a ráncokat, valamint növelve a bőr feszességét és rugalmasságát</strong>. A mikrokapszulázott pigmentek finom, gyöngyház-arany fényű ragyogással egyenletesebbé teszik a bőrtónust, és friss, ragyogó fényt kölcsönöznek az arcnak. Ugyanakkor a krém hatékony védelmet nyújt a nappali fotóöregedés ellen.</p>
