{"id":531239,"date":"2025-11-21T16:40:19","date_gmt":"2025-11-21T15:40:19","guid":{"rendered":"https:\/\/www.yonelle.pl\/produkt\/infusion-lift-modelujacy-krem-na-noc-z-duo-retinolem\/"},"modified":"2026-03-16T15:59:13","modified_gmt":"2026-03-16T14:59:13","slug":"infusion-lift-modelujacy-krem-na-noc-z-duo-retinolem","status":"publish","type":"product","link":"https:\/\/www.yonelle.pl\/hu\/produkt\/infusion-lift-modelujacy-krem-na-noc-z-duo-retinolem\/","title":{"rendered":"INFUS\u00cdON LIFT Duo-Retinol \u00c9jszakai Arckont\u00farform\u00e1z\u00f3 Kr\u00e9m\u00a0\u00a0\u00a0"},"content":{"rendered":"","protected":false},"excerpt":{"rendered":"<p>\u00c9jszakai kr\u00e9m <strong>hat\u00e9kony liftingter\u00e1pi\u00e1s hat\u00e1ssal DUO-RETINOLLAL<\/strong> minden \u00e9rett b\u0151rt\u00edpusra, amelyen l\u00e1that\u00f3ak az \u00f6reged\u00e9s jelei, bele\u00e9rtve a f\u00e1radt \u00e9s f\u00e9nytelen b\u0151rt is. A fejlett formula <strong>intenz\u00edven<\/strong> <strong>serkenti a kollag\u00e9n szint\u00e9zis\u00e9t, er\u0151s\u00edti a b\u0151r v\u00e9d\u0151r\u00e9teg\u00e9t \u00e9s hat\u00e9konyan cs\u00f6kkenti a r\u00e1ncokat<\/strong>. Reggelre a b\u0151r feszesebbnek, sim\u00e1bbnak \u00e9s ragyog\u00f3bbnak t\u0171nik, az arcvon\u00e1sok pedig \u00e9szrevehet\u0151en harmonikusabb\u00e1 v\u00e1lnak.<\/p>\n","protected":false},"featured_media":531232,"comment_status":"closed","ping_status":"closed","template":"","meta":{"_acf_changed":false,"inline_featured_image":false},"product_brand":[],"product_cat":[1755],"product_tag":[1343,1263,1264,1270,1328,1268,1269,1271,1273,1275,1277,1278,1740,1279],"class_list":{"0":"post-531239","1":"product","2":"type-product","3":"status-publish","4":"has-post-thumbnail","6":"product_cat-infusion-lift","7":"product_tag-arckremek","8":"product_tag-bardzo-dojrzala-skora-hu","9":"product_tag-dojrzala-skora-hu","10":"product_tag-konturjavitas-lifting","11":"product_tag-krem-na-noc-hu","12":"product_tag-mlodzienczy-blask-hu","13":"product_tag-poprawa-gestosci-skory-hu","14":"product_tag-rancok-csokkentese","15":"product_tag-skora-mieszana-hu","16":"product_tag-skora-normalna-hu","17":"product_tag-skora-tlusta-hu","18":"product_tag-ujedrnienie-hu","19":"product_tag-wygladzenie-skory-hu","20":"product_tag-wygladzenie-zmarszczek-hu","21":"pa_dzialanie-poprawa-owalu-lifting-hu","22":"pa_dzialanie-redukcja-zmarszczek-hu","24":"first","25":"instock","26":"shipping-taxable","27":"purchasable","28":"product-type-simple"},"acf":[],"df_price":399,"df_sale_price":"","df_regular_price":399,"df_image_link":"https:\/\/www.yonelle.pl\/wp-content\/uploads\/2025\/11\/INFUSION-LIFT-MODELUJACY-KREM-NA-NOC-Z-DUO-RETINOLEM_packshot_1000x1000_noc_small-300x300.jpg","_links":{"self":[{"href":"https:\/\/www.yonelle.pl\/hu\/wp-json\/wp\/v2\/product\/531239","targetHints":{"allow":["GET"]}}],"collection":[{"href":"https:\/\/www.yonelle.pl\/hu\/wp-json\/wp\/v2\/product"}],"about":[{"href":"https:\/\/www.yonelle.pl\/hu\/wp-json\/wp\/v2\/types\/product"}],"replies":[{"embeddable":true,"href":"https:\/\/www.yonelle.pl\/hu\/wp-json\/wp\/v2\/comments?post=531239"}],"wp:featuredmedia":[{"embeddable":true,"href":"https:\/\/www.yonelle.pl\/hu\/wp-json\/wp\/v2\/media\/531232"}],"wp:attachment":[{"href":"https:\/\/www.yonelle.pl\/hu\/wp-json\/wp\/v2\/media?parent=531239"}],"wp:term":[{"taxonomy":"product_brand","embeddable":true,"href":"https:\/\/www.yonelle.pl\/hu\/wp-json\/wp\/v2\/product_brand?post=531239"},{"taxonomy":"product_cat","embeddable":true,"href":"https:\/\/www.yonelle.pl\/hu\/wp-json\/wp\/v2\/product_cat?post=531239"},{"taxonomy":"product_tag","embeddable":true,"href":"https:\/\/www.yonelle.pl\/hu\/wp-json\/wp\/v2\/product_tag?post=531239"}],"curies":[{"name":"wp","href":"https:\/\/api.w.org\/{rel}","templated":true}]}}

INFUSÍON LIFT Duo-Retinol Éjszakai Arckontúrformázó Krém

<p>Éjszakai krém <strong>hatékony liftingterápiás hatással DUO-RETINOLLAL</strong> minden érett bőrtípusra, amelyen láthatóak az öregedés jelei, beleértve a fáradt és fénytelen bőrt is. A fejlett formula <strong>intenzíven</strong> <strong>serkenti a kollagén szintézisét, erősíti a bőr védőrétegét és hatékonyan csökkenti a ráncokat</strong>. Reggelre a bőr feszesebbnek, simábbnak és ragyogóbbnak tűnik, az arcvonások pedig észrevehetően harmonikusabbá válnak.</p>
