{"id":452819,"date":"2017-03-22T15:11:13","date_gmt":"2017-03-22T14:11:13","guid":{"rendered":"https:\/\/www.yonelle.pl\/produkt\/yonelle-przeciwzmarszczkowy-krem-cc\/"},"modified":"2026-04-20T14:41:09","modified_gmt":"2026-04-20T12:41:09","slug":"metamorphosis-ranctalanito-cc-krem-spf-10","status":"publish","type":"product","link":"https:\/\/www.yonelle.pl\/hu\/produkt\/metamorphosis-ranctalanito-cc-krem-spf-10\/","title":{"rendered":"METAMORPHOSIS R\u00e1nctalan\u00edt\u00f3 CC Kr\u00e9m SPF 10"},"content":{"rendered":"<h3 class=\"tag\" style=\"text-align: justify;\">RAGYOG\u00c1S \u00c9S FIATAL\u00cdT\u00c1S. A B\u0150R MIN\u0150S\u00c9G\u00c9NEK JAV\u00cdT\u00c1SA.<\/h3>\n<p><strong>CC kr\u00e9m \u2013 COLOR CORRECTING \u2013 nappali haszn\u00e1latra \u00e9rett, norm\u00e1l \u00e9s sz\u00e1raz, vegyes, kit\u00e1gult p\u00f3rus\u00fa, valamint \u00e9rz\u00e9keny b\u0151rre.<\/strong> Hossz\u00fa t\u00e1v\u00fa r\u00e1nctalan\u00edt\u00f3 \u00e1pol\u00e1st \u00e9s azonnali b\u0151r\u00e1talakul\u00e1st biztos\u00edt. Azonnal l\u00e1that\u00f3 a b\u0151r felsz\u00edn\u00e9nek csod\u00e1latos simas\u00e1ga, valamint az egyenletes \u00e9s friss sz\u00edn\u00e1rnyalat, mik\u00f6zben elfedi az apr\u00f3bb t\u00f6k\u00e9letlens\u00e9geket. A b\u0151r ragyog\u00f3, b\u00e1rsonyos, t\u00f6k\u00e9letesen hidrat\u00e1lt, feszes \u00e9s fiatalabbnak t\u0171nik.<\/p>\n<p>A CC kr\u00e9m kiv\u00e9teles tulajdons\u00e1gait a BIOPIGMENTEK biztos\u00edtj\u00e1k, amelyek titka a dermokompatibilis term\u00e9szetes hidrat\u00e1l\u00f3 lipidekb\u0151l \u00e1ll\u00f3 bevonat. <strong>Ezeknek k\u00f6sz\u00f6nhet\u0151en t\u00f6k\u00e9letesen illeszkednek a b\u0151rh\u00f6z, nem emelik ki a r\u00e1ncokat, \u00e9s \u00e1pol\u00f3, valamint v\u00e9d\u0151 hat\u00e1s\u00faak.<\/strong><\/p>\n<p>A kr\u00e9m k\u00e9t sz\u00ednv\u00e1ltozatban kaphat\u00f3: \u201e2 NEUTRAL\u201d \u2013 minden b\u0151rt\u00edpushoz, kiv\u00e9ve a nagyon vil\u00e1gos b\u0151rh\u00f6z, amelyhez az \u201e1 LIGHT NEUTRAL\u201d v\u00e1ltozat aj\u00e1nlott.<\/p>\n<p><strong>ANTI-POLLUTION KONCEPCI\u00d3<\/strong><\/p>\n<p><strong>V\u00e9d\u0151pajzs<\/strong>, amely hat\u00e9konyan ellens\u00falyozza a k\u00e1ros k\u00fcls\u0151 t\u00e9nyez\u0151k, p\u00e9ld\u00e1ul a leveg\u0151szennyez\u00e9s (ang. pollution) b\u0151r\u00f6reged\u00e9st felgyors\u00edt\u00f3 hat\u00e1s\u00e1t.<\/p>\n<p><strong>A dermakompatibilis akt\u00edv \u00f6sszetev\u0151kre alapozott formula jav\u00edtja a b\u0151r min\u0151s\u00e9g\u00e9t, er\u0151s\u00edti annak term\u00e9szetes ellen\u00e1ll\u00f3k\u00e9pess\u00e9g\u00e9t, \u00e9s visszaadja eg\u00e9szs\u00e9ges, fiatalos megjelen\u00e9s\u00e9t.<\/strong><\/p>\n","protected":false},"excerpt":{"rendered":"<p>\u00c1pol\u00f3 CC kr\u00e9m \u2012 Color Correcting \u2012 nappali haszn\u00e1latra, minden b\u0151rt\u00edpusra aj\u00e1nlott, k\u00fcl\u00f6n\u00f6sen norm\u00e1l \u00e9s sz\u00e1raz, valamint \u00e9rz\u00e9keny b\u0151rre. Hossz\u00fa t\u00e1v\u00fa r\u00e1nctalan\u00edt\u00f3 \u00e1pol\u00e1st \u00e9s azonnali \u00e1talakul\u00e1st biztos\u00edt. Kiegyenl\u00edti \u00e9s felfriss\u00edti a b\u0151rsz\u00ednt, mik\u00f6zben elfedi az apr\u00f3bb t\u00f6k\u00e9letlens\u00e9geket. A b\u0151r kiv\u00e1l\u00f3 hidrat\u00e1lts\u00e1got \u00e9s feszess\u00e9get nyer.<\/p>\n","protected":false},"featured_media":510622,"comment_status":"open","ping_status":"closed","template":"","meta":{"_acf_changed":false,"inline_featured_image":false},"product_brand":[],"product_cat":[1282],"product_tag":[1357,1343,1356,1375,1334,1335,1284,1271,1272,1273,1275,1276],"class_list":{"0":"post-452819","1":"product","2":"type-product","3":"status-publish","4":"has-post-thumbnail","6":"product_cat-metamorphosis-hu","7":"product_tag-apolas-smink-vedelem","8":"product_tag-arckremek","9":"product_tag-krem-koloryzujacy-z-filtrem-spf-hu","10":"product_tag-metamorphosis-hu","11":"product_tag-kremyserum-na-dzien-hu","12":"product_tag-napvedelem","13":"product_tag-nawilzanie-hu","14":"product_tag-rancok-csokkentese","15":"product_tag-rozswietlenie-hu","16":"product_tag-skora-mieszana-hu","17":"product_tag-skora-normalna-hu","18":"product_tag-skora-sucha-hu","19":"pa_color-light-neutral-hu","20":"pa_color-neutral-hu","21":"pa_dzialanie-ochrona-anti-pollution-hu","22":"pa_dzialanie-ochrona-przeciwsloneczna-hu","23":"pa_dzialanie-pielegnacja-make-up-ochrona-hu","24":"pa_dzialanie-redukcja-zmarszczek-hu","26":"first","27":"instock","28":"shipping-taxable","29":"purchasable","30":"product-type-variable"},"acf":[],"df_price":291,"df_sale_price":"","df_regular_price":291,"df_image_link":"https:\/\/www.yonelle.pl\/wp-content\/uploads\/2017\/03\/METAMORPHOSIS-PRZECIWZMARSZCZKOWY-D3-KREM-CC-SPF-10_0_strona-dzien_1000x1000_small-300x300.jpg","_links":{"self":[{"href":"https:\/\/www.yonelle.pl\/hu\/wp-json\/wp\/v2\/product\/452819","targetHints":{"allow":["GET"]}}],"collection":[{"href":"https:\/\/www.yonelle.pl\/hu\/wp-json\/wp\/v2\/product"}],"about":[{"href":"https:\/\/www.yonelle.pl\/hu\/wp-json\/wp\/v2\/types\/product"}],"replies":[{"embeddable":true,"href":"https:\/\/www.yonelle.pl\/hu\/wp-json\/wp\/v2\/comments?post=452819"}],"wp:featuredmedia":[{"embeddable":true,"href":"https:\/\/www.yonelle.pl\/hu\/wp-json\/wp\/v2\/media\/510622"}],"wp:attachment":[{"href":"https:\/\/www.yonelle.pl\/hu\/wp-json\/wp\/v2\/media?parent=452819"}],"wp:term":[{"taxonomy":"product_brand","embeddable":true,"href":"https:\/\/www.yonelle.pl\/hu\/wp-json\/wp\/v2\/product_brand?post=452819"},{"taxonomy":"product_cat","embeddable":true,"href":"https:\/\/www.yonelle.pl\/hu\/wp-json\/wp\/v2\/product_cat?post=452819"},{"taxonomy":"product_tag","embeddable":true,"href":"https:\/\/www.yonelle.pl\/hu\/wp-json\/wp\/v2\/product_tag?post=452819"}],"curies":[{"name":"wp","href":"https:\/\/api.w.org\/{rel}","templated":true}]}}

METAMORPHOSIS Ránctalanító CC Krém SPF 10

<h3 class="tag" style="text-align: justify;">RAGYOGÁS ÉS FIATALÍTÁS. A BŐR MINŐSÉGÉNEK JAVÍTÁSA.</h3>
<p><strong>CC krém – COLOR CORRECTING – nappali használatra érett, normál és száraz, vegyes, kitágult pórusú, valamint érzékeny bőrre.</strong> Hosszú távú ránctalanító ápolást és azonnali bőrátalakulást biztosít. Azonnal látható a bőr felszínének csodálatos simasága, valamint az egyenletes és friss színárnyalat, miközben elfedi az apróbb tökéletlenségeket. A bőr ragyogó, bársonyos, tökéletesen hidratált, feszes és fiatalabbnak tűnik.</p>
<p>A CC krém kivételes tulajdonságait a BIOPIGMENTEK biztosítják, amelyek titka a dermokompatibilis természetes hidratáló lipidekből álló bevonat. <strong>Ezeknek köszönhetően tökéletesen illeszkednek a bőrhöz, nem emelik ki a ráncokat, és ápoló, valamint védő hatásúak.</strong></p>
<p>A krém két színváltozatban kapható: „2 NEUTRAL” – minden bőrtípushoz, kivéve a nagyon világos bőrhöz, amelyhez az „1 LIGHT NEUTRAL” változat ajánlott.</p>
<p><strong>ANTI-POLLUTION KONCEPCIÓ</strong></p>
<p><strong>Védőpajzs</strong>, amely hatékonyan ellensúlyozza a káros külső tényezők, például a levegőszennyezés (ang. pollution) bőröregedést felgyorsító hatását.</p>
<p><strong>A dermakompatibilis aktív összetevőkre alapozott formula javítja a bőr minőségét, erősíti annak természetes ellenállóképességét, és visszaadja egészséges, fiatalos megjelenését.</strong></p>

<p>Ápoló CC krém ‒ Color Correcting ‒ nappali használatra, minden bőrtípusra ajánlott, különösen normál és száraz, valamint érzékeny bőrre. Hosszú távú ránctalanító ápolást és azonnali átalakulást biztosít. Kiegyenlíti és felfrissíti a bőrszínt, miközben elfedi az apróbb tökéletlenségeket. A bőr kiváló hidratáltságot és feszességet nyer.</p>
