{"id":452533,"date":"2016-06-01T07:38:26","date_gmt":"2016-06-01T05:38:26","guid":{"rendered":"https:\/\/www.yonelle.pl\/produkt\/yonelle-przeciwzmarszczkowy-krem-d3-spf-50\/"},"modified":"2025-05-28T13:11:47","modified_gmt":"2025-05-28T11:11:47","slug":"yonelle-przeciwzmarszczkowy-krem-d3-spf-50","status":"publish","type":"product","link":"https:\/\/www.yonelle.pl\/hu\/produkt\/yonelle-przeciwzmarszczkowy-krem-d3-spf-50\/","title":{"rendered":"R\u00e1nctalan\u00edt\u00f3 Kr\u00e9m D3 SPF 50+"},"content":{"rendered":"<h3>\u00daJ\u00cdT\u00d3 NAPV\u00c9DELMI KONCEPCI\u00d3 <span style=\"width: 12px;height: 18px\"><br \/>\n<\/span><\/h3>\n<div style=\"clear: both;text-align: justify\">\n<p><strong>Nagyon magas UV-v\u00e9delem, mik\u00f6zben kompenz\u00e1lja a D3-vitamin hi\u00e1ny\u00e1t.<\/strong><\/p>\n<p>R\u00e1nctalan\u00edt\u00f3 hat\u00e1s\u00fa v\u00e9d\u0151kr\u00e9m minden b\u0151rt\u00edpusra, k\u00fcl\u00f6n\u00f6sen aj\u00e1nlott<strong> nap\u00e9rz\u00e9keny, napf\u00e9ny okozta elsz\u00ednez\u0151d\u00e9sre hajlamos, valamint \u00e9rett \u00e9s sz\u00e1raz b\u0151rre<\/strong>. Meglep\u0151en <strong>kellemes, k\u00f6nny\u0171 \u00e1llag\u00fa<\/strong>, ami nem jellemz\u0151 ilyen magas v\u00e9delmi faktor eset\u00e9n. Egyidej\u0171leg megel\u0151zi a fot\u00f3\u00f6reged\u00e9s t\u00fcneteit, mint p\u00e9ld\u00e1ul a r\u00e1ncok, sz\u00e1razs\u00e1g, rugalmass\u00e1g cs\u00f6kken\u00e9se, elsz\u00ednez\u0151d\u00e9sek, valamint a <strong>D3-vitamin hi\u00e1ny\u00e1nak k\u00f6vetkezm\u00e9nyeit<\/strong>, mint<strong>:<\/strong>\u00a0cs\u00f6kkent ellen\u00e1ll\u00f3k\u00e9pess\u00e9g, sejtek meg\u00fajul\u00e1s\u00e1nak zavara, rugalmass\u00e1g elveszt\u00e9se, a b\u0151r \u00e1llapot\u00e1nak \u00e9s megjelen\u00e9s\u00e9nek roml\u00e1sa.<\/p>\n<p>A kr\u00e9mben innovat\u00edv kombin\u00e1ci\u00f3j\u00e1t alkalmazz\u00e1k az UV-sugarakat elnyel\u0151 \u00e9s visszaver\u0151 sz\u0171r\u0151knek \u2013 amelyek k\u00e9perny\u0151k\u00e9nt m\u0171k\u00f6dnek \u2013 a sz\u00e9les k\u00f6rben elterjedt <strong>D3-vitamin hi\u00e1ny\u00e1nak kompenz\u00e1l\u00e1s\u00e1val, amelyet az \u00e9let hormonj\u00e1nak is neveznek.<\/strong><\/p>\n<p><strong>YONELLE FELFEDEZ\u00c9SE<\/strong><br \/>\n<strong>\u00daj\u00edt\u00f3 napv\u00e9delmi koncepci\u00f3 \u2013 D3 tr\u00fckk<\/strong><br \/>\nIsmert, hogy:<br \/>\n1.\u00a0\u00a0 az UV-v\u00e9d\u0151 sz\u0171r\u0151k haszn\u00e1lata sz\u00fcks\u00e9ges,<br \/>\n2.\u00a0\u00a0 az UVB-sz\u0171r\u0151k blokkolj\u00e1k a D3-vitamin termel\u00e9s\u00e9t a b\u0151rben,<br \/>\n3.\u00a0\u00a0 a D3-vitamin hi\u00e1nya nagyon k\u00e1ros a b\u0151rre.<\/p>\n<p><strong>D3 TR\u00dcKK<\/strong><br \/>\nA b\u0151rben l\u00e9v\u0151 D3-vitamin hi\u00e1ny\u00e1nak kompenz\u00e1l\u00e1sa \u00e9s annak k\u00f6vetkezm\u00e9nyeinek ellens\u00falyoz\u00e1sa \u00e9rdek\u00e9ben speci\u00e1lis n\u00f6v\u00e9nyi glikozid molekul\u00e1kat alkalmaztak, amelyek a D3-vitaminhoz hasonl\u00f3an aktiv\u00e1lj\u00e1k a b\u0151rsejtekben azokat a metabolikus reakci\u00f3kat, amelyek felel\u0151sek a b\u0151r min\u0151s\u00e9g\u00e9\u00e9rt \u00e9s ellen\u00e1ll\u00f3k\u00e9pess\u00e9g\u00e9\u00e9rt.<\/p>\n<p><strong>A D3-VITAMIN FONTOS SZEREPE A B\u0150RBEN<\/strong><br \/>\n<strong>D3-vitamin \u2013 az \u00e9let hormonja.<\/strong> T\u00f6bb mint 2000 g\u00e9n aktiv\u00e1tora, a b\u0151r anyagcser\u00e9j\u00e9nek bioregul\u00e1tora, elengedhetetlen t\u00e9nyez\u0151 az \u00faj sejtek k\u00e9pz\u0151d\u00e9s\u00e9hez \u00e9s a b\u0151r j\u00f3 \u00e1llapot\u00e1nak \u00e9s megjelen\u00e9s\u00e9nek meg\u0151rz\u00e9s\u00e9hez. A biol\u00f3giailag akt\u00edv D3-vitamin a b\u0151rben csak az inakt\u00edv D provitaminb\u00f3l k\u00e9pz\u0151dik UVB-sugarak hat\u00e1s\u00e1ra. Az eg\u00e9szs\u00e9g \u00e9s a fiatalos megjelen\u00e9s meg\u0151rz\u00e9s\u00e9hez sz\u00fcks\u00e9ges UV-v\u00e9d\u0151 sz\u0171r\u0151k haszn\u00e1lata blokkolja ezt a folyamatot. Magas SPF eset\u00e9n ak\u00e1r 90%-kal is.<\/p>\n<p><strong>A D3-vitamin hi\u00e1ny\u00e1nak k\u00f6vetkezm\u00e9nyei a b\u0151rben:<\/strong><br \/>\n\u2022\u00a0 cs\u00f6kkent ellen\u00e1ll\u00f3k\u00e9pess\u00e9g a k\u00fcls\u0151 t\u00e9nyez\u0151kkel szemben,<br \/>\n\u2022\u00a0 nagyobb \u00e9rz\u00e9kenys\u00e9g,<br \/>\n\u2022\u00a0 a b\u0151r meg\u00fajul\u00e1si ciklus\u00e1nak zavara,<br \/>\n\u2022\u00a0 anyagcsere-zavarok,<br \/>\n\u2022\u00a0 a b\u0151r v\u00e9d\u0151r\u00e9teg\u00e9nek gyeng\u00fcl\u00e9se,<br \/>\n\u2022\u00a0 rugalmass\u00e1g elveszt\u00e9se,<br \/>\n\u2022\u00a0 fokozott hajlam az irrit\u00e1ci\u00f3ra,<br \/>\n\u2022\u00a0 a b\u0151rsz\u00edn roml\u00e1sa \u00e9s eg\u00e9szs\u00e9gtelen megjelen\u00e9s.<\/p>\n<p><strong>KOZMETIKAI T\u00c1SKA A K\u00c9SZLETBEN<\/strong><br \/>\nA kozmetikum egy eszt\u00e9tikus \u00e9s funkcion\u00e1lis kozmetikai t\u00e1sk\u00e1ban van csomagolva, amely ide\u00e1lis utaz\u00e1sokhoz \u00e9s kir\u00e1ndul\u00e1sokhoz, vagy mindennapi haszn\u00e1latra szervez\u0151k\u00e9nt.<\/p>\n<p>Magas min\u0151s\u00e9g\u0171, f\u00e9lig \u00e1tl\u00e1tsz\u00f3 anyagb\u00f3l k\u00e9sz\u00fclt, \u00edgy k\u00f6nnyen l\u00e1that\u00f3, mi van benne. A cipz\u00e1ras z\u00e1r\u00f3d\u00e1s pedig egyszer\u0171 nyit\u00e1st \u00e9s z\u00e1r\u00e1st biztos\u00edt, garant\u00e1lva a benne t\u00e1rolt dolgok biztons\u00e1g\u00e1t.<\/p>\n<p>M\u00e9retek: hossza 18 cm x sz\u00e9less\u00e9ge 4,5 cm x magass\u00e1ga 15 cm<\/p>\n<\/div>\n","protected":false},"excerpt":{"rendered":"<p>Kr\u00e9met v\u00e9d\u0151 hat\u00e1ssal, r\u00e1nctalan\u00edt\u00f3 hat\u00e1ssal minden b\u0151rt\u00edpusra, k\u00fcl\u00f6n\u00f6sen aj\u00e1nlott nap\u00e9rz\u00e9keny, napf\u00e9ny okozta elsz\u00ednez\u0151d\u00e9sre hajlamos, valamint \u00e9rett \u00e9s sz\u00e1raz b\u0151rre.<\/p>\n","protected":false},"featured_media":452539,"comment_status":"open","ping_status":"closed","template":"","meta":{"_acf_changed":false,"inline_featured_image":false},"product_brand":[],"product_cat":[1385],"product_tag":[1343,1333,1300,1334,1335,1284,1271,1273,1275,1303,1276,1277,1349],"class_list":{"0":"post-452533","1":"product","2":"type-product","3":"status-publish","4":"has-post-thumbnail","6":"product_cat-anti-age-d3-cream-spf-50-hu","7":"product_tag-arckremek","8":"product_tag-kremy-nie-koloryzujace-z-filrem-spf-hu","9":"product_tag-redukcja-podraznien-hu","10":"product_tag-kremyserum-na-dzien-hu","11":"product_tag-napvedelem","12":"product_tag-nawilzanie-hu","13":"product_tag-rancok-csokkentese","14":"product_tag-skora-mieszana-hu","15":"product_tag-skora-normalna-hu","16":"product_tag-skora-sklonna-do-przebarwien-hu","17":"product_tag-skora-sucha-hu","18":"product_tag-skora-tlusta-hu","19":"product_tag-szennyezodes-elleni-vedelem","20":"pa_dzialanie-ochrona-anti-pollution-hu","21":"pa_dzialanie-ochrona-przeciwsloneczna-hu","23":"first","24":"outofstock","25":"shipping-taxable","26":"purchasable","27":"product-type-simple"},"acf":[],"df_price":175,"df_sale_price":"","df_regular_price":175,"df_image_link":"https:\/\/www.yonelle.pl\/wp-content\/uploads\/2016\/06\/PRZECIWZMARSZCZKOWY-KREM-D3-SPF-50_1-1-300x300.jpg","_links":{"self":[{"href":"https:\/\/www.yonelle.pl\/hu\/wp-json\/wp\/v2\/product\/452533","targetHints":{"allow":["GET"]}}],"collection":[{"href":"https:\/\/www.yonelle.pl\/hu\/wp-json\/wp\/v2\/product"}],"about":[{"href":"https:\/\/www.yonelle.pl\/hu\/wp-json\/wp\/v2\/types\/product"}],"replies":[{"embeddable":true,"href":"https:\/\/www.yonelle.pl\/hu\/wp-json\/wp\/v2\/comments?post=452533"}],"wp:featuredmedia":[{"embeddable":true,"href":"https:\/\/www.yonelle.pl\/hu\/wp-json\/wp\/v2\/media\/452539"}],"wp:attachment":[{"href":"https:\/\/www.yonelle.pl\/hu\/wp-json\/wp\/v2\/media?parent=452533"}],"wp:term":[{"taxonomy":"product_brand","embeddable":true,"href":"https:\/\/www.yonelle.pl\/hu\/wp-json\/wp\/v2\/product_brand?post=452533"},{"taxonomy":"product_cat","embeddable":true,"href":"https:\/\/www.yonelle.pl\/hu\/wp-json\/wp\/v2\/product_cat?post=452533"},{"taxonomy":"product_tag","embeddable":true,"href":"https:\/\/www.yonelle.pl\/hu\/wp-json\/wp\/v2\/product_tag?post=452533"}],"curies":[{"name":"wp","href":"https:\/\/api.w.org\/{rel}","templated":true}]}}

Ránctalanító Krém D3 SPF 50+

<h3>ÚJÍTÓ NAPVÉDELMI KONCEPCIÓ <span style="width: 12px;height: 18px"><br />
</span></h3>
<div style="clear: both;text-align: justify">
<p><strong>Nagyon magas UV-védelem, miközben kompenzálja a D3-vitamin hiányát.</strong></p>
<p>Ránctalanító hatású védőkrém minden bőrtípusra, különösen ajánlott<strong> napérzékeny, napfény okozta elszíneződésre hajlamos, valamint érett és száraz bőrre</strong>. Meglepően <strong>kellemes, könnyű állagú</strong>, ami nem jellemző ilyen magas védelmi faktor esetén. Egyidejűleg megelőzi a fotóöregedés tüneteit, mint például a ráncok, szárazság, rugalmasság csökkenése, elszíneződések, valamint a <strong>D3-vitamin hiányának következményeit</strong>, mint<strong>:</strong> csökkent ellenállóképesség, sejtek megújulásának zavara, rugalmasság elvesztése, a bőr állapotának és megjelenésének romlása.</p>
<p>A krémben innovatív kombinációját alkalmazzák az UV-sugarakat elnyelő és visszaverő szűrőknek – amelyek képernyőként működnek – a széles körben elterjedt <strong>D3-vitamin hiányának kompenzálásával, amelyet az élet hormonjának is neveznek.</strong></p>
<p><strong>YONELLE FELFEDEZÉSE</strong><br />
<strong>Újító napvédelmi koncepció – D3 trükk</strong><br />
Ismert, hogy:<br />
1.   az UV-védő szűrők használata szükséges,<br />
2.   az UVB-szűrők blokkolják a D3-vitamin termelését a bőrben,<br />
3.   a D3-vitamin hiánya nagyon káros a bőrre.</p>
<p><strong>D3 TRÜKK</strong><br />
A bőrben lévő D3-vitamin hiányának kompenzálása és annak következményeinek ellensúlyozása érdekében speciális növényi glikozid molekulákat alkalmaztak, amelyek a D3-vitaminhoz hasonlóan aktiválják a bőrsejtekben azokat a metabolikus reakciókat, amelyek felelősek a bőr minőségéért és ellenállóképességéért.</p>
<p><strong>A D3-VITAMIN FONTOS SZEREPE A BŐRBEN</strong><br />
<strong>D3-vitamin – az élet hormonja.</strong> Több mint 2000 gén aktivátora, a bőr anyagcseréjének bioregulátora, elengedhetetlen tényező az új sejtek képződéséhez és a bőr jó állapotának és megjelenésének megőrzéséhez. A biológiailag aktív D3-vitamin a bőrben csak az inaktív D provitaminból képződik UVB-sugarak hatására. Az egészség és a fiatalos megjelenés megőrzéséhez szükséges UV-védő szűrők használata blokkolja ezt a folyamatot. Magas SPF esetén akár 90%-kal is.</p>
<p><strong>A D3-vitamin hiányának következményei a bőrben:</strong><br />
•  csökkent ellenállóképesség a külső tényezőkkel szemben,<br />
•  nagyobb érzékenység,<br />
•  a bőr megújulási ciklusának zavara,<br />
•  anyagcsere-zavarok,<br />
•  a bőr védőrétegének gyengülése,<br />
•  rugalmasság elvesztése,<br />
•  fokozott hajlam az irritációra,<br />
•  a bőrszín romlása és egészségtelen megjelenés.</p>
<p><strong>KOZMETIKAI TÁSKA A KÉSZLETBEN</strong><br />
A kozmetikum egy esztétikus és funkcionális kozmetikai táskában van csomagolva, amely ideális utazásokhoz és kirándulásokhoz, vagy mindennapi használatra szervezőként.</p>
<p>Magas minőségű, félig átlátszó anyagból készült, így könnyen látható, mi van benne. A cipzáras záródás pedig egyszerű nyitást és zárást biztosít, garantálva a benne tárolt dolgok biztonságát.</p>
<p>Méretek: hossza 18 cm x szélessége 4,5 cm x magassága 15 cm</p>
</div>

<p>Krémet védő hatással, ránctalanító hatással minden bőrtípusra, különösen ajánlott napérzékeny, napfény okozta elszíneződésre hajlamos, valamint érett és száraz bőrre.</p>
