{"id":452499,"date":"2017-09-22T11:22:54","date_gmt":"2017-09-22T09:22:54","guid":{"rendered":"https:\/\/www.yonelle.pl\/produkt\/yonelle-infusion-zabieg-mikronakluwania-infuzyjnego-mezoroller-serum\/"},"modified":"2025-05-09T14:50:08","modified_gmt":"2025-05-09T12:50:08","slug":"infusion-infuzios-mikrotus-kezeles-mezoroller-szerum","status":"publish","type":"product","link":"https:\/\/www.yonelle.pl\/hu\/produkt\/infusion-infuzios-mikrotus-kezeles-mezoroller-szerum\/","title":{"rendered":"INFUS\u00cdON Inf\u00fazi\u00f3s Mikrot\u0171s Kezel\u00e9s Mezoroller + Sz\u00e9rum"},"content":{"rendered":"<h3 class=\"tag\">AK\u00c1R 1000-SZER JOBB AKT\u00cdV \u00d6SSZETEV\u0150 BEHATOL\u00c1S! RADIK\u00c1LIS JAVUL\u00c1S A B\u0150R FESZESS\u00c9G\u00c9BEN \u00c9S S\u0170R\u0170S\u00c9G\u00c9BEN<\/h3>\n<p style=\"text-align: justify\">Az inf\u00fazi\u00f3s mikrot\u0171z\u00e9s kezel\u00e9se sor\u00e1n nagyon sok apr\u00f3 t\u0171sz\u00far\u00e1st v\u00e9geznek a b\u0151r\u00f6n MEZOROLLER seg\u00edts\u00e9g\u00e9vel, majd a b\u0151rre INFUS\u00cdON sz\u00e9rumot alkalmaznak. A keletkez\u0151 t\u00f6bb sz\u00e1zezer mikrokapill\u00e1rison kereszt\u00fcl a retinol \u00e9s m\u00e1s <strong>akt\u00edv \u00f6sszetev\u0151k a sz\u00e9rumban ak\u00e1r 1000-szer jobban behatolnak a b\u0151rbe<\/strong>, mint norm\u00e1l esetben, p\u00e1ratlan hat\u00e9konys\u00e1ggal m\u0171k\u00f6dve. Az eredm\u00e9ny RADIK\u00c1LIS JAVUL\u00c1S A B\u0150R FESZESS\u00c9G\u00c9BEN \u00c9S S\u0170R\u0170S\u00c9G\u00c9BEN.<\/p>\n<p style=\"text-align: justify\"><strong>MEZOROLLER 0,2<\/strong> Kozmetikai eszk\u00f6z a b\u0151r mikrot\u0171z\u00e9s\u00e9hez. 600 tit\u00e1nb\u00f3l k\u00e9sz\u00fclt, tan\u00fas\u00edtott, v\u00e9kony t\u0171vel rendelkezik, amelyek hossza 0,2 mm, \u00e9s egy mozgathat\u00f3 hengeren helyezkednek el.<\/p>\n<p style=\"text-align: justify\"><strong>INTENZ\u00cdV R\u00c1NCTALAN\u00cdT\u00d3 SZ\u00c9RUM<\/strong> <strong>Sz\u00e9rum \u2013 nagyon akt\u00edv, biokompatibilis r\u00e1nctalan\u00edt\u00f3 injekci\u00f3 \u00e9rett, stimul\u00e1ci\u00f3ra \u00e9s revitaliz\u00e1ci\u00f3ra szorul\u00f3 b\u0151rre.<\/strong> Komplex m\u00f3don hat a b\u0151r \u00f6reged\u00e9s\u00e9nek minden ismert t\u00fcnet\u00e9re. Cs\u00f6kkenti a r\u00e1ncok m\u00e9lys\u00e9g\u00e9t \u00e9s sz\u00e1m\u00e1t, feszes\u00edt, hidrat\u00e1l, megel\u0151zi a b\u0151r megereszked\u00e9s\u00e9t. Jav\u00edtja a b\u0151r s\u0171r\u0171s\u00e9g\u00e9t \u00e9s rugalmass\u00e1g\u00e1t. A m\u00e9lyen behatol\u00f3 stimul\u00e1torok bekapcsol\u00f3dnak az epidermisz term\u00e9szetes biol\u00f3giai meg\u00fajul\u00e1si folyamat\u00e1ba, felgyors\u00edtj\u00e1k \u00e9s szab\u00e1lyozz\u00e1k azt. A kollag\u00e9nt \u00e9s elasztint termel\u0151 sejtek revitaliz\u00e1ci\u00f3ja k\u00f6vetkezik be. Az arcb\u0151r visszanyeri fiatalos, eg\u00e9szs\u00e9ges sz\u00edn\u00e9t, vil\u00e1gosabb\u00e1, sug\u00e1rz\u00f3bb\u00e1 \u00e9s jelent\u0151sen sim\u00e1bb\u00e1 v\u00e1lik.<\/p>\n<p style=\"text-align: justify\"><strong>FONTOS! A kezel\u00e9st kiz\u00e1r\u00f3lag teljesen eg\u00e9szs\u00e9ges b\u0151r\u00f6n lehet alkalmazni. Alaposan meg kell ismerkedni a haszn\u00e1lati utas\u00edt\u00e1ssal.<\/strong><\/p>\n","protected":false},"excerpt":{"rendered":"<p>A b\u0151r inf\u00fazi\u00f3s mikrot\u0171s kezel\u00e9se INFUS\u00cdON sz\u00e9rummal a b\u0151r feszess\u00e9g\u00e9nek \u00e9s s\u0171r\u0171s\u00e9g\u00e9nek radik\u00e1lis jav\u00edt\u00e1s\u00e1ra szolg\u00e1l. Ak\u00e1r 1000-szer jobb felsz\u00edv\u00f3d\u00e1st biztos\u00edt a NANODISZK&#x2122;-ekben tal\u00e1lhat\u00f3 akt\u00edv \u00f6sszetev\u0151k sz\u00e1m\u00e1ra. Minden eg\u00e9szs\u00e9ges b\u0151rt\u00edpusra alkalmas, amely anyagcsere-stimul\u00e1ci\u00f3t \u00e9s revitaliz\u00e1ci\u00f3t ig\u00e9nyel.<\/p>\n","protected":false},"featured_media":452503,"comment_status":"open","ping_status":"closed","template":"","meta":{"_acf_changed":false,"inline_featured_image":false},"product_brand":[],"product_cat":[1293],"product_tag":[1344,1329,1294,1321,1382,1383,1284,1271,1323,1384,1273,1275,1276,1277,1278],"class_list":{"0":"post-452499","1":"product","2":"type-product","3":"status-publish","4":"has-post-thumbnail","6":"product_cat-infusion-hu","7":"product_tag-arcapolo-szerum","8":"product_tag-kremserum-na-noc-hu","9":"product_tag-infusion-hu","10":"product_tag-intensywne-nawilzenie-i-blask_serum-hu","11":"product_tag-mezorollerek","12":"product_tag-minizabiegi-hu","13":"product_tag-nawilzanie-hu","14":"product_tag-rancok-csokkentese","15":"product_tag-redukcja-zmarszczek-i-poprawa-jedrnosci_serum-hu","16":"product_tag-serum-hu","17":"product_tag-skora-mieszana-hu","18":"product_tag-skora-normalna-hu","19":"product_tag-skora-sucha-hu","20":"product_tag-skora-tlusta-hu","21":"product_tag-ujedrnienie-hu","22":"pa_dzialanie-dojrzala-skora-o-nierownym-kolorycie-hu","23":"pa_dzialanie-redukcja-zmarszczek-hu","25":"first","26":"outofstock","27":"shipping-taxable","28":"purchasable","29":"product-type-simple"},"acf":[],"df_price":351,"df_sale_price":"","df_regular_price":351,"df_image_link":"https:\/\/www.yonelle.pl\/wp-content\/uploads\/2017\/09\/INFUSION-ZABIEG-MIKRONAKLUWANIA-INFUZYJNEGO-MEZOROLLER-SERUM_1-300x300.jpg","_links":{"self":[{"href":"https:\/\/www.yonelle.pl\/hu\/wp-json\/wp\/v2\/product\/452499","targetHints":{"allow":["GET"]}}],"collection":[{"href":"https:\/\/www.yonelle.pl\/hu\/wp-json\/wp\/v2\/product"}],"about":[{"href":"https:\/\/www.yonelle.pl\/hu\/wp-json\/wp\/v2\/types\/product"}],"replies":[{"embeddable":true,"href":"https:\/\/www.yonelle.pl\/hu\/wp-json\/wp\/v2\/comments?post=452499"}],"wp:featuredmedia":[{"embeddable":true,"href":"https:\/\/www.yonelle.pl\/hu\/wp-json\/wp\/v2\/media\/452503"}],"wp:attachment":[{"href":"https:\/\/www.yonelle.pl\/hu\/wp-json\/wp\/v2\/media?parent=452499"}],"wp:term":[{"taxonomy":"product_brand","embeddable":true,"href":"https:\/\/www.yonelle.pl\/hu\/wp-json\/wp\/v2\/product_brand?post=452499"},{"taxonomy":"product_cat","embeddable":true,"href":"https:\/\/www.yonelle.pl\/hu\/wp-json\/wp\/v2\/product_cat?post=452499"},{"taxonomy":"product_tag","embeddable":true,"href":"https:\/\/www.yonelle.pl\/hu\/wp-json\/wp\/v2\/product_tag?post=452499"}],"curies":[{"name":"wp","href":"https:\/\/api.w.org\/{rel}","templated":true}]}}

INFUSÍON Infúziós Mikrotűs Kezelés Mezoroller + Szérum

<h3 class="tag">AKÁR 1000-SZER JOBB AKTÍV ÖSSZETEVŐ BEHATOLÁS! RADIKÁLIS JAVULÁS A BŐR FESZESSÉGÉBEN ÉS SŰRŰSÉGÉBEN</h3>
<p style="text-align: justify">Az infúziós mikrotűzés kezelése során nagyon sok apró tűszúrást végeznek a bőrön MEZOROLLER segítségével, majd a bőrre INFUSÍON szérumot alkalmaznak. A keletkező több százezer mikrokapillárison keresztül a retinol és más <strong>aktív összetevők a szérumban akár 1000-szer jobban behatolnak a bőrbe</strong>, mint normál esetben, páratlan hatékonysággal működve. Az eredmény RADIKÁLIS JAVULÁS A BŐR FESZESSÉGÉBEN ÉS SŰRŰSÉGÉBEN.</p>
<p style="text-align: justify"><strong>MEZOROLLER 0,2</strong> Kozmetikai eszköz a bőr mikrotűzéséhez. 600 titánból készült, tanúsított, vékony tűvel rendelkezik, amelyek hossza 0,2 mm, és egy mozgatható hengeren helyezkednek el.</p>
<p style="text-align: justify"><strong>INTENZÍV RÁNCTALANÍTÓ SZÉRUM</strong> <strong>Szérum – nagyon aktív, biokompatibilis ránctalanító injekció érett, stimulációra és revitalizációra szoruló bőrre.</strong> Komplex módon hat a bőr öregedésének minden ismert tünetére. Csökkenti a ráncok mélységét és számát, feszesít, hidratál, megelőzi a bőr megereszkedését. Javítja a bőr sűrűségét és rugalmasságát. A mélyen behatoló stimulátorok bekapcsolódnak az epidermisz természetes biológiai megújulási folyamatába, felgyorsítják és szabályozzák azt. A kollagént és elasztint termelő sejtek revitalizációja következik be. Az arcbőr visszanyeri fiatalos, egészséges színét, világosabbá, sugárzóbbá és jelentősen simábbá válik.</p>
<p style="text-align: justify"><strong>FONTOS! A kezelést kizárólag teljesen egészséges bőrön lehet alkalmazni. Alaposan meg kell ismerkedni a használati utasítással.</strong></p>

<p>A bőr infúziós mikrotűs kezelése INFUSÍON szérummal a bőr feszességének és sűrűségének radikális javítására szolgál. Akár 1000-szer jobb felszívódást biztosít a NANODISZK&#x2122;-ekben található aktív összetevők számára. Minden egészséges bőrtípusra alkalmas, amely anyagcsere-stimulációt és revitalizációt igényel.</p>
