{"id":452493,"date":"2017-09-22T12:51:40","date_gmt":"2017-09-22T10:51:40","guid":{"rendered":"https:\/\/www.yonelle.pl\/produkt\/yonelle-infusion-przeciwzmarszczkowy-krem-odzywczy-pod-oczy\/"},"modified":"2026-04-16T12:36:44","modified_gmt":"2026-04-16T10:36:44","slug":"infusion-ranctalanito-taplalo-szemkornyekapolo-krem","status":"publish","type":"product","link":"https:\/\/www.yonelle.pl\/hu\/produkt\/infusion-ranctalanito-taplalo-szemkornyekapolo-krem\/","title":{"rendered":"INFUS\u00cdON R\u00e1nctalan\u00edt\u00f3 T\u00e1pl\u00e1l\u00f3 Szemk\u00f6rny\u00e9k\u00e1pol\u00f3 Kr\u00e9m"},"content":{"rendered":"<h3 class=\"tag\">\u201eFIATALS\u00c1G INJEKCI\u00d3JA\u201d RETINOLLAL<\/h3>\n<p><strong>Kr\u00e9m \u2013 r\u00e1nctalan\u00edt\u00f3 \u00e9jszakai injekci\u00f3 minden b\u0151rt\u00edpusra, gyors regener\u00e1l\u00f3 hat\u00e1ssal<\/strong>. Biol\u00f3giailag kompatibilis a b\u0151rrel, nagyon gazdag term\u00e9szetes \u00f6sszetev\u0151kben, amelyek akt\u00edvan jav\u00edtj\u00e1k a szemh\u00e9jak \u00e9s a szem alatti finom b\u0151r \u00e1llapot\u00e1t. Cs\u00f6kkenti a mimikai, statikus \u00e9s egy\u00e9b, az \u00f6reged\u00e9s \u00e9s a gyenge hidrat\u00e1lts\u00e1g k\u00f6vetkezt\u00e9ben kialakult r\u00e1ncokat. T\u00e1mogatja a b\u0151r biol\u00f3giai meg\u00fajul\u00e1s\u00e1t, azonnal b\u00e1rsonyos simas\u00e1got \u00e9s rugalmass\u00e1got k\u00f6lcs\u00f6n\u00f6z neki. Cs\u00f6kkenti az irrit\u00e1ci\u00f3ra val\u00f3 hajlamot. A kr\u00e9m nagy k\u00e9nyelmet biztos\u00edt a tel\u00edtett, rugalmas, t\u00e1pl\u00e1lt b\u0151r sz\u00e1m\u00e1ra a szem k\u00f6r\u00fcl. Sz\u00e1raz b\u0151rre nappali haszn\u00e1latra is aj\u00e1nljuk.<\/p>\n<p>A kr\u00e9m haszn\u00e1lat\u00e1nak kiemelked\u0151 eredm\u00e9nyeit annak k\u00f6sz\u00f6nhetj\u00fck, hogy <strong>340%-kal* n\u00f6velt\u00fck a stabil retinol b\u0151r m\u00e9ly\u00e9be val\u00f3 behatol\u00e1s\u00e1t<\/strong>, amelyet NANODISZK&#x2122;-ekbe z\u00e1rtunk, biztos\u00edtva annak kontroll\u00e1lt \u00e9s hosszan tart\u00f3 hat\u00e1s\u00e1t, valamint a b\u0151r min\u0151s\u00e9g\u00e9t jav\u00edt\u00f3 7 szuperakt\u00edv \u00f6sszetev\u0151 komplex\u00e9nek.<\/p>\n<p style=\"text-align: left\">*m\u0171szeres vizsg\u00e1latok<\/p>\n<p style=\"text-align: left\">\n","protected":false},"excerpt":{"rendered":"<p>Kr\u00e9met \u2013 \u00e9jszakai r\u00e1nctalan\u00edt\u00f3 injekci\u00f3 minden b\u0151rt\u00edpusra, gyors regener\u00e1l\u00f3 hat\u00e1ssal. Nagy k\u00e9nyelmet biztos\u00edt a b\u0151rnek, tel\u00edtett, rugalmas, t\u00e1pl\u00e1lt b\u0151rt az szemk\u00f6rny\u00e9k\u00e9n. Cs\u00f6kkenti a mimikai, statikus \u00e9s egy\u00e9b, az \u00f6reged\u00e9s \u00e9s a gyenge hidrat\u00e1lts\u00e1g k\u00f6vetkezt\u00e9ben kialakult r\u00e1ncokat.<\/p>\n","protected":false},"featured_media":548012,"comment_status":"open","ping_status":"closed","template":"","meta":{"_acf_changed":false,"inline_featured_image":false},"product_brand":[],"product_cat":[1293],"product_tag":[1361,1329,1294,1363,1365,1300,1327,1271,1273,1275,1276,1380,1364,1367,1342,1370],"class_list":{"0":"post-452493","1":"product","2":"type-product","3":"status-publish","4":"has-post-thumbnail","6":"product_cat-infusion-hu","7":"product_tag-brak-jedrnosci-i-elastycznosci-pod-oczami-hu","8":"product_tag-kremserum-na-noc-hu","9":"product_tag-infusion-hu","10":"product_tag-krem-pod-oczy-hu","11":"product_tag-linie-i-zmarszczki-pod-oczami-hu","12":"product_tag-redukcja-podraznien-hu","13":"product_tag-nagyon-szaraz-erett-bor","14":"product_tag-rancok-csokkentese","15":"product_tag-skora-mieszana-hu","16":"product_tag-skora-normalna-hu","17":"product_tag-skora-sucha-hu","18":"product_tag-suchosc-pod-oczami-hu","19":"product_tag-szarkalabak","20":"product_tag-szem-alatti-taskak","21":"product_tag-szemkrem-szerum","22":"product_tag-zmarszczki-mimiczne-hu","23":"pa_dzialanie-kurze-lapki-hu","24":"pa_dzialanie-redukcja-zmarszczek-hu","26":"first","27":"instock","28":"sale","29":"shipping-taxable","30":"purchasable","31":"product-type-simple"},"acf":[],"df_price":184.1,"df_sale_price":184.1,"df_regular_price":263,"df_image_link":"https:\/\/www.yonelle.pl\/wp-content\/uploads\/2017\/09\/INFUSION-PRZECIWZMARSZCZKOWY-KREM-ODZYWCZY-POD-OCZY_1_nocsmall-300x300.jpg","_links":{"self":[{"href":"https:\/\/www.yonelle.pl\/hu\/wp-json\/wp\/v2\/product\/452493","targetHints":{"allow":["GET"]}}],"collection":[{"href":"https:\/\/www.yonelle.pl\/hu\/wp-json\/wp\/v2\/product"}],"about":[{"href":"https:\/\/www.yonelle.pl\/hu\/wp-json\/wp\/v2\/types\/product"}],"replies":[{"embeddable":true,"href":"https:\/\/www.yonelle.pl\/hu\/wp-json\/wp\/v2\/comments?post=452493"}],"wp:featuredmedia":[{"embeddable":true,"href":"https:\/\/www.yonelle.pl\/hu\/wp-json\/wp\/v2\/media\/548012"}],"wp:attachment":[{"href":"https:\/\/www.yonelle.pl\/hu\/wp-json\/wp\/v2\/media?parent=452493"}],"wp:term":[{"taxonomy":"product_brand","embeddable":true,"href":"https:\/\/www.yonelle.pl\/hu\/wp-json\/wp\/v2\/product_brand?post=452493"},{"taxonomy":"product_cat","embeddable":true,"href":"https:\/\/www.yonelle.pl\/hu\/wp-json\/wp\/v2\/product_cat?post=452493"},{"taxonomy":"product_tag","embeddable":true,"href":"https:\/\/www.yonelle.pl\/hu\/wp-json\/wp\/v2\/product_tag?post=452493"}],"curies":[{"name":"wp","href":"https:\/\/api.w.org\/{rel}","templated":true}]}}

INFUSÍON Ránctalanító Tápláló Szemkörnyékápoló Krém

<h3 class="tag">„FIATALSÁG INJEKCIÓJA” RETINOLLAL</h3>
<p><strong>Krém – ránctalanító éjszakai injekció minden bőrtípusra, gyors regeneráló hatással</strong>. Biológiailag kompatibilis a bőrrel, nagyon gazdag természetes összetevőkben, amelyek aktívan javítják a szemhéjak és a szem alatti finom bőr állapotát. Csökkenti a mimikai, statikus és egyéb, az öregedés és a gyenge hidratáltság következtében kialakult ráncokat. Támogatja a bőr biológiai megújulását, azonnal bársonyos simaságot és rugalmasságot kölcsönöz neki. Csökkenti az irritációra való hajlamot. A krém nagy kényelmet biztosít a telített, rugalmas, táplált bőr számára a szem körül. Száraz bőrre nappali használatra is ajánljuk.</p>
<p>A krém használatának kiemelkedő eredményeit annak köszönhetjük, hogy <strong>340%-kal* növeltük a stabil retinol bőr mélyébe való behatolását</strong>, amelyet NANODISZK&#x2122;-ekbe zártunk, biztosítva annak kontrollált és hosszan tartó hatását, valamint a bőr minőségét javító 7 szuperaktív összetevő komplexének.</p>
<p style="text-align: left">*műszeres vizsgálatok</p>
<p style="text-align: left">

<p>Krémet – éjszakai ránctalanító injekció minden bőrtípusra, gyors regeneráló hatással. Nagy kényelmet biztosít a bőrnek, telített, rugalmas, táplált bőrt az szemkörnyékén. Csökkenti a mimikai, statikus és egyéb, az öregedés és a gyenge hidratáltság következtében kialakult ráncokat.</p>
