{"id":452458,"date":"2019-08-05T16:52:08","date_gmt":"2019-08-05T14:52:08","guid":{"rendered":"https:\/\/www.yonelle.pl\/produkt\/metamorphosis-hydroaktywny-ccc-krem-spf-50\/"},"modified":"2026-04-27T23:34:29","modified_gmt":"2026-04-27T21:34:29","slug":"metamorphosis-hidroaktiv-ccc-krem-spf-50","status":"publish","type":"product","link":"https:\/\/www.yonelle.pl\/hu\/produkt\/metamorphosis-hidroaktiv-ccc-krem-spf-50\/","title":{"rendered":"METAMORPHOSIS Hidroakt\u00edv CCC Kr\u00e9m SPF 50"},"content":{"rendered":"<h3>\u00c1POL\u00c1S &#8211; SZ\u00cdN &#8211; KORREKCI\u00d3<\/h3>\n<p>Exkluz\u00edv, multifunkcion\u00e1lis kr\u00e9m azonnali matt\u00edt\u00f3 hat\u00e1ssal, CCC t\u00edpus\u00fa \u2012 Care\/Color\/Correction. <strong>Minden b\u0151rt\u00edpusra, k\u00fcl\u00f6n\u00f6sen norm\u00e1l \u00e9s kombin\u00e1lt b\u0151rre.<\/strong> Napi haszn\u00e1latra aj\u00e1nlott er\u0151s napsug\u00e1rz\u00e1s eset\u00e9n. Hosszabb expoz\u00edci\u00f3 eset\u00e9n javasolt a kr\u00e9m t\u00f6bbsz\u00f6ri alkalmaz\u00e1sa a nap folyam\u00e1n. <strong>A kr\u00e9m nagyon magas UV-v\u00e9delmet biztos\u00edt &#8211; SPF 50, egyenletes, meleg sz\u00ednt ad a b\u0151rnek, \u00e9s elfedi annak hib\u00e1it.<\/strong> Innovat\u00edv \u00f6sszetev\u0151i felsz\u00edvj\u00e1k mind a faggy\u00fat, mind az izzads\u00e1got. A b\u0151r azonnal matt\u00e1, sim\u00e1v\u00e1 v\u00e1lik, a t\u00e1g p\u00f3rusok l\u00e1that\u00f3an kisebbek, a r\u00e1ncok pedig sek\u00e9lyebbek lesznek. A kr\u00e9m akt\u00edvan hidrat\u00e1l, \u201evizet pump\u00e1l\u201d a b\u0151rbe, r\u00e1nctalan\u00edt\u00f3 hat\u00e1s\u00fa, \u00e9s nagyon vonz\u00f3, eg\u00e9szs\u00e9ges, sug\u00e1rz\u00f3 megjelen\u00e9st biztos\u00edt, amelyet <strong>MAKE-UP NO MAKE-UP hat\u00e1sk\u00e9nt ismer\u00fcnk.<\/strong><\/p>\n<p><strong>A kr\u00e9m teljes\u00edti a n\u0151k \u00e1lm\u00e1t egy sokoldal\u00fa kozmetikumr\u00f3l, amely azonnali komfort\u00e9rzetet ny\u00fajt a t\u00f6k\u00e9letesebb b\u0151r\u00e9rt, mik\u00f6zben hosszan tart\u00f3 akt\u00edv \u00e1pol\u00e1st \u00e9s hat\u00e9kony v\u00e9delmet biztos\u00edt.<\/strong><\/p>\n<p>A kr\u00e9m h\u00e1rom sz\u00ednv\u00e1ltozatban kaphat\u00f3:<br \/>\n<strong>sz\u00edn 1 \u2012 SUMMER SAND \/ NY\u00c1RI HOMOK VIL\u00c1GOS SZ\u00cdN<\/strong><br \/>\n<strong>sz\u00edn 2 \u2012 SUN TOUCH \/ NAPSUG\u00c1R \u00c9RINT\u00c9SE TERM\u00c9SZETES SZ\u00cdN<\/strong><br \/>\n<strong>sz\u00edn 3 \u2012 GOLD TAN \/ ARANY BARNAS\u00c1G<\/strong><\/p>\n<p><strong>YONELLE INNOV\u00c1CI\u00d3<\/strong><\/p>\n<p><strong>BIOMATRIX 3D Technol\u00f3gia<\/strong> \u2012 h\u00e1romdimenzi\u00f3s hidrat\u00e1l\u00f3-v\u00e9d\u0151 h\u00e1l\u00f3, amely szorosan illeszkedik a b\u0151rh\u00f6z, \u00e9s egyenletesen felf\u00fcggesztett UV-sz\u0171r\u0151 \u00e9s pigment r\u00e9szecsk\u00e9ket tartalmaz. <strong>Rendk\u00edv\u00fcli f\u00e9nyeloszlat\u00f3 tulajdons\u00e1gokkal rendelkezik \u201eblur\u201d hat\u00e1ssal \u00e9s hidroakt\u00edv \u00e1pol\u00e1ssal.<\/strong><\/p>\n","protected":false},"excerpt":{"rendered":"<p>Ekskluz\u00edv, multifunkcion\u00e1lis kr\u00e9m azonnali matt\u00edt\u00f3 hat\u00e1ssal, CCC t\u00edpus\u00fa \u2012 Care\/Color\/Correction. Nagyon magas UV-v\u00e9delmet biztos\u00edt &#8211; SPF 50, \u00e9s egyenletes b\u0151rsz\u00ednt ad. Minden b\u0151rt\u00edpusra aj\u00e1nlott, k\u00fcl\u00f6n\u00f6sen norm\u00e1l \u00e9s kombin\u00e1lt b\u0151rre.<\/p>\n","protected":false},"featured_media":510618,"comment_status":"open","ping_status":"closed","template":"","meta":{"_acf_changed":false,"inline_featured_image":false},"product_brand":[],"product_cat":[1282],"product_tag":[1357,1343,1356,1375,1334,1335,1284,1271,1273,1275,1277,1291],"class_list":{"0":"post-452458","1":"product","2":"type-product","3":"status-publish","4":"has-post-thumbnail","6":"product_cat-metamorphosis-hu","7":"product_tag-apolas-smink-vedelem","8":"product_tag-arckremek","9":"product_tag-krem-koloryzujacy-z-filtrem-spf-hu","10":"product_tag-metamorphosis-hu","11":"product_tag-kremyserum-na-dzien-hu","12":"product_tag-napvedelem","13":"product_tag-nawilzanie-hu","14":"product_tag-rancok-csokkentese","15":"product_tag-skora-mieszana-hu","16":"product_tag-skora-normalna-hu","17":"product_tag-skora-tlusta-hu","18":"product_tag-zwezenie-porow-hu","19":"pa_color-1-summer-sand-hu","20":"pa_color-2-sun-touch-hu","21":"pa_color-3-gold-tan-hu","22":"pa_dzialanie-dojrzala-skora-o-nierownym-kolorycie-hu","23":"pa_dzialanie-ochrona-anti-pollution-hu","24":"pa_dzialanie-pielegnacja-make-up-ochrona-hu","26":"first","27":"instock","28":"shipping-taxable","29":"purchasable","30":"product-type-variable"},"acf":[],"df_price":240,"df_sale_price":"","df_regular_price":240,"df_image_link":"https:\/\/www.yonelle.pl\/wp-content\/uploads\/2017\/03\/METAMORPHOSIS-HYDROAKTYWNY-CCC-KREM-SPF-50_0_strona-dzien_1000x1000_small-300x300.jpg","_links":{"self":[{"href":"https:\/\/www.yonelle.pl\/hu\/wp-json\/wp\/v2\/product\/452458","targetHints":{"allow":["GET"]}}],"collection":[{"href":"https:\/\/www.yonelle.pl\/hu\/wp-json\/wp\/v2\/product"}],"about":[{"href":"https:\/\/www.yonelle.pl\/hu\/wp-json\/wp\/v2\/types\/product"}],"replies":[{"embeddable":true,"href":"https:\/\/www.yonelle.pl\/hu\/wp-json\/wp\/v2\/comments?post=452458"}],"wp:featuredmedia":[{"embeddable":true,"href":"https:\/\/www.yonelle.pl\/hu\/wp-json\/wp\/v2\/media\/510618"}],"wp:attachment":[{"href":"https:\/\/www.yonelle.pl\/hu\/wp-json\/wp\/v2\/media?parent=452458"}],"wp:term":[{"taxonomy":"product_brand","embeddable":true,"href":"https:\/\/www.yonelle.pl\/hu\/wp-json\/wp\/v2\/product_brand?post=452458"},{"taxonomy":"product_cat","embeddable":true,"href":"https:\/\/www.yonelle.pl\/hu\/wp-json\/wp\/v2\/product_cat?post=452458"},{"taxonomy":"product_tag","embeddable":true,"href":"https:\/\/www.yonelle.pl\/hu\/wp-json\/wp\/v2\/product_tag?post=452458"}],"curies":[{"name":"wp","href":"https:\/\/api.w.org\/{rel}","templated":true}]}}

METAMORPHOSIS Hidroaktív CCC Krém SPF 50

<h3>ÁPOLÁS &#8211; SZÍN &#8211; KORREKCIÓ</h3>
<p>Exkluzív, multifunkcionális krém azonnali mattító hatással, CCC típusú ‒ Care/Color/Correction. <strong>Minden bőrtípusra, különösen normál és kombinált bőrre.</strong> Napi használatra ajánlott erős napsugárzás esetén. Hosszabb expozíció esetén javasolt a krém többszöri alkalmazása a nap folyamán. <strong>A krém nagyon magas UV-védelmet biztosít &#8211; SPF 50, egyenletes, meleg színt ad a bőrnek, és elfedi annak hibáit.</strong> Innovatív összetevői felszívják mind a faggyút, mind az izzadságot. A bőr azonnal mattá, simává válik, a tág pórusok láthatóan kisebbek, a ráncok pedig sekélyebbek lesznek. A krém aktívan hidratál, „vizet pumpál” a bőrbe, ránctalanító hatású, és nagyon vonzó, egészséges, sugárzó megjelenést biztosít, amelyet <strong>MAKE-UP NO MAKE-UP hatásként ismerünk.</strong></p>
<p><strong>A krém teljesíti a nők álmát egy sokoldalú kozmetikumról, amely azonnali komfortérzetet nyújt a tökéletesebb bőrért, miközben hosszan tartó aktív ápolást és hatékony védelmet biztosít.</strong></p>
<p>A krém három színváltozatban kapható:<br />
<strong>szín 1 ‒ SUMMER SAND / NYÁRI HOMOK VILÁGOS SZÍN</strong><br />
<strong>szín 2 ‒ SUN TOUCH / NAPSUGÁR ÉRINTÉSE TERMÉSZETES SZÍN</strong><br />
<strong>szín 3 ‒ GOLD TAN / ARANY BARNASÁG</strong></p>
<p><strong>YONELLE INNOVÁCIÓ</strong></p>
<p><strong>BIOMATRIX 3D Technológia</strong> ‒ háromdimenziós hidratáló-védő háló, amely szorosan illeszkedik a bőrhöz, és egyenletesen felfüggesztett UV-szűrő és pigment részecskéket tartalmaz. <strong>Rendkívüli fényeloszlató tulajdonságokkal rendelkezik „blur” hatással és hidroaktív ápolással.</strong></p>

<p>Ekskluzív, multifunkcionális krém azonnali mattító hatással, CCC típusú ‒ Care/Color/Correction. Nagyon magas UV-védelmet biztosít &#8211; SPF 50, és egyenletes bőrszínt ad. Minden bőrtípusra ajánlott, különösen normál és kombinált bőrre.</p>
