{"id":451982,"date":"2020-04-15T16:34:07","date_gmt":"2020-04-15T14:34:07","guid":{"rendered":"https:\/\/www.yonelle.pl\/produkt\/medifusion-plynny-krem-z-cbd-forte-odmladzajacy-wyglad-cery-mieszanej\/"},"modified":"2024-10-24T17:27:06","modified_gmt":"2024-10-24T15:27:06","slug":"medifusion-folyekony-krem-cbd-forte-vegyes-borfiatalito","status":"publish","type":"product","link":"https:\/\/www.yonelle.pl\/hu\/produkt\/medifusion-folyekony-krem-cbd-forte-vegyes-borfiatalito\/","title":{"rendered":"MEDIFUSION Foly\u00e9kony Kr\u00e9m CBD Forte Vegyes B\u0151rfiatal\u00edt\u00f3"},"content":{"rendered":"<h3>ORVOSI SIKEREK A KOZMETIK\u00c1KBAN<br \/>\nCBD &#8211; KANNABIDIOL KENDERB\u0150L<\/h3>\n<p>Foly\u00e9kony jav\u00edt\u00f3 kr\u00e9m nappali \u00e9s \u00e9jszakai haszn\u00e1latra, amely fiatal\u00edt\u00f3 hat\u00e1ssal van a vegyes \u00e9s norm\u00e1l b\u0151rre, amely \u00f6reged\u00e9s jeleit mutatja, bele\u00e9rtve az \u00e9rz\u00e9keny, probl\u00e9m\u00e1s \u00e9s hajsz\u00e1leres b\u0151rt is. K\u00f6nny\u0171 \u00e1llag\u00fa, ugyanakkor nagyon intenz\u00edv hat\u00e1s\u00fa. <b>Minden kr\u00e9mcsomag 150 mg tiszta CBD kannabidiolt tartalmaz, ultrahangos emulzi\u00f3ba helyezve. A kr\u00e9m l\u00e1tv\u00e1nyos jav\u00edt\u00f3 \u00e9s regener\u00e1l\u00f3 tulajdons\u00e1gokkal rendelkezik.<\/b> R\u00e1nctalan\u00edt\u00f3 \u00e9s feszes\u00edt\u0151 hat\u00e1s\u00fa. Cs\u00f6kkenti a kit\u00e1gult p\u00f3rusok l\u00e1that\u00f3s\u00e1g\u00e1t \u00e9s m\u00e9lyen hidrat\u00e1l. Szab\u00e1lyozza a faggy\u00fatermel\u00e9st a zs\u00edros T-z\u00f3n\u00e1ban. Jav\u00edtja a f\u00e1radt, sz\u00fcrk\u00e9s t\u00f3nus\u00fa b\u0151r min\u0151s\u00e9g\u00e9t. Enyh\u00edti az irrit\u00e1ci\u00f3ra \u00e9s pattan\u00e1sokra hajlamos b\u0151r t\u00f6k\u00e9letlens\u00e9geit.<\/p>\n<h5><i>A szebb, eg\u00e9szs\u00e9gesebb \u00e9s kev\u00e9sb\u00e9 \u00e9rz\u00e9keny b\u0151r el\u00e9r\u00e9se olyan \u00e9rz\u00e9st kelt, amit a vil\u00e1gon \u201ehappy skin\u201d-nek neveznek.<br \/>\n\u201eBoldog b\u0151r\u201d \u2013 jelenleg az ide\u00e1lis b\u0151r\u00e1pol\u00e1s elengedhetetlen felt\u00e9tele.<\/i><\/h5>\n<p><b>YONELLE INNOV\u00c1CI\u00d3!<br \/>\nCBD FORTE<\/b> \u2013 \u00fatt\u00f6r\u0151 komplex <b>gy\u00f3gyszer\u00e9szeti CBD, azaz kenderb\u0151l sz\u00e1rmaz\u00f3 kannabidiol<\/b> alap\u00fa, mikrohordoz\u00f3kba helyezve, amelyek fokozz\u00e1k biol\u00f3giai aktivit\u00e1s\u00e1t. Meger\u0151s\u00edtve <b>kender magolaj lipidekkel<\/b>.<\/p>\n<p>A CBD FORTE-t <b>n\u00f6veked\u00e9si faktorokkal anal\u00f3g peptidekkel<\/b> gazdag\u00edtott\u00e1k, ami rendk\u00edv\u00fcli b\u0151rregener\u00e1l\u00f3 er\u0151t biztos\u00edt.<\/p>\n<p><b>CBD \u2013 kenderb\u0151l sz\u00e1rmaz\u00f3 kannabidiol \u2013 akt\u00edv \u00f6sszetev\u0151, amelyet a kozmetol\u00f3gia t\u00f6rt\u00e9net\u00e9nek egyik legizgalmasabb felfedez\u00e9sek\u00e9nt \u00edrnak le.<\/b><\/p>\n","protected":false},"excerpt":{"rendered":"<p>A kr\u00e9m k\u00f6nny\u0171 \u00e1llag\u00fa \u00e9s intenz\u00edv hat\u00e1s\u00fa. Szebb, eg\u00e9szs\u00e9gesebb \u00e9s kev\u00e9sb\u00e9 \u00e9rz\u00e9keny b\u0151rt eredm\u00e9nyez. Olyan \u00e9rz\u00e9st kelt, amit a vil\u00e1gon \u201ehappy skin\u201d-nek neveznek. L\u00e1tv\u00e1nyos jav\u00edt\u00f3 \u00e9s regener\u00e1l\u00f3 tulajdons\u00e1gokkal rendelkezik. R\u00e1nctalan\u00edt\u00f3 \u00e9s feszes\u00edt\u0151 hat\u00e1s\u00fa.<\/p>\n","protected":false},"featured_media":451989,"comment_status":"open","ping_status":"closed","template":"","meta":{"_acf_changed":false,"inline_featured_image":false},"product_brand":[],"product_cat":[1368],"product_tag":[1343,1265,1300,1369,1372,1266,1284,1271,1273,1274,1275,1277,1278],"class_list":{"0":"post-451982","1":"product","2":"type-product","3":"status-publish","4":"has-post-thumbnail","6":"product_cat-medifusion-hu","7":"product_tag-arckremek","8":"product_tag-krem-dzienno-nocny-hu","9":"product_tag-redukcja-podraznien-hu","10":"product_tag-medifusion-hu","11":"product_tag-minimalizacja-niedoskonalosci-hu","12":"product_tag-kremserum-na-dziennoc-hu","13":"product_tag-nawilzanie-hu","14":"product_tag-rancok-csokkentese","15":"product_tag-skora-mieszana-hu","16":"product_tag-skora-naczynkowa-hu","17":"product_tag-skora-normalna-hu","18":"product_tag-skora-tlusta-hu","19":"product_tag-ujedrnienie-hu","20":"pa_dzialanie-dojrzala-skora-o-nierownym-kolorycie-hu","21":"pa_dzialanie-dojrzala-skora-wrazliwa-hu","22":"pa_dzialanie-ochrona-anti-pollution-hu","23":"pa_dzialanie-redukcja-zmarszczek-hu","25":"first","26":"outofstock","27":"shipping-taxable","28":"purchasable","29":"product-type-simple"},"acf":[],"df_price":335,"df_sale_price":"","df_regular_price":335,"df_image_link":"https:\/\/www.yonelle.pl\/wp-content\/uploads\/2019\/09\/MEDIFUSION-PLYNNY-KREM-Z-CBD-FORTE-ODMLADZAJACY-WYGLAD-CERY-MIESZANEJ_1-300x300.jpg","_links":{"self":[{"href":"https:\/\/www.yonelle.pl\/hu\/wp-json\/wp\/v2\/product\/451982","targetHints":{"allow":["GET"]}}],"collection":[{"href":"https:\/\/www.yonelle.pl\/hu\/wp-json\/wp\/v2\/product"}],"about":[{"href":"https:\/\/www.yonelle.pl\/hu\/wp-json\/wp\/v2\/types\/product"}],"replies":[{"embeddable":true,"href":"https:\/\/www.yonelle.pl\/hu\/wp-json\/wp\/v2\/comments?post=451982"}],"wp:featuredmedia":[{"embeddable":true,"href":"https:\/\/www.yonelle.pl\/hu\/wp-json\/wp\/v2\/media\/451989"}],"wp:attachment":[{"href":"https:\/\/www.yonelle.pl\/hu\/wp-json\/wp\/v2\/media?parent=451982"}],"wp:term":[{"taxonomy":"product_brand","embeddable":true,"href":"https:\/\/www.yonelle.pl\/hu\/wp-json\/wp\/v2\/product_brand?post=451982"},{"taxonomy":"product_cat","embeddable":true,"href":"https:\/\/www.yonelle.pl\/hu\/wp-json\/wp\/v2\/product_cat?post=451982"},{"taxonomy":"product_tag","embeddable":true,"href":"https:\/\/www.yonelle.pl\/hu\/wp-json\/wp\/v2\/product_tag?post=451982"}],"curies":[{"name":"wp","href":"https:\/\/api.w.org\/{rel}","templated":true}]}}

MEDIFUSION Folyékony Krém CBD Forte Vegyes Bőrfiatalító

<h3>ORVOSI SIKEREK A KOZMETIKÁKBAN<br />
CBD &#8211; KANNABIDIOL KENDERBŐL</h3>
<p>Folyékony javító krém nappali és éjszakai használatra, amely fiatalító hatással van a vegyes és normál bőrre, amely öregedés jeleit mutatja, beleértve az érzékeny, problémás és hajszáleres bőrt is. Könnyű állagú, ugyanakkor nagyon intenzív hatású. <b>Minden krémcsomag 150 mg tiszta CBD kannabidiolt tartalmaz, ultrahangos emulzióba helyezve. A krém látványos javító és regeneráló tulajdonságokkal rendelkezik.</b> Ránctalanító és feszesítő hatású. Csökkenti a kitágult pórusok láthatóságát és mélyen hidratál. Szabályozza a faggyútermelést a zsíros T-zónában. Javítja a fáradt, szürkés tónusú bőr minőségét. Enyhíti az irritációra és pattanásokra hajlamos bőr tökéletlenségeit.</p>
<h5><i>A szebb, egészségesebb és kevésbé érzékeny bőr elérése olyan érzést kelt, amit a világon „happy skin”-nek neveznek.<br />
„Boldog bőr” – jelenleg az ideális bőrápolás elengedhetetlen feltétele.</i></h5>
<p><b>YONELLE INNOVÁCIÓ!<br />
CBD FORTE</b> – úttörő komplex <b>gyógyszerészeti CBD, azaz kenderből származó kannabidiol</b> alapú, mikrohordozókba helyezve, amelyek fokozzák biológiai aktivitását. Megerősítve <b>kender magolaj lipidekkel</b>.</p>
<p>A CBD FORTE-t <b>növekedési faktorokkal analóg peptidekkel</b> gazdagították, ami rendkívüli bőrregeneráló erőt biztosít.</p>
<p><b>CBD – kenderből származó kannabidiol – aktív összetevő, amelyet a kozmetológia történetének egyik legizgalmasabb felfedezéseként írnak le.</b></p>

<p>A krém könnyű állagú és intenzív hatású. Szebb, egészségesebb és kevésbé érzékeny bőrt eredményez. Olyan érzést kelt, amit a világon „happy skin”-nek neveznek. Látványos javító és regeneráló tulajdonságokkal rendelkezik. Ránctalanító és feszesítő hatású.</p>
