{"id":451974,"date":"2021-06-01T16:10:22","date_gmt":"2021-06-01T14:10:22","guid":{"rendered":"https:\/\/www.yonelle.pl\/produkt\/maska-mlodosci-z-kwasem-hialuronowym-forte-na-twarz-i-szyje\/"},"modified":"2026-04-29T20:51:28","modified_gmt":"2026-04-29T18:51:28","slug":"fortefusion-fiatalito-maszk-hialuronsavval-forte-arcra-es-nyakra","status":"publish","type":"product","link":"https:\/\/www.yonelle.pl\/hu\/produkt\/fortefusion-fiatalito-maszk-hialuronsavval-forte-arcra-es-nyakra\/","title":{"rendered":"FORTEFUS\u00cdON Fiatal\u00edt\u00f3 Maszk Hialuronsavval Forte Arcra \u00e9s Nyakra"},"content":{"rendered":"<h3>A FIATALS\u00c1G TITKA! AZ Y Z\u00d3NA MEGJELEN\u00c9S\u00c9NEK JAV\u00cdT\u00c1SA<\/h3>\n<p>A FIATALS\u00c1G MASZKOT \u00c9JSZAK\u00c1RA AJ\u00c1NLJUK, mint egy modern kozmetikumot <strong>hosszabb hat\u00e1ssal alv\u00e1s k\u00f6zben<\/strong>, a <em>beauty sleep<\/em> trendnek megfelel\u0151en.<\/p>\n<p>Kiv\u00e1l\u00f3, mint revitaliz\u00e1l\u00f3 <strong>lifting az Y z\u00f3n\u00e1ban, amely mag\u00e1ban foglalja az arcot, a kont\u00fart \u00e9s a nyakat<\/strong>. Az eredm\u00e9nyek szinte azonnal l\u00e1that\u00f3ak. M\u00e1r m\u00e1snap az arc \u00e9s a nyak b\u0151re leny\u0171g\u00f6z\u0151 simas\u00e1ggal \u00e9s megjelen\u00e9sjavul\u00e1ssal ragyog. Kivil\u00e1gosodik, ragyog\u00f3, ultrahidrat\u00e1lt, feszes, csod\u00e1latosan puha tapint\u00e1s\u00fa, mintha <strong>finom selyemmel lenne bor\u00edtva<\/strong>. A maszk hosszabb haszn\u00e1lata lifting \u00e9rz\u00e9st, feszess\u00e9get \u00e9s az arc kont\u00farj\u00e1nak javul\u00e1s\u00e1t eredm\u00e9nyezi, amely fiatalabbnak \u00e9s kipihentnek t\u0171nik.<\/p>\n<p><em>Elb\u0171v\u00f6l\u0151 illat, balzsamos \u00e1llag \u00e9s a maszk szokatlan, k\u00e9tl\u00e9pcs\u0151s felvitele teszi haszn\u00e1lat\u00e1t rendk\u00edv\u00fcl kellemes, \u00e9rz\u00e9keket nyugtat\u00f3, szinte stresszold\u00f3 ritu\u00e1l\u00e9v\u00e1, amely a wellness vil\u00e1g\u00e1b\u00f3l ismert.<\/em><\/p>\n<p><strong>YONELLE INNOV\u00c1CI\u00d3!<\/strong><\/p>\n<p><strong>MULTILAYER CONCEPT<\/strong> \u2013 mechanizmus, amelyben az egyes \u00f6sszetev\u0151k k\u00fcl\u00f6nb\u00f6z\u0151 id\u0151pontokban hatnak a b\u0151r k\u00fcl\u00f6nb\u00f6z\u0151 r\u00e9tegeiben. El\u0151sz\u00f6r gyors revitaliz\u00e1l\u00f3 reakci\u00f3k mennek v\u00e9gbe a k\u00fcls\u0151 r\u00e9tegben &#8211; ezek\u00e9rt a LAKTOBIONSAV \u00c9S TEJSAV felel\u0151s. Ezut\u00e1n a b\u0151r m\u00e9lyebb r\u00e9tegei hosszabb regener\u00e1ci\u00f3n mennek kereszt\u00fcl, amely specifikus az \u00e9jszakai pihen\u00e9sre \u2013 ez az ARGININ \u00c9S A NANODISZKOK&#x2122; HIALURONSAVJ\u00c1NAK k\u00f6sz\u00f6nhet\u0151.<\/p>\n","protected":false},"excerpt":{"rendered":"<p>\u00c9jszakai maszk a <em>beauty sleep<\/em> trendnek megfelel\u0151en, minden b\u0151rt\u00edpusra. M\u00e1r m\u00e1snap a b\u0151r leny\u0171g\u00f6z\u0151 simas\u00e1ggal ragyog. Vil\u00e1gosabb, ragyog\u00f3bb, feszesebb \u00e9s ultrahidrat\u00e1lt.<\/p>\n","protected":false},"featured_media":507503,"comment_status":"open","ping_status":"closed","template":"","meta":{"_acf_changed":false,"inline_featured_image":false},"product_brand":[],"product_cat":[1308],"product_tag":[1317,1329,1309,1355,1283,1270,1284,1346,1271,1272,1273,1275,1276],"class_list":{"0":"post-451974","1":"product","2":"type-product","3":"status-publish","4":"has-post-thumbnail","6":"product_cat-fortefusion-hu","7":"product_tag-arcmaszkok","8":"product_tag-kremserum-na-noc-hu","9":"product_tag-fortefusion-hu","10":"product_tag-gyengen-hidratalt-erett-bor","11":"product_tag-kazdy-rodzaj-skory-hu","12":"product_tag-konturjavitas-lifting","13":"product_tag-nawilzanie-hu","14":"product_tag-nyak-es-dekoltazskrem","15":"product_tag-rancok-csokkentese","16":"product_tag-rozswietlenie-hu","17":"product_tag-skora-mieszana-hu","18":"product_tag-skora-normalna-hu","19":"product_tag-skora-sucha-hu","20":"pa_dzialanie-dojrzala-skora-slabo-nawodniona-hu","21":"pa_dzialanie-dojrzala-skora-wrazliwa-hu","22":"pa_dzialanie-poprawa-owalu-lifting-hu","23":"pa_dzialanie-redukcja-zmarszczek-hu","25":"first","26":"instock","27":"shipping-taxable","28":"purchasable","29":"product-type-simple"},"acf":[],"df_price":253,"df_sale_price":"","df_regular_price":253,"df_image_link":"https:\/\/www.yonelle.pl\/wp-content\/uploads\/2021\/06\/FORTEFUSION-MASKA-MLODOSCI-Z-KWASEM-HIALURONOWYM-FORTE-NA-TWARZ-I-SZYJE_2_strona_1000x1000_small-300x300.jpg","_links":{"self":[{"href":"https:\/\/www.yonelle.pl\/hu\/wp-json\/wp\/v2\/product\/451974","targetHints":{"allow":["GET"]}}],"collection":[{"href":"https:\/\/www.yonelle.pl\/hu\/wp-json\/wp\/v2\/product"}],"about":[{"href":"https:\/\/www.yonelle.pl\/hu\/wp-json\/wp\/v2\/types\/product"}],"replies":[{"embeddable":true,"href":"https:\/\/www.yonelle.pl\/hu\/wp-json\/wp\/v2\/comments?post=451974"}],"wp:featuredmedia":[{"embeddable":true,"href":"https:\/\/www.yonelle.pl\/hu\/wp-json\/wp\/v2\/media\/507503"}],"wp:attachment":[{"href":"https:\/\/www.yonelle.pl\/hu\/wp-json\/wp\/v2\/media?parent=451974"}],"wp:term":[{"taxonomy":"product_brand","embeddable":true,"href":"https:\/\/www.yonelle.pl\/hu\/wp-json\/wp\/v2\/product_brand?post=451974"},{"taxonomy":"product_cat","embeddable":true,"href":"https:\/\/www.yonelle.pl\/hu\/wp-json\/wp\/v2\/product_cat?post=451974"},{"taxonomy":"product_tag","embeddable":true,"href":"https:\/\/www.yonelle.pl\/hu\/wp-json\/wp\/v2\/product_tag?post=451974"}],"curies":[{"name":"wp","href":"https:\/\/api.w.org\/{rel}","templated":true}]}}

FORTEFUSÍON Fiatalító Maszk Hialuronsavval Forte Arcra és Nyakra

<h3>A FIATALSÁG TITKA! AZ Y ZÓNA MEGJELENÉSÉNEK JAVÍTÁSA</h3>
<p>A FIATALSÁG MASZKOT ÉJSZAKÁRA AJÁNLJUK, mint egy modern kozmetikumot <strong>hosszabb hatással alvás közben</strong>, a <em>beauty sleep</em> trendnek megfelelően.</p>
<p>Kiváló, mint revitalizáló <strong>lifting az Y zónában, amely magában foglalja az arcot, a kontúrt és a nyakat</strong>. Az eredmények szinte azonnal láthatóak. Már másnap az arc és a nyak bőre lenyűgöző simasággal és megjelenésjavulással ragyog. Kivilágosodik, ragyogó, ultrahidratált, feszes, csodálatosan puha tapintású, mintha <strong>finom selyemmel lenne borítva</strong>. A maszk hosszabb használata lifting érzést, feszességet és az arc kontúrjának javulását eredményezi, amely fiatalabbnak és kipihentnek tűnik.</p>
<p><em>Elbűvölő illat, balzsamos állag és a maszk szokatlan, kétlépcsős felvitele teszi használatát rendkívül kellemes, érzékeket nyugtató, szinte stresszoldó rituálévá, amely a wellness világából ismert.</em></p>
<p><strong>YONELLE INNOVÁCIÓ!</strong></p>
<p><strong>MULTILAYER CONCEPT</strong> – mechanizmus, amelyben az egyes összetevők különböző időpontokban hatnak a bőr különböző rétegeiben. Először gyors revitalizáló reakciók mennek végbe a külső rétegben &#8211; ezekért a LAKTOBIONSAV ÉS TEJSAV felelős. Ezután a bőr mélyebb rétegei hosszabb regeneráción mennek keresztül, amely specifikus az éjszakai pihenésre – ez az ARGININ ÉS A NANODISZKOK&#x2122; HIALURONSAVJÁNAK köszönhető.</p>

<p>Éjszakai maszk a <em>beauty sleep</em> trendnek megfelelően, minden bőrtípusra. Már másnap a bőr lenyűgöző simasággal ragyog. Világosabb, ragyogóbb, feszesebb és ultrahidratált.</p>
