{"id":451963,"date":"2020-10-12T12:11:20","date_gmt":"2020-10-12T10:11:20","guid":{"rendered":"https:\/\/www.yonelle.pl\/produkt\/fortefusion-krem-pod-oczy-i-na-powieki-z-kwasem-hialuronowym-forte\/"},"modified":"2026-04-28T08:27:35","modified_gmt":"2026-04-28T06:27:35","slug":"fortefusion-szemkornyek-es-szemhejkrem-hialuronsavval-forte","status":"publish","type":"product","link":"https:\/\/www.yonelle.pl\/hu\/produkt\/fortefusion-szemkornyek-es-szemhejkrem-hialuronsavval-forte\/","title":{"rendered":"FORTEFUS\u00cdON Szemk\u00f6rny\u00e9k- \u00e9s Szemh\u00e9jkr\u00e9m Hialuronsavval Forte"},"content":{"rendered":"<h3>TART\u00d3S \u00c9S KIV\u00c9TELESEN K\u00c9NYELMES NEDVES B\u0150R \u00c9RZ\u00c9S.<\/h3>\n<h3>A FIATALS\u00c1G TITKA! B\u0150R HIDROKIT\u00d6LT\u00c9SE<\/h3>\n<p><b>Ultramodern <\/b><b>anti-aging<\/b><b> nappali \u00e9s \u00e9jszakai kr\u00e9m a szemk\u00f6rny\u00e9k b\u0151r\u00e9re, amely \u00e1ltal\u00e1ban \u00e9rz\u00e9keny \u00e9s finom<\/b>*. Az akt\u00edv \u00f6sszetev\u0151kkel tel\u00edtett formula tart\u00f3s \u00e9s kiv\u00e9telesen k\u00e9nyelmes nedves b\u0151r \u00e9rz\u00e9st hagy maga ut\u00e1n. Az innovat\u00edv hidrokit\u00f6lt\u0151 \u00e9s feszes\u00edt\u0151 funkci\u00f3 r\u00e9v\u00e9n a szem alatti r\u00e1ncok \u00e9s a \u201eszarkal\u00e1bak\u201d kev\u00e9sb\u00e9 l\u00e1that\u00f3v\u00e1 v\u00e1lnak, a b\u0151r pedig leny\u0171g\u00f6z\u0151en sima, ragyog\u00f3 \u00e9s \u00fcd\u00e9n friss lesz. A kr\u00e9m cs\u00f6kkenti a szem alatti &#8222;t\u00e1sk\u00e1k&#8221; \u00e9s s\u00f6t\u00e9t karik\u00e1k l\u00e1that\u00f3s\u00e1g\u00e1t, \u00edgy a tekintet fiatalosabb\u00e1 v\u00e1lik. <b>Elb\u0171v\u00f6l b\u00e1rsonyos, luxus \u00e1llag\u00e1val \u00e9s p\u00e1ratlan haszn\u00e1lati \u00e9lm\u00e9ny\u00e9vel.<\/b><\/p>\n<p>* megfelel az at\u00f3pi\u00e1s, k\u00fcl\u00f6n\u00f6sen \u00e9rz\u00e9keny, k\u00f6nnyen irrit\u00e1lhat\u00f3 b\u0151rrel v\u00e9gzett b\u0151rkompatibilit\u00e1si teszt k\u00f6vetelm\u00e9nyeinek.<\/p>\n","protected":false},"excerpt":{"rendered":"<p>Ultramodern anti-aging nappali \u00e9s \u00e9jszakai kr\u00e9m a szemk\u00f6rny\u00e9k b\u0151r\u00e9re, minden b\u0151rt\u00edpusra aj\u00e1nlott, m\u00e9g az \u00e9rz\u00e9keny \u00e9s finom b\u0151rre is. Hosszantart\u00f3 hidrat\u00e1l\u00e1st \u00e9s ragyog\u00f3 megjelen\u00e9st biztos\u00edt. A b\u0151r leny\u0171g\u00f6z\u0151en sim\u00e1v\u00e1 v\u00e1lik, a r\u00e1ncok pedig l\u00e1that\u00f3an cs\u00f6kkennek. A kr\u00e9m cs\u00f6kkenti a szem alatti \u201et\u00e1sk\u00e1k\u201d \u00e9s s\u00f6t\u00e9t karik\u00e1k l\u00e1that\u00f3s\u00e1g\u00e1t, \u00edgy a tekintet ragyog\u00f3bb\u00e1 \u00e9s frissebb\u00e9 v\u00e1lik.<\/p>\n<p>&nbsp;<\/p>\n","protected":false},"featured_media":507523,"comment_status":"open","ping_status":"closed","template":"","meta":{"_acf_changed":false,"inline_featured_image":false},"product_brand":[],"product_cat":[1308],"product_tag":[1361,1362,1309,1355,1283,1363,1365,1300,1310,1266,1284,1366,1271,1272,1273,1274,1275,1276,1277,1364,1367,1342],"class_list":{"0":"post-451963","1":"product","2":"type-product","3":"status-publish","4":"has-post-thumbnail","6":"product_cat-fortefusion-hu","7":"product_tag-brak-jedrnosci-i-elastycznosci-pod-oczami-hu","8":"product_tag-cienie-i-nierowny-koloryt-pod-oczami-hu","9":"product_tag-fortefusion-hu","10":"product_tag-gyengen-hidratalt-erett-bor","11":"product_tag-kazdy-rodzaj-skory-hu","12":"product_tag-krem-pod-oczy-hu","13":"product_tag-linie-i-zmarszczki-pod-oczami-hu","14":"product_tag-redukcja-podraznien-hu","15":"product_tag-na-dzien-i-na-noc-hu","16":"product_tag-kremserum-na-dziennoc-hu","17":"product_tag-nawilzanie-hu","18":"product_tag-opuchniecia-i-worki-pod-oczami-hu","19":"product_tag-rancok-csokkentese","20":"product_tag-rozswietlenie-hu","21":"product_tag-skora-mieszana-hu","22":"product_tag-skora-naczynkowa-hu","23":"product_tag-skora-normalna-hu","24":"product_tag-skora-sucha-hu","25":"product_tag-skora-tlusta-hu","26":"product_tag-szarkalabak","27":"product_tag-szem-alatti-taskak","28":"product_tag-szemkrem-szerum","29":"pa_dzialanie-dojrzala-skora-o-nierownym-kolorycie-hu","30":"pa_dzialanie-dojrzala-skora-wrazliwa-hu","31":"pa_dzialanie-ochrona-anti-pollution-hu","32":"pa_dzialanie-redukcja-zmarszczek-hu","34":"first","35":"instock","36":"shipping-taxable","37":"purchasable","38":"product-type-simple"},"acf":[],"df_price":273,"df_sale_price":"","df_regular_price":273,"df_image_link":"https:\/\/www.yonelle.pl\/wp-content\/uploads\/2021\/06\/FORTEFUSION-KREM-POD-OCZY-I-NA-POWIEKI-Z-KWASEM-HIALURONOWYM-FORTE_2_strona_1000x1000_small-300x300.jpg","_links":{"self":[{"href":"https:\/\/www.yonelle.pl\/hu\/wp-json\/wp\/v2\/product\/451963","targetHints":{"allow":["GET"]}}],"collection":[{"href":"https:\/\/www.yonelle.pl\/hu\/wp-json\/wp\/v2\/product"}],"about":[{"href":"https:\/\/www.yonelle.pl\/hu\/wp-json\/wp\/v2\/types\/product"}],"replies":[{"embeddable":true,"href":"https:\/\/www.yonelle.pl\/hu\/wp-json\/wp\/v2\/comments?post=451963"}],"wp:featuredmedia":[{"embeddable":true,"href":"https:\/\/www.yonelle.pl\/hu\/wp-json\/wp\/v2\/media\/507523"}],"wp:attachment":[{"href":"https:\/\/www.yonelle.pl\/hu\/wp-json\/wp\/v2\/media?parent=451963"}],"wp:term":[{"taxonomy":"product_brand","embeddable":true,"href":"https:\/\/www.yonelle.pl\/hu\/wp-json\/wp\/v2\/product_brand?post=451963"},{"taxonomy":"product_cat","embeddable":true,"href":"https:\/\/www.yonelle.pl\/hu\/wp-json\/wp\/v2\/product_cat?post=451963"},{"taxonomy":"product_tag","embeddable":true,"href":"https:\/\/www.yonelle.pl\/hu\/wp-json\/wp\/v2\/product_tag?post=451963"}],"curies":[{"name":"wp","href":"https:\/\/api.w.org\/{rel}","templated":true}]}}

FORTEFUSÍON Szemkörnyék- és Szemhéjkrém Hialuronsavval Forte

<h3>TARTÓS ÉS KIVÉTELESEN KÉNYELMES NEDVES BŐR ÉRZÉS.</h3>
<h3>A FIATALSÁG TITKA! BŐR HIDROKITÖLTÉSE</h3>
<p><b>Ultramodern </b><b>anti-aging</b><b> nappali és éjszakai krém a szemkörnyék bőrére, amely általában érzékeny és finom</b>*. Az aktív összetevőkkel telített formula tartós és kivételesen kényelmes nedves bőr érzést hagy maga után. Az innovatív hidrokitöltő és feszesítő funkció révén a szem alatti ráncok és a „szarkalábak” kevésbé láthatóvá válnak, a bőr pedig lenyűgözően sima, ragyogó és üdén friss lesz. A krém csökkenti a szem alatti &#8222;táskák&#8221; és sötét karikák láthatóságát, így a tekintet fiatalosabbá válik. <b>Elbűvöl bársonyos, luxus állagával és páratlan használati élményével.</b></p>
<p>* megfelel az atópiás, különösen érzékeny, könnyen irritálható bőrrel végzett bőrkompatibilitási teszt követelményeinek.</p>

<p>Ultramodern anti-aging nappali és éjszakai krém a szemkörnyék bőrére, minden bőrtípusra ajánlott, még az érzékeny és finom bőrre is. Hosszantartó hidratálást és ragyogó megjelenést biztosít. A bőr lenyűgözően simává válik, a ráncok pedig láthatóan csökkennek. A krém csökkenti a szem alatti „táskák” és sötét karikák láthatóságát, így a tekintet ragyogóbbá és frissebbé válik.</p>
<p>&nbsp;</p>
