{"id":451957,"date":"2021-03-12T16:16:52","date_gmt":"2021-03-12T15:16:52","guid":{"rendered":"https:\/\/www.yonelle.pl\/produkt\/fortefusion-krem-na-noc-z-melatonina-i-kwasem-hialuronowym-forte\/"},"modified":"2025-12-02T11:40:49","modified_gmt":"2025-12-02T10:40:49","slug":"fortefusion-ejszakai-krem-melatoninnal-es-hialuronsavval-forte","status":"publish","type":"product","link":"https:\/\/www.yonelle.pl\/hu\/produkt\/fortefusion-ejszakai-krem-melatoninnal-es-hialuronsavval-forte\/","title":{"rendered":"FORTEFUS\u00cdON \u00c9jszakai Kr\u00e9m Melatoninnal \u00e9s Hialuronsavval Forte"},"content":{"rendered":"<h3>A FIATALS\u00c1G TITKA! JAV\u00cdT\u00d3 HAT\u00c1S ALV\u00c1S K\u00d6ZBEN<\/h3>\n<p>Melatoninnal d\u00fas\u00edtott kr\u00e9m gazdag, szuperk\u00e9nyelmes \u00e1llaggal, minden b\u0151rt\u00edpus intenz\u00edv \u00e9jszakai regener\u00e1l\u00e1s\u00e1ra. K\u00fcl\u00f6n\u00f6sen aj\u00e1nlott f\u00e1radt, \u00f6reged\u00e9s jeleit mutat\u00f3, stressznek \u00e9s k\u00e1ros k\u00fcls\u0151 t\u00e9nyez\u0151knek kitett b\u0151rre. A b\u0151r meleg\u00e9nek hat\u00e1s\u00e1ra a formula meglep\u0151en megv\u00e1ltoztatja text\u00far\u00e1j\u00e1t, nehezebbr\u0151l f\u00e9lfoly\u00e9konyra. Ennek eredm\u00e9nyek\u00e9nt a kr\u00e9m t\u00f6k\u00e9letesen beolvad az epidermiszbe, \u00edgy <strong>rekordid\u0151 alatt jav\u00edtja a b\u0151r min\u0151s\u00e9g\u00e9t, \u00e1llapot\u00e1t \u00e9s megjelen\u00e9s\u00e9t.<\/strong> A r\u00e1ncok kev\u00e9sb\u00e9 l\u00e1that\u00f3k.<\/p>\n<p>A MELATONIN alkalmaz\u00e1sa r\u00e9v\u00e9n a kr\u00e9m <strong>intenz\u00edv jav\u00edt\u00f3 hat\u00e1st biztos\u00edt alv\u00e1s k\u00f6zben<\/strong>. Helyre\u00e1ll\u00edtja a b\u0151rbarrier napk\u00f6zben keletkezett k\u00e1rosod\u00e1sait, amelyek a szabad gy\u00f6k\u00f6k hat\u00e1s\u00e1ra j\u00f6ttek l\u00e9tre. A b\u0151r kev\u00e9sb\u00e9 \u00e9rz\u00e9keny, ellen\u00e1ll\u00f3bb az irrit\u00e1ci\u00f3kkal szemben. <strong>Kiv\u00e1l\u00f3 \u00e1llapotban van. Pihentnek, nyugodtnak, fiatalabbnak \u00e9s szebbnek t\u0171nik.<\/strong><\/p>\n<p><em><b>YONELLE INNOV\u00c1CI\u00d3!<\/b><\/em><\/p>\n<p><strong>BEAUTY SLEEP CONCEPT<\/strong>, azaz a <strong>MELATONIN<\/strong> alkalmaz\u00e1sa, amely a gy\u00f3gyszer\u00e9szetben ismert term\u00e9szetes \u00f6sszetev\u0151, mint az alv\u00e1s szab\u00e1lyoz\u00f3ja. Jav\u00edt\u00f3 aktivit\u00e1sa \u00e9jszaka a legmagasabb, ez\u00e9rt jelenleg az egyik legkeresettebb \u00f6sszetev\u0151 a speci\u00e1lis \u00e9jszakai kr\u00e9mekben.<\/p>\n<p><em>A MELATONIN \u00c9S A FORTE HIALURONSAV KIV\u00c9TELES P\u00c1ROST ALKOTNAK, AMELYEK ELLEN\u00c1LLNAK A B\u0150R \u00d6REGED\u00c9S\u00c9NEK.<\/em><\/p>\n","protected":false},"excerpt":{"rendered":"<p>Kr\u00e9m minden b\u0151rt\u00edpus intenz\u00edv \u00e9jszakai regener\u00e1l\u00e1s\u00e1ra. K\u00fcl\u00f6n\u00f6sen aj\u00e1nlott f\u00e1radt, \u00f6reged\u00e9s jeleit mutat\u00f3, stressznek \u00e9s k\u00e1ros k\u00fcls\u0151 t\u00e9nyez\u0151knek kitett b\u0151rre. T\u00f6k\u00e9letesen beolvad az epidermiszbe, \u00edgy rekordid\u0151 alatt jav\u00edtja a b\u0151r min\u0151s\u00e9g\u00e9t, \u00e1llapot\u00e1t \u00e9s megjelen\u00e9s\u00e9t.<\/p>\n","protected":false},"featured_media":545626,"comment_status":"open","ping_status":"closed","template":"","meta":{"_acf_changed":false,"inline_featured_image":false},"product_brand":[],"product_cat":[1308],"product_tag":[1343,1329,1309,1355,1283,1328,1300,1268,1284,1271,1302,1273,1274,1275,1276],"class_list":{"0":"post-451957","1":"product","2":"type-product","3":"status-publish","4":"has-post-thumbnail","6":"product_cat-fortefusion-hu","7":"product_tag-arckremek","8":"product_tag-kremserum-na-noc-hu","9":"product_tag-fortefusion-hu","10":"product_tag-gyengen-hidratalt-erett-bor","11":"product_tag-kazdy-rodzaj-skory-hu","12":"product_tag-krem-na-noc-hu","13":"product_tag-redukcja-podraznien-hu","14":"product_tag-mlodzienczy-blask-hu","15":"product_tag-nawilzanie-hu","16":"product_tag-rancok-csokkentese","17":"product_tag-redukcja-zaczerwienien-hu","18":"product_tag-skora-mieszana-hu","19":"product_tag-skora-naczynkowa-hu","20":"product_tag-skora-normalna-hu","21":"product_tag-skora-sucha-hu","22":"pa_dzialanie-dojrzala-skora-o-nierownym-kolorycie-hu","23":"pa_dzialanie-dojrzala-skora-wrazliwa-hu","24":"pa_dzialanie-ochrona-anti-pollution-hu","25":"pa_dzialanie-redukcja-zmarszczek-hu","27":"first","28":"instock","29":"shipping-taxable","30":"purchasable","31":"product-type-simple"},"acf":[],"df_price":330,"df_sale_price":"","df_regular_price":330,"df_image_link":"https:\/\/www.yonelle.pl\/wp-content\/uploads\/2021\/03\/FORTEFUSION-KREM-NA-NOC-Z-MELATONINA-I-KWASEM-HIALURONOWYM-FORTE_3_strona_1000x1000-noc_small-300x300.jpg","_links":{"self":[{"href":"https:\/\/www.yonelle.pl\/hu\/wp-json\/wp\/v2\/product\/451957","targetHints":{"allow":["GET"]}}],"collection":[{"href":"https:\/\/www.yonelle.pl\/hu\/wp-json\/wp\/v2\/product"}],"about":[{"href":"https:\/\/www.yonelle.pl\/hu\/wp-json\/wp\/v2\/types\/product"}],"replies":[{"embeddable":true,"href":"https:\/\/www.yonelle.pl\/hu\/wp-json\/wp\/v2\/comments?post=451957"}],"wp:featuredmedia":[{"embeddable":true,"href":"https:\/\/www.yonelle.pl\/hu\/wp-json\/wp\/v2\/media\/545626"}],"wp:attachment":[{"href":"https:\/\/www.yonelle.pl\/hu\/wp-json\/wp\/v2\/media?parent=451957"}],"wp:term":[{"taxonomy":"product_brand","embeddable":true,"href":"https:\/\/www.yonelle.pl\/hu\/wp-json\/wp\/v2\/product_brand?post=451957"},{"taxonomy":"product_cat","embeddable":true,"href":"https:\/\/www.yonelle.pl\/hu\/wp-json\/wp\/v2\/product_cat?post=451957"},{"taxonomy":"product_tag","embeddable":true,"href":"https:\/\/www.yonelle.pl\/hu\/wp-json\/wp\/v2\/product_tag?post=451957"}],"curies":[{"name":"wp","href":"https:\/\/api.w.org\/{rel}","templated":true}]}}

FORTEFUSÍON Éjszakai Krém Melatoninnal és Hialuronsavval Forte

<h3>A FIATALSÁG TITKA! JAVÍTÓ HATÁS ALVÁS KÖZBEN</h3>
<p>Melatoninnal dúsított krém gazdag, szuperkényelmes állaggal, minden bőrtípus intenzív éjszakai regenerálására. Különösen ajánlott fáradt, öregedés jeleit mutató, stressznek és káros külső tényezőknek kitett bőrre. A bőr melegének hatására a formula meglepően megváltoztatja textúráját, nehezebbről félfolyékonyra. Ennek eredményeként a krém tökéletesen beolvad az epidermiszbe, így <strong>rekordidő alatt javítja a bőr minőségét, állapotát és megjelenését.</strong> A ráncok kevésbé láthatók.</p>
<p>A MELATONIN alkalmazása révén a krém <strong>intenzív javító hatást biztosít alvás közben</strong>. Helyreállítja a bőrbarrier napközben keletkezett károsodásait, amelyek a szabad gyökök hatására jöttek létre. A bőr kevésbé érzékeny, ellenállóbb az irritációkkal szemben. <strong>Kiváló állapotban van. Pihentnek, nyugodtnak, fiatalabbnak és szebbnek tűnik.</strong></p>
<p><em><b>YONELLE INNOVÁCIÓ!</b></em></p>
<p><strong>BEAUTY SLEEP CONCEPT</strong>, azaz a <strong>MELATONIN</strong> alkalmazása, amely a gyógyszerészetben ismert természetes összetevő, mint az alvás szabályozója. Javító aktivitása éjszaka a legmagasabb, ezért jelenleg az egyik legkeresettebb összetevő a speciális éjszakai krémekben.</p>
<p><em>A MELATONIN ÉS A FORTE HIALURONSAV KIVÉTELES PÁROST ALKOTNAK, AMELYEK ELLENÁLLNAK A BŐR ÖREGEDÉSÉNEK.</em></p>

<p>Krém minden bőrtípus intenzív éjszakai regenerálására. Különösen ajánlott fáradt, öregedés jeleit mutató, stressznek és káros külső tényezőknek kitett bőrre. Tökéletesen beolvad az epidermiszbe, így rekordidő alatt javítja a bőr minőségét, állapotát és megjelenését.</p>
