{"id":451953,"date":"2021-03-12T16:28:48","date_gmt":"2021-03-12T15:28:48","guid":{"rendered":"https:\/\/www.yonelle.pl\/produkt\/fortefusion-krem-color-change-na-dzien-spf30-z-kwasem-hialuronowym-forte\/"},"modified":"2026-03-23T09:09:05","modified_gmt":"2026-03-23T08:09:05","slug":"fortefusion-szinvalto-nappali-krem-spf30-hialuronsavval-forte","status":"publish","type":"product","link":"https:\/\/www.yonelle.pl\/hu\/produkt\/fortefusion-szinvalto-nappali-krem-spf30-hialuronsavval-forte\/","title":{"rendered":"FORTEFUS\u00cdON \u201eSz\u00ednv\u00e1lt\u00f3\u201d Nappali Kr\u00e9m SPF30 Hialuronsavval Forte"},"content":{"rendered":"<h3>A FIATALS\u00c1G TITKA! GY\u00d6NY\u00d6R\u0170 B\u0150RSZ\u00cdN<\/h3>\n<p>SPF30 nappali kr\u00e9m, amely minden b\u0151rt\u00edpusra aj\u00e1nlott. Kiv\u00e1l\u00f3 fiatal\u00edt\u00f3 hat\u00e1st ny\u00fajt, k\u00fcl\u00f6n\u00f6sen a pigmentfoltokra hajlamos, feszess\u00e9g\u00e9t \u00e9s rugalmass\u00e1g\u00e1t vesztett, sz\u00fcrke, eg\u00e9szs\u00e9gtelen sz\u00edn\u0171 b\u0151r eset\u00e9ben.<\/p>\n<p><strong>Amikor a kr\u00e9m \u00e9rintkezik a b\u0151rrel, meglep\u0151 m\u00f3don a sz\u00edne feh\u00e9rr\u0151l testsz\u00edn\u0171re v\u00e1ltozik. A felszabadul\u00f3 pigmentr\u00e9szecsk\u00e9k azonnal friss, kipihent, vonz\u00f3 megjelen\u00e9st k\u00f6lcs\u00f6n\u00f6znek a b\u0151rnek.<\/strong><\/p>\n<p>A kr\u00e9m v\u00e9di a b\u0151rt a fot\u00f3\u00f6reged\u00e9st okoz\u00f3 t\u00e9nyez\u0151kt\u0151l. Nagyon sz\u00e9les spektrum\u00fa v\u00e9delmet ny\u00fajt, biztos\u00edtva a biztons\u00e1g, a k\u00e9nyelem \u00e9s a <strong>b\u0151r eg\u00e9szs\u00e9g\u00e9nek gondoz\u00e1s\u00e1t.<\/strong> Az antioxid\u00e1nsokkal ell\u00e1tott v\u00e9d\u0151pajzs kisz\u0171ri a k\u00e1ros UV-sugarakat \u00e9s a sz\u00e1m\u00edt\u00f3g\u00e9pek \u00e9s okostelefonok k\u00e9perny\u0151i \u00e1ltal kibocs\u00e1tott k\u00e9k f\u00e9nyt.<\/p>\n<p>A kr\u00e9m l\u00e1tv\u00e1nyos hidrat\u00e1l\u00e1st biztos\u00edt, cs\u00f6kkenti a r\u00e1ncok \u00e9s pigmentfoltok l\u00e1that\u00f3s\u00e1g\u00e1t.<strong> A b\u0151r fiatalabbnak t\u0171nik &#8211; sz\u00e9p, friss sz\u00edne van, leny\u0171g\u00f6z\u0151en sima, ragyog\u00f3, \u00e9lettel teli, nedvess\u00e9ggel tel\u00edtett, \u00e9lettel teli.<\/strong><\/p>\n","protected":false},"excerpt":{"rendered":"<p>NAPPALI KR\u00c9M SPF30 aj\u00e1nlott minden b\u0151rt\u00edpusra. Kiv\u00e1l\u00f3 fiatal\u00edt\u00f3 hat\u00e1st ny\u00fajt, k\u00fcl\u00f6n\u00f6sen a pigmentfoltokra hajlamos, feszess\u00e9g\u00e9t \u00e9s rugalmass\u00e1g\u00e1t veszt\u0151, sz\u00fcrk\u00e9s, eg\u00e9szs\u00e9gtelen sz\u00edn\u0171 b\u0151r eset\u00e9n.<\/p>\n","protected":false},"featured_media":545633,"comment_status":"open","ping_status":"closed","template":"","meta":{"_acf_changed":false,"inline_featured_image":false},"product_brand":[],"product_cat":[1308],"product_tag":[1357,1343,1309,1355,1283,1356,1334,1335,1284,1271,1272,1303,1278],"class_list":{"0":"post-451953","1":"product","2":"type-product","3":"status-publish","4":"has-post-thumbnail","6":"product_cat-fortefusion-hu","7":"product_tag-apolas-smink-vedelem","8":"product_tag-arckremek","9":"product_tag-fortefusion-hu","10":"product_tag-gyengen-hidratalt-erett-bor","11":"product_tag-kazdy-rodzaj-skory-hu","12":"product_tag-krem-koloryzujacy-z-filtrem-spf-hu","13":"product_tag-kremyserum-na-dzien-hu","14":"product_tag-napvedelem","15":"product_tag-nawilzanie-hu","16":"product_tag-rancok-csokkentese","17":"product_tag-rozswietlenie-hu","18":"product_tag-skora-sklonna-do-przebarwien-hu","19":"product_tag-ujedrnienie-hu","20":"pa_dzialanie-dojrzala-skora-o-nierownym-kolorycie-hu","21":"pa_dzialanie-dojrzala-skora-wrazliwa-hu","22":"pa_dzialanie-ochrona-anti-pollution-hu","23":"pa_dzialanie-ochrona-przeciwsloneczna-hu","24":"pa_dzialanie-pielegnacja-make-up-ochrona-hu","25":"pa_dzialanie-redukcja-zmarszczek-hu","27":"first","28":"instock","29":"shipping-taxable","30":"purchasable","31":"product-type-simple"},"acf":[],"df_price":303,"df_sale_price":"","df_regular_price":303,"df_image_link":"https:\/\/www.yonelle.pl\/wp-content\/uploads\/2021\/03\/FORTEFUSION-KREM-\u201eCOLOR-CHANGE-NA-DZIEN-SPF30-Z-KWASEM-HIALURONOWYM-FORTE_2_strona_1000x1000-TnB_small-1-300x300.jpg","_links":{"self":[{"href":"https:\/\/www.yonelle.pl\/hu\/wp-json\/wp\/v2\/product\/451953","targetHints":{"allow":["GET"]}}],"collection":[{"href":"https:\/\/www.yonelle.pl\/hu\/wp-json\/wp\/v2\/product"}],"about":[{"href":"https:\/\/www.yonelle.pl\/hu\/wp-json\/wp\/v2\/types\/product"}],"replies":[{"embeddable":true,"href":"https:\/\/www.yonelle.pl\/hu\/wp-json\/wp\/v2\/comments?post=451953"}],"wp:featuredmedia":[{"embeddable":true,"href":"https:\/\/www.yonelle.pl\/hu\/wp-json\/wp\/v2\/media\/545633"}],"wp:attachment":[{"href":"https:\/\/www.yonelle.pl\/hu\/wp-json\/wp\/v2\/media?parent=451953"}],"wp:term":[{"taxonomy":"product_brand","embeddable":true,"href":"https:\/\/www.yonelle.pl\/hu\/wp-json\/wp\/v2\/product_brand?post=451953"},{"taxonomy":"product_cat","embeddable":true,"href":"https:\/\/www.yonelle.pl\/hu\/wp-json\/wp\/v2\/product_cat?post=451953"},{"taxonomy":"product_tag","embeddable":true,"href":"https:\/\/www.yonelle.pl\/hu\/wp-json\/wp\/v2\/product_tag?post=451953"}],"curies":[{"name":"wp","href":"https:\/\/api.w.org\/{rel}","templated":true}]}}

FORTEFUSÍON „Színváltó” Nappali Krém SPF30 Hialuronsavval Forte

<h3>A FIATALSÁG TITKA! GYÖNYÖRŰ BŐRSZÍN</h3>
<p>SPF30 nappali krém, amely minden bőrtípusra ajánlott. Kiváló fiatalító hatást nyújt, különösen a pigmentfoltokra hajlamos, feszességét és rugalmasságát vesztett, szürke, egészségtelen színű bőr esetében.</p>
<p><strong>Amikor a krém érintkezik a bőrrel, meglepő módon a színe fehérről testszínűre változik. A felszabaduló pigmentrészecskék azonnal friss, kipihent, vonzó megjelenést kölcsönöznek a bőrnek.</strong></p>
<p>A krém védi a bőrt a fotóöregedést okozó tényezőktől. Nagyon széles spektrumú védelmet nyújt, biztosítva a biztonság, a kényelem és a <strong>bőr egészségének gondozását.</strong> Az antioxidánsokkal ellátott védőpajzs kiszűri a káros UV-sugarakat és a számítógépek és okostelefonok képernyői által kibocsátott kék fényt.</p>
<p>A krém látványos hidratálást biztosít, csökkenti a ráncok és pigmentfoltok láthatóságát.<strong> A bőr fiatalabbnak tűnik &#8211; szép, friss színe van, lenyűgözően sima, ragyogó, élettel teli, nedvességgel telített, élettel teli.</strong></p>

<p>NAPPALI KRÉM SPF30 ajánlott minden bőrtípusra. Kiváló fiatalító hatást nyújt, különösen a pigmentfoltokra hajlamos, feszességét és rugalmasságát vesztő, szürkés, egészségtelen színű bőr esetén.</p>
