{"id":451946,"date":"2021-11-23T16:42:20","date_gmt":"2021-11-23T15:42:20","guid":{"rendered":"https:\/\/www.yonelle.pl\/produkt\/krem-pieknosci-nasycony-rozami-na-twarz-i-pod-oczy-na-noc\/"},"modified":"2026-02-11T15:55:06","modified_gmt":"2026-02-11T14:55:06","slug":"roses-szepsegkrem-rozsaval-gazdagitva-arcra-es-szem-ala-ejszakara","status":"publish","type":"product","link":"https:\/\/www.yonelle.pl\/hu\/produkt\/roses-szepsegkrem-rozsaval-gazdagitva-arcra-es-szem-ala-ejszakara\/","title":{"rendered":"ROSES Sz\u00e9ps\u00e9gkr\u00e9m R\u00f3zs\u00e1val Gazdag\u00edtva Arcra \u00e9s Szem Al\u00e1 \u00c9jszak\u00e1ra"},"content":{"rendered":"<p>N\u0150IESS\u00c9G \u2022 VONZER\u0150 \u2022 \u00d6R\u00d6M \u2022 SZ\u00c9PS\u00c9G \u2022 \u00c9RZ\u00c9KEK \u2022 CS\u00c1B\u00cdT\u00c1S<\/p>\n<h3>MEGFIATALODOTT B\u0150R M\u00c9G SZEBB \u00c9S RAGYOG\u00d3<\/h3>\n<p>\u00c9jszakai kr\u00e9m b\u00e1rsonyos, kellemesen k\u00f6nny\u0171 \u00e1llaggal, amely mind az arc, mind a szem alatti b\u0151r sz\u00e1m\u00e1ra megfelel\u0151. Minden b\u0151rt\u00edpusra, bele\u00e9rtve az \u00e9rz\u00e9keny b\u0151rt is. Alv\u00e1s k\u00f6zben er\u0151teljesen regener\u00e1l \u00e9s serkenti a sejtek anyagcser\u00e9j\u00e9t. A f\u00e1radt b\u0151r fiatalos sz\u00ednt \u00e9s \u00faj energi\u00e1t kap. <strong>Az \u00e9rett b\u0151r ragyog\u00f3, \u00e9lettel teli, feszes, leny\u0171g\u00f6z\u0151en sima.<\/strong> A r\u00e1ncok kev\u00e9sb\u00e9 l\u00e1that\u00f3ak. Az \u00e9rz\u00e9keny b\u0151r megnyugszik, kev\u00e9sb\u00e9 \u00e9rz\u00e9keny \u00e9s v\u00f6r\u00f6s.<\/p>\n<p><strong>4 h\u00e9t haszn\u00e1lat ut\u00e1n a r\u00e1ncok hossz\u00e1t \u00e9s m\u00e9lys\u00e9g\u00e9t \u00e1tlagosan 24%-kal cs\u00f6kkenti, valamint 40%-kal jav\u00edtja a hidrat\u00e1lts\u00e1got*.<\/strong><\/p>\n<p><strong>K\u00c9TOLDAL\u00da ALKALMAZ\u00c1S<\/strong><\/p>\n<p><a href=\"https:\/\/www.yonelle.pl\/wp-content\/uploads\/2021\/11\/rozany_luksus_znaczek_02.png\"><img decoding=\"async\" class=\" wp-image-311949 alignleft\" src=\"https:\/\/www.yonelle.pl\/wp-content\/uploads\/2021\/11\/rozany_luksus_znaczek_02.png\" alt=\"\" width=\"108\" height=\"90\" srcset=\"https:\/\/www.yonelle.pl\/wp-content\/uploads\/2021\/11\/rozany_luksus_znaczek_02.png 344w, https:\/\/www.yonelle.pl\/wp-content\/uploads\/2021\/11\/rozany_luksus_znaczek_02-300x249.png 300w\" sizes=\"(max-width: 108px) 100vw, 108px\" \/><\/a>A NAPPALI ARCRA \u00c9S SZEM AL\u00c1 HASZN\u00c1LHAT\u00d3 R\u00d3ZS\u00c1KKAL GAZDAG\u00cdTOTT SZ\u00c9PS\u00c9GKR\u00c9M kett\u0151s alkalmaz\u00e1ssal rendelkezik: aj\u00e1nlott mind az arcra, mind a szem al\u00e1. Az akt\u00edv \u00f6sszetev\u0151k t\u00f6k\u00e9letesen megfelelnek a szem alatti b\u0151r ig\u00e9nyeinek, jav\u00edtj\u00e1k a mikrokering\u00e9st, r\u00e1nctalan\u00edt\u00f3 hat\u00e1s\u00faak, m\u00edg a b\u0151rbar\u00e1t alapok ide\u00e1lis \u00e1pol\u00e1st, hidrat\u00e1l\u00e1st \u00e9s er\u0151s\u00edt\u00e9st biztos\u00edtanak a b\u0151rnek.<\/p>\n<p><strong>\u00c1POL\u00c1S A B\u0150R NAPI RITMUS\u00c1VAL \u00d6SSZHANGBAN<\/strong><\/p>\n<p>A csomagol\u00e1s belsej\u00e9ben tal\u00e1lhat\u00f3 egy nappali kr\u00e9m minta a ROSES sorozatb\u00f3l, amely ide\u00e1lis kieg\u00e9sz\u00edt\u0151je a napi \u00e1pol\u00e1snak. A ROSES sorozat kr\u00e9mei a b\u0151r napi ritmus\u00e1nak figyelembev\u00e9tel\u00e9vel k\u00e9sz\u00fcltek. A nappali kr\u00e9m intenz\u00edv r\u00e1nctalan\u00edt\u00f3 antioxid\u00e1ns v\u00e9delmet ny\u00fajt, m\u00edg az \u00e9jszakai kr\u00e9m alv\u00e1s k\u00f6zben er\u0151teljesen regener\u00e1l \u00e9s serkenti a sejtek anyagcser\u00e9j\u00e9t.<\/p>\n<p><strong>A NAPPALI \u00e9s az \u00c9JSZAKAI kr\u00e9m kombin\u00e1ci\u00f3ja lehet\u0151v\u00e9 teszi a r\u00e1ncok (hosszuk \u00e9s m\u00e9lys\u00e9g\u00fck) \u00e1tlagosan 28%-os cs\u00f6kkent\u00e9s\u00e9t, valamint a hidrat\u00e1lts\u00e1g 44%-os jav\u00edt\u00e1s\u00e1t 4 h\u00e9t haszn\u00e1lat ut\u00e1n*!<\/strong><\/p>\n<p><strong>ROSES SENSUAL CONCEPT<\/strong><\/p>\n<p>A ROSES sorozat kozmetikumai megn\u00f6velt b\u0151rmeg\u00faj\u00edt\u00f3 potenci\u00e1llal rendelkeznek, \u00e9s t\u00f6k\u00e9letes megjelen\u00e9st biztos\u00edtanak a tudom\u00e1nyosan igazolt AGY\u2013B\u0150R interakci\u00f3 kihaszn\u00e1l\u00e1s\u00e1val. <strong>Ennek forr\u00e1sa az \u00c9RZELMI SZ\u00c9PS\u00c9GHAT\u00c1S.<\/strong> A r\u00f3zs\u00e1k b\u0171v\u00f6l\u0151 illata \u00f6r\u00f6m, \u00e9rz\u00e9kis\u00e9g \u00e9s pihen\u00e9s aur\u00e1j\u00e1ba rep\u00edt. Ennek k\u00f6sz\u00f6nhet\u0151en a b\u0151r m\u00e9g szebb \u00e9s ragyog\u00f3bb lesz.<\/p>\n<p style=\"text-align: right;\"><em>*k\u00e9sz\u00fcl\u00e9kes vizsg\u00e1latok.<\/em><\/p>\n","protected":false},"excerpt":{"rendered":"<p>Alv\u00e1s k\u00f6zben er\u0151teljesen regener\u00e1lja \u00e9s serkenti a sejtek anyagcser\u00e9j\u00e9t. Az \u00e9rett b\u0151r ragyog\u00f3, \u00e9lettel teli, feszes \u00e9s leny\u0171g\u00f6z\u0151en sima.<\/p>\n<p>A kr\u00e9m fokozott b\u0151rmeg\u00faj\u00edt\u00f3 potenci\u00e1llal rendelkezik, \u00e9s t\u00f6k\u00e9letes megjelen\u00e9st biztos\u00edt.<\/p>\n<p>&nbsp;<\/p>\n","protected":false},"featured_media":451952,"comment_status":"open","ping_status":"closed","template":"","meta":{"_acf_changed":false,"inline_featured_image":false},"product_brand":[],"product_cat":[1352],"product_tag":[1343,1316,1329,1328,1325,1268,1284,1271,1302,1272,1273,1274,1275,1276,1277,1342],"class_list":{"0":"post-451946","1":"product","2":"type-product","3":"status-publish","4":"has-post-thumbnail","6":"product_cat-roses-hu","7":"product_tag-arckremek","8":"product_tag-egyenetlen-szinu-erett-bor","9":"product_tag-kremserum-na-noc-hu","10":"product_tag-krem-na-noc-hu","11":"product_tag-kremy-przeciwzmarszczkowe-hu","12":"product_tag-mlodzienczy-blask-hu","13":"product_tag-nawilzanie-hu","14":"product_tag-rancok-csokkentese","15":"product_tag-redukcja-zaczerwienien-hu","16":"product_tag-rozswietlenie-hu","17":"product_tag-skora-mieszana-hu","18":"product_tag-skora-naczynkowa-hu","19":"product_tag-skora-normalna-hu","20":"product_tag-skora-sucha-hu","21":"product_tag-skora-tlusta-hu","22":"product_tag-szemkrem-szerum","23":"pa_dzialanie-dojrzala-bardzo-sucha-skora-hu","24":"pa_dzialanie-dojrzala-skora-o-nierownym-kolorycie-hu","25":"pa_dzialanie-dojrzala-skora-slabo-nawodniona-hu","26":"pa_dzialanie-dojrzala-skora-wrazliwa-hu","27":"pa_dzialanie-redukcja-zmarszczek-hu","29":"first","30":"outofstock","31":"shipping-taxable","32":"purchasable","33":"product-type-simple"},"acf":[],"df_price":359,"df_sale_price":"","df_regular_price":359,"df_image_link":"https:\/\/www.yonelle.pl\/wp-content\/uploads\/2021\/11\/KREM-PIEKNOSCI-NASYCONY-ROZAMI-NA-TWARZ-I-POD-OCZY-NA-NOC_1_strona_1000x1000-1-300x300.jpg","_links":{"self":[{"href":"https:\/\/www.yonelle.pl\/hu\/wp-json\/wp\/v2\/product\/451946","targetHints":{"allow":["GET"]}}],"collection":[{"href":"https:\/\/www.yonelle.pl\/hu\/wp-json\/wp\/v2\/product"}],"about":[{"href":"https:\/\/www.yonelle.pl\/hu\/wp-json\/wp\/v2\/types\/product"}],"replies":[{"embeddable":true,"href":"https:\/\/www.yonelle.pl\/hu\/wp-json\/wp\/v2\/comments?post=451946"}],"wp:featuredmedia":[{"embeddable":true,"href":"https:\/\/www.yonelle.pl\/hu\/wp-json\/wp\/v2\/media\/451952"}],"wp:attachment":[{"href":"https:\/\/www.yonelle.pl\/hu\/wp-json\/wp\/v2\/media?parent=451946"}],"wp:term":[{"taxonomy":"product_brand","embeddable":true,"href":"https:\/\/www.yonelle.pl\/hu\/wp-json\/wp\/v2\/product_brand?post=451946"},{"taxonomy":"product_cat","embeddable":true,"href":"https:\/\/www.yonelle.pl\/hu\/wp-json\/wp\/v2\/product_cat?post=451946"},{"taxonomy":"product_tag","embeddable":true,"href":"https:\/\/www.yonelle.pl\/hu\/wp-json\/wp\/v2\/product_tag?post=451946"}],"curies":[{"name":"wp","href":"https:\/\/api.w.org\/{rel}","templated":true}]}}

ROSES Szépségkrém Rózsával Gazdagítva Arcra és Szem Alá Éjszakára

<p>NŐIESSÉG • VONZERŐ • ÖRÖM • SZÉPSÉG • ÉRZÉKEK • CSÁBÍTÁS</p>
<h3>MEGFIATALODOTT BŐR MÉG SZEBB ÉS RAGYOGÓ</h3>
<p>Éjszakai krém bársonyos, kellemesen könnyű állaggal, amely mind az arc, mind a szem alatti bőr számára megfelelő. Minden bőrtípusra, beleértve az érzékeny bőrt is. Alvás közben erőteljesen regenerál és serkenti a sejtek anyagcseréjét. A fáradt bőr fiatalos színt és új energiát kap. <strong>Az érett bőr ragyogó, élettel teli, feszes, lenyűgözően sima.</strong> A ráncok kevésbé láthatóak. Az érzékeny bőr megnyugszik, kevésbé érzékeny és vörös.</p>
<p><strong>4 hét használat után a ráncok hosszát és mélységét átlagosan 24%-kal csökkenti, valamint 40%-kal javítja a hidratáltságot*.</strong></p>
<p><strong>KÉTOLDALÚ ALKALMAZÁS</strong></p>
<p><a href="https://www.yonelle.pl/wp-content/uploads/2021/11/rozany_luksus_znaczek_02.png"><img decoding="async" class=" wp-image-311949 alignleft" src="https://www.yonelle.pl/wp-content/uploads/2021/11/rozany_luksus_znaczek_02.png" alt="" width="108" height="90" srcset="https://www.yonelle.pl/wp-content/uploads/2021/11/rozany_luksus_znaczek_02.png 344w, https://www.yonelle.pl/wp-content/uploads/2021/11/rozany_luksus_znaczek_02-300x249.png 300w" sizes="(max-width: 108px) 100vw, 108px" /></a>A NAPPALI ARCRA ÉS SZEM ALÁ HASZNÁLHATÓ RÓZSÁKKAL GAZDAGÍTOTT SZÉPSÉGKRÉM kettős alkalmazással rendelkezik: ajánlott mind az arcra, mind a szem alá. Az aktív összetevők tökéletesen megfelelnek a szem alatti bőr igényeinek, javítják a mikrokeringést, ránctalanító hatásúak, míg a bőrbarát alapok ideális ápolást, hidratálást és erősítést biztosítanak a bőrnek.</p>
<p><strong>ÁPOLÁS A BŐR NAPI RITMUSÁVAL ÖSSZHANGBAN</strong></p>
<p>A csomagolás belsejében található egy nappali krém minta a ROSES sorozatból, amely ideális kiegészítője a napi ápolásnak. A ROSES sorozat krémei a bőr napi ritmusának figyelembevételével készültek. A nappali krém intenzív ránctalanító antioxidáns védelmet nyújt, míg az éjszakai krém alvás közben erőteljesen regenerál és serkenti a sejtek anyagcseréjét.</p>
<p><strong>A NAPPALI és az ÉJSZAKAI krém kombinációja lehetővé teszi a ráncok (hosszuk és mélységük) átlagosan 28%-os csökkentését, valamint a hidratáltság 44%-os javítását 4 hét használat után*!</strong></p>
<p><strong>ROSES SENSUAL CONCEPT</strong></p>
<p>A ROSES sorozat kozmetikumai megnövelt bőrmegújító potenciállal rendelkeznek, és tökéletes megjelenést biztosítanak a tudományosan igazolt AGY–BŐR interakció kihasználásával. <strong>Ennek forrása az ÉRZELMI SZÉPSÉGHATÁS.</strong> A rózsák bűvölő illata öröm, érzékiség és pihenés aurájába repít. Ennek köszönhetően a bőr még szebb és ragyogóbb lesz.</p>
<p style="text-align: right;"><em>*készülékes vizsgálatok.</em></p>

<p>Alvás közben erőteljesen regenerálja és serkenti a sejtek anyagcseréjét. Az érett bőr ragyogó, élettel teli, feszes és lenyűgözően sima.</p>
<p>A krém fokozott bőrmegújító potenciállal rendelkezik, és tökéletes megjelenést biztosít.</p>
<p>&nbsp;</p>
