{"id":451939,"date":"2021-11-23T16:47:28","date_gmt":"2021-11-23T15:47:28","guid":{"rendered":"https:\/\/www.yonelle.pl\/produkt\/krem-pieknosci-nasycony-rozami-na-twarz-i-pod-oczy-na-dzien\/"},"modified":"2025-07-02T14:40:07","modified_gmt":"2025-07-02T12:40:07","slug":"roses-szepsegkrem-rozsakkal-gazdagitva-arcra-es-szemkornyekre-nappalra","status":"publish","type":"product","link":"https:\/\/www.yonelle.pl\/hu\/produkt\/roses-szepsegkrem-rozsakkal-gazdagitva-arcra-es-szemkornyekre-nappalra\/","title":{"rendered":"ROSES Sz\u00e9ps\u00e9gkr\u00e9m R\u00f3zs\u00e1kkal Gazdag\u00edtva Arcra \u00e9s Szemk\u00f6rny\u00e9kre Nappalra"},"content":{"rendered":"<p>N\u0150IESS\u00c9G \u2022 VONZER\u0150 \u2022 \u00d6R\u00d6M \u2022 SZ\u00c9PS\u00c9G \u2022 \u00c9RZ\u00c9KEK \u2022 CS\u00c1B\u00cdT\u00c1S<\/p>\n<h3>MEGFIATALODOTT B\u0150R M\u00c9G SZEBB \u00c9S RAGYOG\u00d3BB LESZ<\/h3>\n<p>Nappali kr\u00e9m minden b\u0151rt\u00edpusra, arcra \u00e9s szemk\u00f6rny\u00e9kre. <strong>\u00c9rz\u00e9sre olyan finom, mint egy r\u00f3zsaszirom, ugyanakkor intenz\u00edven hat a b\u0151r fiatalos megjelen\u00e9s\u00e9nek \u00e9rdek\u00e9ben.<\/strong> Ragyog\u00f3v\u00e1 teszi, vil\u00e1gos\u00edtja a b\u0151rt\u00f3nust, leny\u0171g\u00f6z\u0151 simas\u00e1got k\u00f6lcs\u00f6n\u00f6z. Kiv\u00e1l\u00f3an alkalmas \u00e9rz\u00e9keny b\u0151rre is \u2013 cs\u00f6kkenti a b\u0151rp\u00edrt \u00e9s az irrit\u00e1ci\u00f3t. Nappal intenz\u00edv, r\u00e1nctalan\u00edt\u00f3 antioxid\u00e1ns v\u00e9delmet ny\u00fajt. Kiv\u00e1l\u00f3an vitaliz\u00e1lja \u00e9s hidrat\u00e1lja az \u00e9rett \u00e9s f\u00e1radt b\u0151rt.<\/p>\n<p><strong>4 h\u00e9t haszn\u00e1lat ut\u00e1n a r\u00e1ncok hossz\u00e1t \u00e9s m\u00e9lys\u00e9g\u00e9t \u00e1tlagosan 19%-kal cs\u00f6kkenti, valamint 38%-kal jav\u00edtja a hidrat\u00e1lts\u00e1got*.<\/strong><\/p>\n<p><strong>KETT\u0150S ALKALMAZ\u00c1S<\/strong><\/p>\n<p><a href=\"https:\/\/www.yonelle.pl\/wp-content\/uploads\/2021\/11\/rozany_luksus_znaczek_02.png\"><img decoding=\"async\" class=\" wp-image-311949 alignleft\" src=\"https:\/\/www.yonelle.pl\/wp-content\/uploads\/2021\/11\/rozany_luksus_znaczek_02.png\" alt=\"\" width=\"108\" height=\"90\" srcset=\"https:\/\/www.yonelle.pl\/wp-content\/uploads\/2021\/11\/rozany_luksus_znaczek_02.png 344w, https:\/\/www.yonelle.pl\/wp-content\/uploads\/2021\/11\/rozany_luksus_znaczek_02-300x249.png 300w\" sizes=\"(max-width: 108px) 100vw, 108px\" \/><\/a>A R\u00d3ZS\u00c1KKAL GAZDAG\u00cdTOTT SZ\u00c9PS\u00c9GKR\u00c9M ARC- \u00c9S SZEMK\u00d6RNY\u00c9KRE NAPPAL kett\u0151s alkalmaz\u00e1ssal rendelkezik: aj\u00e1nlott mind az arcra, mind a szemk\u00f6rny\u00e9kre. Az akt\u00edv \u00f6sszetev\u0151k t\u00f6k\u00e9letesen megfelelnek a szemk\u00f6rny\u00e9k b\u0151r\u00e9nek ig\u00e9nyeire, jav\u00edtj\u00e1k a mikrokering\u00e9st, r\u00e1nctalan\u00edt\u00f3 hat\u00e1s\u00faak, m\u00edg a dermokompatibilis alapok ide\u00e1lis \u00e1pol\u00e1st, hidrat\u00e1l\u00e1st \u00e9s b\u0151rer\u0151s\u00edt\u00e9st biztos\u00edtanak.<\/p>\n<p><strong><br \/>\nB\u0150R NAPI RITMUS\u00c1VAL \u00d6SSZHANGBAN L\u00c9V\u0150 \u00c1POL\u00c1S<\/strong><\/p>\n<p><em>A csomagol\u00e1sban tal\u00e1lhat\u00f3 egy \u00e9jszakai kr\u00e9m minta a ROSES sorozatb\u00f3l, amely ide\u00e1lis kieg\u00e9sz\u00edt\u0151je a napi \u00e1pol\u00e1snak. <\/em>A ROSES sorozat kr\u00e9mjei a b\u0151r napi ritmus\u00e1nak figyelembev\u00e9tel\u00e9vel k\u00e9sz\u00fcltek. A nappali kr\u00e9m intenz\u00edv r\u00e1nctalan\u00edt\u00f3 antioxid\u00e1ns v\u00e9delmet ny\u00fajt, m\u00edg az \u00e9jszakai kr\u00e9m er\u0151teljesen regener\u00e1lja \u00e9s serkenti a sejtek anyagcser\u00e9j\u00e9t alv\u00e1s k\u00f6zben.<\/p>\n<p><strong>A nappali \u00e9s \u00e9jszakai kr\u00e9m kombin\u00e1ci\u00f3ja lehet\u0151v\u00e9 teszi a r\u00e1ncok (hosszuk \u00e9s m\u00e9lys\u00e9g\u00fck) \u00e1tlagosan 28%-os cs\u00f6kkent\u00e9s\u00e9t, valamint a hidrat\u00e1lts\u00e1g 44%-os javul\u00e1s\u00e1t 4 h\u00e9t haszn\u00e1lat ut\u00e1n*!<\/strong><\/p>\n<p><strong>ROSES SENSUAL CONCEPT<\/strong><\/p>\n<p>A ROSES kozmetikumok fokozott b\u0151rmeg\u00faj\u00edt\u00f3 potenci\u00e1llal rendelkeznek, \u00e9s t\u00f6k\u00e9letes megjelen\u00e9st k\u00f6lcs\u00f6n\u00f6znek a tudom\u00e1nyosan igazolt AGY\u2013B\u0150R interakci\u00f3 kihaszn\u00e1l\u00e1s\u00e1val. <strong>Ennek forr\u00e1sa az \u00c9RZELMI SZ\u00c9PS\u00c9GHAT\u00c1S. <\/strong>A r\u00f3zs\u00e1k b\u0171v\u00f6l\u0151 illata az \u00f6r\u00f6m, \u00e9rz\u00e9kis\u00e9g \u00e9s ellazul\u00e1s l\u00e9gk\u00f6r\u00e9be rep\u00edt. Ennek k\u00f6sz\u00f6nhet\u0151en a b\u0151r m\u00e9g szebb \u00e9s ragyog\u00f3bb lesz.<\/p>\n<p>&nbsp;<\/p>\n<p style=\"text-align: right;\"><em>*m\u0171szeres vizsg\u00e1latok.<\/em><\/p>\n","protected":false},"excerpt":{"rendered":"<p>\u00c9rz\u00e9sre olyan finom, mint egy r\u00f3zsaszirom, ugyanakkor intenz\u00edven hat a b\u0151r fiatalos megjelen\u00e9s\u00e9nek ir\u00e1ny\u00e1ba. Ragyog\u00f3v\u00e1 \u00e9s vil\u00e1gosabb\u00e1 teszi a b\u0151rt\u00f3nust, leny\u0171g\u00f6z\u0151 simas\u00e1got k\u00f6lcs\u00f6n\u00f6z. Fokozott b\u0151rmeg\u00faj\u00edt\u00f3 potenci\u00e1llal rendelkezik, \u00e9s t\u00f6k\u00e9letes megjelen\u00e9st biztos\u00edt.<\/p>\n","protected":false},"featured_media":451945,"comment_status":"open","ping_status":"closed","template":"","meta":{"_acf_changed":false,"inline_featured_image":false},"product_brand":[],"product_cat":[1352],"product_tag":[1343,1316,1328,1325,1300,1268,1334,1284,1271,1302,1272,1273,1274,1275,1277,1342],"class_list":{"0":"post-451939","1":"product","2":"type-product","3":"status-publish","4":"has-post-thumbnail","6":"product_cat-roses-hu","7":"product_tag-arckremek","8":"product_tag-egyenetlen-szinu-erett-bor","9":"product_tag-krem-na-noc-hu","10":"product_tag-kremy-przeciwzmarszczkowe-hu","11":"product_tag-redukcja-podraznien-hu","12":"product_tag-mlodzienczy-blask-hu","13":"product_tag-kremyserum-na-dzien-hu","14":"product_tag-nawilzanie-hu","15":"product_tag-rancok-csokkentese","16":"product_tag-redukcja-zaczerwienien-hu","17":"product_tag-rozswietlenie-hu","18":"product_tag-skora-mieszana-hu","19":"product_tag-skora-naczynkowa-hu","20":"product_tag-skora-normalna-hu","21":"product_tag-skora-tlusta-hu","22":"product_tag-szemkrem-szerum","23":"pa_dzialanie-dojrzala-skora-o-nierownym-kolorycie-hu","24":"pa_dzialanie-dojrzala-skora-slabo-nawodniona-hu","25":"pa_dzialanie-dojrzala-skora-wrazliwa-hu","26":"pa_dzialanie-redukcja-zmarszczek-hu","28":"first","29":"outofstock","30":"shipping-taxable","31":"purchasable","32":"product-type-simple"},"acf":[],"df_price":359,"df_sale_price":"","df_regular_price":359,"df_image_link":"https:\/\/www.yonelle.pl\/wp-content\/uploads\/2021\/11\/KREM-PIEKNOSCI-NASYCONY-ROZAMI-NA-TWARZ-I-POD-OCZY-NA-DZIEN_1_strona_1000x1000-1-300x300.jpg","_links":{"self":[{"href":"https:\/\/www.yonelle.pl\/hu\/wp-json\/wp\/v2\/product\/451939","targetHints":{"allow":["GET"]}}],"collection":[{"href":"https:\/\/www.yonelle.pl\/hu\/wp-json\/wp\/v2\/product"}],"about":[{"href":"https:\/\/www.yonelle.pl\/hu\/wp-json\/wp\/v2\/types\/product"}],"replies":[{"embeddable":true,"href":"https:\/\/www.yonelle.pl\/hu\/wp-json\/wp\/v2\/comments?post=451939"}],"wp:featuredmedia":[{"embeddable":true,"href":"https:\/\/www.yonelle.pl\/hu\/wp-json\/wp\/v2\/media\/451945"}],"wp:attachment":[{"href":"https:\/\/www.yonelle.pl\/hu\/wp-json\/wp\/v2\/media?parent=451939"}],"wp:term":[{"taxonomy":"product_brand","embeddable":true,"href":"https:\/\/www.yonelle.pl\/hu\/wp-json\/wp\/v2\/product_brand?post=451939"},{"taxonomy":"product_cat","embeddable":true,"href":"https:\/\/www.yonelle.pl\/hu\/wp-json\/wp\/v2\/product_cat?post=451939"},{"taxonomy":"product_tag","embeddable":true,"href":"https:\/\/www.yonelle.pl\/hu\/wp-json\/wp\/v2\/product_tag?post=451939"}],"curies":[{"name":"wp","href":"https:\/\/api.w.org\/{rel}","templated":true}]}}

ROSES Szépségkrém Rózsákkal Gazdagítva Arcra és Szemkörnyékre Nappalra

<p>NŐIESSÉG • VONZERŐ • ÖRÖM • SZÉPSÉG • ÉRZÉKEK • CSÁBÍTÁS</p>
<h3>MEGFIATALODOTT BŐR MÉG SZEBB ÉS RAGYOGÓBB LESZ</h3>
<p>Nappali krém minden bőrtípusra, arcra és szemkörnyékre. <strong>Érzésre olyan finom, mint egy rózsaszirom, ugyanakkor intenzíven hat a bőr fiatalos megjelenésének érdekében.</strong> Ragyogóvá teszi, világosítja a bőrtónust, lenyűgöző simaságot kölcsönöz. Kiválóan alkalmas érzékeny bőrre is – csökkenti a bőrpírt és az irritációt. Nappal intenzív, ránctalanító antioxidáns védelmet nyújt. Kiválóan vitalizálja és hidratálja az érett és fáradt bőrt.</p>
<p><strong>4 hét használat után a ráncok hosszát és mélységét átlagosan 19%-kal csökkenti, valamint 38%-kal javítja a hidratáltságot*.</strong></p>
<p><strong>KETTŐS ALKALMAZÁS</strong></p>
<p><a href="https://www.yonelle.pl/wp-content/uploads/2021/11/rozany_luksus_znaczek_02.png"><img decoding="async" class=" wp-image-311949 alignleft" src="https://www.yonelle.pl/wp-content/uploads/2021/11/rozany_luksus_znaczek_02.png" alt="" width="108" height="90" srcset="https://www.yonelle.pl/wp-content/uploads/2021/11/rozany_luksus_znaczek_02.png 344w, https://www.yonelle.pl/wp-content/uploads/2021/11/rozany_luksus_znaczek_02-300x249.png 300w" sizes="(max-width: 108px) 100vw, 108px" /></a>A RÓZSÁKKAL GAZDAGÍTOTT SZÉPSÉGKRÉM ARC- ÉS SZEMKÖRNYÉKRE NAPPAL kettős alkalmazással rendelkezik: ajánlott mind az arcra, mind a szemkörnyékre. Az aktív összetevők tökéletesen megfelelnek a szemkörnyék bőrének igényeire, javítják a mikrokeringést, ránctalanító hatásúak, míg a dermokompatibilis alapok ideális ápolást, hidratálást és bőrerősítést biztosítanak.</p>
<p><strong><br />
BŐR NAPI RITMUSÁVAL ÖSSZHANGBAN LÉVŐ ÁPOLÁS</strong></p>
<p><em>A csomagolásban található egy éjszakai krém minta a ROSES sorozatból, amely ideális kiegészítője a napi ápolásnak. </em>A ROSES sorozat krémjei a bőr napi ritmusának figyelembevételével készültek. A nappali krém intenzív ránctalanító antioxidáns védelmet nyújt, míg az éjszakai krém erőteljesen regenerálja és serkenti a sejtek anyagcseréjét alvás közben.</p>
<p><strong>A nappali és éjszakai krém kombinációja lehetővé teszi a ráncok (hosszuk és mélységük) átlagosan 28%-os csökkentését, valamint a hidratáltság 44%-os javulását 4 hét használat után*!</strong></p>
<p><strong>ROSES SENSUAL CONCEPT</strong></p>
<p>A ROSES kozmetikumok fokozott bőrmegújító potenciállal rendelkeznek, és tökéletes megjelenést kölcsönöznek a tudományosan igazolt AGY–BŐR interakció kihasználásával. <strong>Ennek forrása az ÉRZELMI SZÉPSÉGHATÁS. </strong>A rózsák bűvölő illata az öröm, érzékiség és ellazulás légkörébe repít. Ennek köszönhetően a bőr még szebb és ragyogóbb lesz.</p>
<p>&nbsp;</p>
<p style="text-align: right;"><em>*műszeres vizsgálatok.</em></p>

<p>Érzésre olyan finom, mint egy rózsaszirom, ugyanakkor intenzíven hat a bőr fiatalos megjelenésének irányába. Ragyogóvá és világosabbá teszi a bőrtónust, lenyűgöző simaságot kölcsönöz. Fokozott bőrmegújító potenciállal rendelkezik, és tökéletes megjelenést biztosít.</p>
