{"id":451835,"date":"2023-03-15T12:37:06","date_gmt":"2023-03-15T11:37:06","guid":{"rendered":"https:\/\/www.yonelle.pl\/produkt\/lumifusion-potrojnie-aktywny-krem-spf50-przeciw-przebarwieniom-z-witamina-c-premium\/"},"modified":"2026-04-07T14:18:14","modified_gmt":"2026-04-07T12:18:14","slug":"lumifusion-harmas-hatasu-krem-spf50-pigmentfoltok-ellen-c-vitaminnal-premium","status":"publish","type":"product","link":"https:\/\/www.yonelle.pl\/hu\/produkt\/lumifusion-harmas-hatasu-krem-spf50-pigmentfoltok-ellen-c-vitaminnal-premium\/","title":{"rendered":"LUMIFUS\u00cdON H\u00e1rmas Hat\u00e1s\u00fa Kr\u00e9m SPF50 Pigmentfoltok Ellen C-vitaminnal Pr\u00e9mium"},"content":{"rendered":"<h3>ER\u0150TELJES ANTIOXID\u00c1NS FEH\u00c9R\u00cdT\u0150 INJEKCI\u00d3<\/h3>\n<p>Nappali kr\u00e9m magas f\u00e9nyv\u00e9d\u0151 faktorral \u00e9s nagyon er\u0151s, modern feh\u00e9r\u00edt\u0151 antioxid\u00e1ns kokt\u00e9llal. Kiv\u00e1l\u00f3 az \u00f6reged\u00e9s jeleit mutat\u00f3, f\u00e1radt, pigmentfoltos, egyenetlen sz\u00edn\u0171 \u00e9s egy\u00e9b v\u00e1ltoz\u00e1sokkal, p\u00e9ld\u00e1ul napoz\u00e1s ut\u00e1ni b\u0151rre.<\/p>\n<p><strong>Leny\u0171g\u00f6z\u0151en er\u0151s, h\u00e1rmas hat\u00e1st fejt ki:<\/strong><br \/>\n\u2022 cs\u00f6kkenti a megl\u00e9v\u0151 pigmentfoltok \u00e9s napfoltok l\u00e1that\u00f3s\u00e1g\u00e1t;<br \/>\n\u2022 hossz\u00fa t\u00e1von megakad\u00e1lyozza a napf\u00e9ny hat\u00e1s\u00e1ra kialakul\u00f3 pigmentfoltokat;<br \/>\n\u2022 r\u00e1nctalan\u00edt\u00f3 hat\u00e1s\u00fa, g\u00e1tolja a b\u0151r fot\u00f3\u00f6reged\u00e9si folyamatait.<\/p>\n<p><strong>A kr\u00e9m felsz\u00edv\u00f3d\u00e1sa ut\u00e1n a b\u0151r frissess\u00e9ggel ragyog. Vil\u00e1gosabb, kifejezett gy\u00f6ngyh\u00e1zf\u00e9ny\u0171 GLOW hat\u00e1ssal<\/strong>.<\/p>\n<p><strong>A kr\u00e9m kellemes, k\u00f6nny\u0171 \u00e1llag\u00fa<\/strong>. B\u00e1r gazdag, k\u00f6nnyen felsz\u00edv\u00f3dik, nem hagy zs\u00edros \u00e9s neh\u00e9z \u00e9rz\u00e9st, ami \u00e1ltal\u00e1ban az ilyen magas f\u00e9nyv\u00e9d\u0151 faktor\u00fa kr\u00e9mek h\u00e1tr\u00e1nya.<\/p>\n<p>A b\u0151r eg\u00e9sz nap t\u00f6k\u00e9letesen hidrat\u00e1lt. Ragyog, tele van f\u00e9nyess\u00e9ggel. <strong>A b\u0151r felsz\u00edne leny\u0171g\u00f6z\u0151en sim\u00e1v\u00e1 v\u00e1lik, sz\u00edne fokozatosan vil\u00e1gosodik \u00e9s egyenletess\u00e9 v\u00e1lik.<\/strong><\/p>\n<p><strong>FONTOS!<\/strong> \u00c9rz\u00e9keny, irrit\u00e1ci\u00f3ra hajlamos vagy reakt\u00edv b\u0151r eset\u00e9n, k\u00fcl\u00f6n\u00f6sen C-vitamin hat\u00e1s\u00e1ra, javasoljuk, hogy az els\u0151 haszn\u00e1lat el\u0151tt v\u00e9gezzen allergiatesztet.<\/p>\n","protected":false},"excerpt":{"rendered":"<p>K\u00f6nny\u0171 nappali kr\u00e9m magas f\u00e9nyv\u00e9d\u0151 faktorral SPF50 \u00e9s er\u0151s feh\u00e9r\u00edt\u0151 antioxid\u00e1ns kokt\u00e9llal. R\u00e1nctalan\u00edt\u00f3 hat\u00e1s\u00fa, g\u00e1tolja a b\u0151r fot\u00f3\u00f6reged\u00e9si folyamatait. Cs\u00f6kkenti a megl\u00e9v\u0151 elsz\u00ednez\u0151d\u00e9sek \u00e9s napfoltok l\u00e1that\u00f3s\u00e1g\u00e1t, valamint megakad\u00e1lyozza \u00fajak kialakul\u00e1s\u00e1t. A b\u0151r gy\u00f6ngyh\u00e1zf\u00e9ny\u0171 GLOW hat\u00e1ssal ragyog.<\/p>\n","protected":false},"featured_media":451836,"comment_status":"open","ping_status":"closed","template":"","meta":{"_acf_changed":false,"inline_featured_image":false},"product_brand":[],"product_cat":[1315],"product_tag":[1343,1316,1283,1333,1268,1334,1335,1284,1271,1324,1272,1273,1275,1303,1277],"class_list":{"0":"post-451835","1":"product","2":"type-product","3":"status-publish","4":"has-post-thumbnail","6":"product_cat-lumifusion-hu","7":"product_tag-arckremek","8":"product_tag-egyenetlen-szinu-erett-bor","9":"product_tag-kazdy-rodzaj-skory-hu","10":"product_tag-kremy-nie-koloryzujace-z-filrem-spf-hu","11":"product_tag-mlodzienczy-blask-hu","12":"product_tag-kremyserum-na-dzien-hu","13":"product_tag-napvedelem","14":"product_tag-nawilzanie-hu","15":"product_tag-rancok-csokkentese","16":"product_tag-rozjasnienie-przebarwien-hu","17":"product_tag-rozswietlenie-hu","18":"product_tag-skora-mieszana-hu","19":"product_tag-skora-normalna-hu","20":"product_tag-skora-sklonna-do-przebarwien-hu","21":"product_tag-skora-tlusta-hu","22":"pa_dzialanie-dojrzala-skora-o-nierownym-kolorycie-hu","23":"pa_dzialanie-ochrona-anti-pollution-hu","24":"pa_dzialanie-ochrona-przeciwsloneczna-hu","25":"pa_dzialanie-redukcja-zmarszczek-hu","27":"first","28":"instock","29":"shipping-taxable","30":"purchasable","31":"product-type-simple"},"acf":[],"df_price":364,"df_sale_price":"","df_regular_price":364,"df_image_link":"https:\/\/www.yonelle.pl\/wp-content\/uploads\/2023\/03\/LUMIFUISON-spf_dzien_1000x1000-300x300.jpg","_links":{"self":[{"href":"https:\/\/www.yonelle.pl\/hu\/wp-json\/wp\/v2\/product\/451835","targetHints":{"allow":["GET"]}}],"collection":[{"href":"https:\/\/www.yonelle.pl\/hu\/wp-json\/wp\/v2\/product"}],"about":[{"href":"https:\/\/www.yonelle.pl\/hu\/wp-json\/wp\/v2\/types\/product"}],"replies":[{"embeddable":true,"href":"https:\/\/www.yonelle.pl\/hu\/wp-json\/wp\/v2\/comments?post=451835"}],"wp:featuredmedia":[{"embeddable":true,"href":"https:\/\/www.yonelle.pl\/hu\/wp-json\/wp\/v2\/media\/451836"}],"wp:attachment":[{"href":"https:\/\/www.yonelle.pl\/hu\/wp-json\/wp\/v2\/media?parent=451835"}],"wp:term":[{"taxonomy":"product_brand","embeddable":true,"href":"https:\/\/www.yonelle.pl\/hu\/wp-json\/wp\/v2\/product_brand?post=451835"},{"taxonomy":"product_cat","embeddable":true,"href":"https:\/\/www.yonelle.pl\/hu\/wp-json\/wp\/v2\/product_cat?post=451835"},{"taxonomy":"product_tag","embeddable":true,"href":"https:\/\/www.yonelle.pl\/hu\/wp-json\/wp\/v2\/product_tag?post=451835"}],"curies":[{"name":"wp","href":"https:\/\/api.w.org\/{rel}","templated":true}]}}

LUMIFUSÍON Hármas Hatású Krém SPF50 Pigmentfoltok Ellen C-vitaminnal Prémium

<h3>ERŐTELJES ANTIOXIDÁNS FEHÉRÍTŐ INJEKCIÓ</h3>
<p>Nappali krém magas fényvédő faktorral és nagyon erős, modern fehérítő antioxidáns koktéllal. Kiváló az öregedés jeleit mutató, fáradt, pigmentfoltos, egyenetlen színű és egyéb változásokkal, például napozás utáni bőrre.</p>
<p><strong>Lenyűgözően erős, hármas hatást fejt ki:</strong><br />
• csökkenti a meglévő pigmentfoltok és napfoltok láthatóságát;<br />
• hosszú távon megakadályozza a napfény hatására kialakuló pigmentfoltokat;<br />
• ránctalanító hatású, gátolja a bőr fotóöregedési folyamatait.</p>
<p><strong>A krém felszívódása után a bőr frissességgel ragyog. Világosabb, kifejezett gyöngyházfényű GLOW hatással</strong>.</p>
<p><strong>A krém kellemes, könnyű állagú</strong>. Bár gazdag, könnyen felszívódik, nem hagy zsíros és nehéz érzést, ami általában az ilyen magas fényvédő faktorú krémek hátránya.</p>
<p>A bőr egész nap tökéletesen hidratált. Ragyog, tele van fényességgel. <strong>A bőr felszíne lenyűgözően simává válik, színe fokozatosan világosodik és egyenletessé válik.</strong></p>
<p><strong>FONTOS!</strong> Érzékeny, irritációra hajlamos vagy reaktív bőr esetén, különösen C-vitamin hatására, javasoljuk, hogy az első használat előtt végezzen allergiatesztet.</p>

<p>Könnyű nappali krém magas fényvédő faktorral SPF50 és erős fehérítő antioxidáns koktéllal. Ránctalanító hatású, gátolja a bőr fotóöregedési folyamatait. Csökkenti a meglévő elszíneződések és napfoltok láthatóságát, valamint megakadályozza újak kialakulását. A bőr gyöngyházfényű GLOW hatással ragyog.</p>
