{"id":451831,"date":"2022-08-19T11:07:49","date_gmt":"2022-08-19T09:07:49","guid":{"rendered":"https:\/\/www.yonelle.pl\/produkt\/lumifusion-naprawczy-krem-na-noc-z-witamina-c-premium\/"},"modified":"2026-01-07T14:25:21","modified_gmt":"2026-01-07T13:25:21","slug":"lumifusion-javito-ejszakai-krem-c-vitaminnal-premium","status":"publish","type":"product","link":"https:\/\/www.yonelle.pl\/hu\/produkt\/lumifusion-javito-ejszakai-krem-c-vitaminnal-premium\/","title":{"rendered":"LUMIFUS\u00cdON Jav\u00edt\u00f3 \u00c9jszakai Kr\u00e9m C-vitaminnal Premium"},"content":{"rendered":"<h3>ER\u0150TELJES ANTIOXID\u00c1NS INJEKCI\u00d3 A B\u0150R EG\u00c9SZS\u00c9G\u00c9\u00c9RT \u00c9S FIATALS\u00c1G\u00c1\u00c9RT<\/h3>\n<p><strong>\u00c9jszakai regener\u00e1l\u00f3 kr\u00e9m sz\u00e1raz \u00e9s norm\u00e1l, \u00e9rett, f\u00e1radt, pigmentfoltokra hajlamos \u00e9s egy\u00e9b \u00f6reged\u00e9si t\u00fcnetekkel rendelkez\u0151 b\u0151rre.<\/strong> A b\u0151r eg\u00e9szs\u00e9g\u00e9nek meg\u0151rz\u00e9s\u00e9t szem el\u0151tt tartva fejlesztett\u00e9k ki, a b\u0151r biol\u00f3giai regener\u00e1ci\u00f3ja \u00e9s hidrolipid r\u00e9teg\u00e9nek helyre\u00e1ll\u00edt\u00e1sa \u00e9rdek\u00e9ben. <strong>Gazdag ceramidokban, selymes \u00e1llag\u00fa kr\u00e9m azonnali megnyugv\u00e1st, t\u00e1pl\u00e1l\u00e1st, simas\u00e1got ny\u00fajt a b\u0151rnek, cs\u00f6kkenti a sz\u00e1razs\u00e1got, hosszan tart\u00f3 felt\u00f6lt\u0151 hat\u00e1st biztos\u00edt \u00e9s vitaliz\u00e1l.<\/strong> A b\u0151r l\u00e1that\u00f3an vil\u00e1gosabb\u00e1 v\u00e1lik. Fiatalos, friss, \u00fajj\u00e1\u00e9p\u00edtett \u00e9s kev\u00e9sb\u00e9 hajlamos az irrit\u00e1ci\u00f3ra. Jobb rugalmass\u00e1ggal, kiv\u00e1l\u00f3 min\u0151s\u00e9ggel \u00e9s eg\u00e9szs\u00e9ges sz\u00ednnel rendelkezik.<\/p>\n<p>A kr\u00e9m leny\u0171g\u00f6z\u0151<strong> term\u00e9szetes YUZU illatjeggyel<\/strong> (\u201ejap\u00e1n grapefruit\\&#8221;), amelyben finoman megjelenik a <strong>j\u00e1zmin \u00e9s fr\u00e9zia<\/strong>. A YUZU gy\u00fcm\u00f6lcs kivonata, amely gazdag C-vitaminban, Jap\u00e1nban a yuzuyu f\u00fcrd\u0151ritu\u00e1l\u00e9 alapjak\u00e9nt haszn\u00e1latos, amely sz\u00e9p\u00edti a b\u0151rt \u00e9s nyugtatja az \u00e9rz\u00e9keket.<\/p>\n<p><strong>YONELLE INNOV\u00c1CI\u00d3!<\/strong><\/p>\n<p><strong>PREMIUM C-vitamin<\/strong> \u2013 er\u0151teljes antioxid\u00e1ns injekci\u00f3 a b\u0151r eg\u00e9szs\u00e9g\u00e9\u00e9rt \u00e9s fiatals\u00e1g\u00e1\u00e9rt. Az akt\u00edv <strong>C-vitamin<\/strong> form\u00e1k, <strong>resveratrollal NANODISZKEKBEN&#x2122;<\/strong> \u00e9s <strong>YUZU kivonattal<\/strong> kombin\u00e1lva, egy <strong>COLLAGEN BOOSTER<\/strong>-t alkotnak, amely er\u0151s pigmentfolt vil\u00e1gos\u00edt\u00f3, b\u0151rmeg\u00faj\u00edt\u00f3 \u00e9s anti-aging hat\u00e1ssal b\u00edr. A radik\u00e1lis fiatal\u00edt\u00f3 hat\u00e1sok el\u00e9r\u00e9se \u00e9rdek\u00e9ben egy \u00fajfajta <strong>mikrobiotechnol\u00f3giai kollag\u00e9nt<\/strong> is hozz\u00e1adtak, amely n\u00f6v\u00e9nyi sejtekb\u0151l k\u00e9sz\u00fclt, veg\u00e1n \u00e9s \u00f6ko koncepci\u00f3k szerint.<\/p>\n<p><strong>FONTOS!<\/strong> \u00c9rz\u00e9keny, irrit\u00e1ci\u00f3ra hajlamos vagy reakt\u00edv b\u0151r eset\u00e9n, k\u00fcl\u00f6n\u00f6sen a C-vitamin hat\u00e1s\u00e1ra, javasoljuk, hogy az els\u0151 haszn\u00e1lat el\u0151tt v\u00e9gezzen allergiatesztet.<\/p>\n","protected":false},"excerpt":{"rendered":"<p>Kr\u00e9met \u00e9jszakai regener\u00e1l\u00f3 hat\u00e1ssal sz\u00e1raz \u00e9s norm\u00e1l, \u00e9rett, f\u00e1radt, pigmentfoltokra hajlamos \u00e9s egy\u00e9b \u00f6reged\u00e9si t\u00fcneteket mutat\u00f3 b\u0151rre. Gazdag ceramidokban, azonnali megnyugv\u00e1st, t\u00e1pl\u00e1l\u00e1st, simas\u00e1got biztos\u00edt, cs\u00f6kkenti a sz\u00e1razs\u00e1got, tart\u00f3s felt\u00f6lt\u0151 hat\u00e1st ny\u00fajt \u00e9s vitaliz\u00e1l. A b\u0151r l\u00e1that\u00f3an vil\u00e1gosabb\u00e1 v\u00e1lik.<\/p>\n","protected":false},"featured_media":451832,"comment_status":"open","ping_status":"closed","template":"","meta":{"_acf_changed":false,"inline_featured_image":false},"product_brand":[],"product_cat":[1315],"product_tag":[1343,1316,1329,1328,1325,1327,1271,1324,1272,1303,1276],"class_list":{"0":"post-451831","1":"product","2":"type-product","3":"status-publish","4":"has-post-thumbnail","6":"product_cat-lumifusion-hu","7":"product_tag-arckremek","8":"product_tag-egyenetlen-szinu-erett-bor","9":"product_tag-kremserum-na-noc-hu","10":"product_tag-krem-na-noc-hu","11":"product_tag-kremy-przeciwzmarszczkowe-hu","12":"product_tag-nagyon-szaraz-erett-bor","13":"product_tag-rancok-csokkentese","14":"product_tag-rozjasnienie-przebarwien-hu","15":"product_tag-rozswietlenie-hu","16":"product_tag-skora-sklonna-do-przebarwien-hu","17":"product_tag-skora-sucha-hu","18":"pa_dzialanie-dojrzala-bardzo-sucha-skora-hu","19":"pa_dzialanie-dojrzala-skora-o-nierownym-kolorycie-hu","20":"pa_dzialanie-dojrzala-skora-slabo-nawodniona-hu","21":"pa_dzialanie-redukcja-zmarszczek-hu","22":"pa_zastosowanie-kremy-do-twarzy-hu","24":"first","25":"instock","26":"shipping-taxable","27":"purchasable","28":"product-type-simple"},"acf":[],"df_price":396,"df_sale_price":"","df_regular_price":396,"df_image_link":"https:\/\/www.yonelle.pl\/wp-content\/uploads\/2022\/08\/LUMIFUSION-NAPRAWCZY-KREM-NA-NOC-Z-WITAMINA-C-PREMIUM_1_strona_1000x1000-300x300.jpg","_links":{"self":[{"href":"https:\/\/www.yonelle.pl\/hu\/wp-json\/wp\/v2\/product\/451831","targetHints":{"allow":["GET"]}}],"collection":[{"href":"https:\/\/www.yonelle.pl\/hu\/wp-json\/wp\/v2\/product"}],"about":[{"href":"https:\/\/www.yonelle.pl\/hu\/wp-json\/wp\/v2\/types\/product"}],"replies":[{"embeddable":true,"href":"https:\/\/www.yonelle.pl\/hu\/wp-json\/wp\/v2\/comments?post=451831"}],"wp:featuredmedia":[{"embeddable":true,"href":"https:\/\/www.yonelle.pl\/hu\/wp-json\/wp\/v2\/media\/451832"}],"wp:attachment":[{"href":"https:\/\/www.yonelle.pl\/hu\/wp-json\/wp\/v2\/media?parent=451831"}],"wp:term":[{"taxonomy":"product_brand","embeddable":true,"href":"https:\/\/www.yonelle.pl\/hu\/wp-json\/wp\/v2\/product_brand?post=451831"},{"taxonomy":"product_cat","embeddable":true,"href":"https:\/\/www.yonelle.pl\/hu\/wp-json\/wp\/v2\/product_cat?post=451831"},{"taxonomy":"product_tag","embeddable":true,"href":"https:\/\/www.yonelle.pl\/hu\/wp-json\/wp\/v2\/product_tag?post=451831"}],"curies":[{"name":"wp","href":"https:\/\/api.w.org\/{rel}","templated":true}]}}

LUMIFUSÍON Javító Éjszakai Krém C-vitaminnal Premium

<h3>ERŐTELJES ANTIOXIDÁNS INJEKCIÓ A BŐR EGÉSZSÉGÉÉRT ÉS FIATALSÁGÁÉRT</h3>
<p><strong>Éjszakai regeneráló krém száraz és normál, érett, fáradt, pigmentfoltokra hajlamos és egyéb öregedési tünetekkel rendelkező bőrre.</strong> A bőr egészségének megőrzését szem előtt tartva fejlesztették ki, a bőr biológiai regenerációja és hidrolipid rétegének helyreállítása érdekében. <strong>Gazdag ceramidokban, selymes állagú krém azonnali megnyugvást, táplálást, simaságot nyújt a bőrnek, csökkenti a szárazságot, hosszan tartó feltöltő hatást biztosít és vitalizál.</strong> A bőr láthatóan világosabbá válik. Fiatalos, friss, újjáépített és kevésbé hajlamos az irritációra. Jobb rugalmassággal, kiváló minőséggel és egészséges színnel rendelkezik.</p>
<p>A krém lenyűgöző<strong> természetes YUZU illatjeggyel</strong> („japán grapefruit\&#8221;), amelyben finoman megjelenik a <strong>jázmin és frézia</strong>. A YUZU gyümölcs kivonata, amely gazdag C-vitaminban, Japánban a yuzuyu fürdőrituálé alapjaként használatos, amely szépíti a bőrt és nyugtatja az érzékeket.</p>
<p><strong>YONELLE INNOVÁCIÓ!</strong></p>
<p><strong>PREMIUM C-vitamin</strong> – erőteljes antioxidáns injekció a bőr egészségéért és fiatalságáért. Az aktív <strong>C-vitamin</strong> formák, <strong>resveratrollal NANODISZKEKBEN&#x2122;</strong> és <strong>YUZU kivonattal</strong> kombinálva, egy <strong>COLLAGEN BOOSTER</strong>-t alkotnak, amely erős pigmentfolt világosító, bőrmegújító és anti-aging hatással bír. A radikális fiatalító hatások elérése érdekében egy újfajta <strong>mikrobiotechnológiai kollagént</strong> is hozzáadtak, amely növényi sejtekből készült, vegán és öko koncepciók szerint.</p>
<p><strong>FONTOS!</strong> Érzékeny, irritációra hajlamos vagy reaktív bőr esetén, különösen a C-vitamin hatására, javasoljuk, hogy az első használat előtt végezzen allergiatesztet.</p>

<p>Krémet éjszakai regeneráló hatással száraz és normál, érett, fáradt, pigmentfoltokra hajlamos és egyéb öregedési tüneteket mutató bőrre. Gazdag ceramidokban, azonnali megnyugvást, táplálást, simaságot biztosít, csökkenti a szárazságot, tartós feltöltő hatást nyújt és vitalizál. A bőr láthatóan világosabbá válik.</p>
