{"id":451826,"date":"2022-08-18T14:32:58","date_gmt":"2022-08-18T12:32:58","guid":{"rendered":"https:\/\/www.yonelle.pl\/produkt\/lumifusion-kolagenowy-krem-na-dzien-i-na-noc-z-witamia-c-premium\/"},"modified":"2026-01-29T13:39:02","modified_gmt":"2026-01-29T12:39:02","slug":"lumifusion-kollagen-nappali-es-ejszakai-krem-c-vitaminnal-premium","status":"publish","type":"product","link":"https:\/\/www.yonelle.pl\/hu\/produkt\/lumifusion-kollagen-nappali-es-ejszakai-krem-c-vitaminnal-premium\/","title":{"rendered":"LUMIFUS\u00cdON Kollag\u00e9n Nappali \u00e9s \u00c9jszakai Kr\u00e9m C-vitaminnal Premium"},"content":{"rendered":"<h3>ER\u0150TELJES ANTIOXID\u00c1NS INJEKCI\u00d3 A B\u0150R EG\u00c9SZS\u00c9G\u00c9\u00c9RT \u00c9S FIATALS\u00c1G\u00c1\u00c9RT<\/h3>\n<p>Intenz\u00edven \u00e1pol\u00f3 kr\u00e9m <strong>minden \u00e9rett, f\u00e1radt, pigmentfoltokra hajlamos \u00e9s egy\u00e9b \u00f6reged\u00e9si t\u00fcnetekkel rendelkez\u0151 b\u0151rt\u00edpusra.<\/strong> Az eg\u00e9szs\u00e9ges b\u0151r gondoz\u00e1s\u00e1nak priorit\u00e1sa alapj\u00e1n kifejlesztve. Luxusos, selymes \u00e9rzetet ny\u00fajt, k\u00fcl\u00f6n\u00f6sen kellemes az \u00e9rz\u00e9keny \u00e9s finom b\u0151r sz\u00e1m\u00e1ra.<strong> A kr\u00e9m vil\u00e1gos\u00edtja \u00e9s egys\u00e9ges\u00edti az arcsz\u00ednt, fiatalos frissess\u00e9get \u00e9s ragyog\u00e1st k\u00f6lcs\u00f6n\u00f6z neki, seg\u00edt p\u00f3tolni a kollag\u00e9nt, n\u00f6veli a feszess\u00e9get \u00e9s rugalmass\u00e1got, valamint cs\u00f6kkenti a r\u00e1ncokat.<\/strong> A b\u0151r napi ritmus\u00e1t k\u00f6vetve a kr\u00e9m biztos\u00edtja mind a<strong> v\u00e9d\u0151g\u00e1t gyors meger\u0151s\u00edt\u00e9s\u00e9t<\/strong>, mind az akt\u00edv regener\u00e1ci\u00f3t. L\u00e1tv\u00e1nyosan hidrat\u00e1l. A b\u0151r tapint\u00e1sra puha \u00e9s rendk\u00edv\u00fcl sima lesz. Sokkal eg\u00e9szs\u00e9gesebb szerkezet\u0171 \u00e9s fiatalosabb megjelen\u00e9s\u0171.<\/p>\n<p>A kr\u00e9m leny\u0171g\u00f6z <strong>term\u00e9szetes YUZU illatjegy\u00e9vel<\/strong> (\u201ejap\u00e1n grapefruit\\&#8221;), amelyben finoman megjelenik a <strong>j\u00e1zmin \u00e9s fr\u00e9zia<\/strong>. A C-vitaminban gazdag YUZU gy\u00fcm\u00f6lcs kivonat\u00e1t Jap\u00e1nban a yuzuyu f\u00fcrd\u0151ritu\u00e1l\u00e9 alapjak\u00e9nt haszn\u00e1lj\u00e1k, amely sz\u00e9p\u00edti a b\u0151rt \u00e9s nyugtatja az \u00e9rz\u00e9keket.<\/p>\n<p><strong>YONELLE INNOV\u00c1CI\u00d3!<\/strong><\/p>\n<p><strong>PREMIUM C-vitamin<\/strong> \u2013 er\u0151teljes antioxid\u00e1ns injekci\u00f3 a b\u0151r eg\u00e9szs\u00e9g\u00e9\u00e9rt \u00e9s fiatals\u00e1g\u00e1\u00e9rt. Az akt\u00edv <strong>C-vitamin<\/strong> form\u00e1k, <strong>resveratrollal NANODISZKOK&#x2122;-ban<\/strong> \u00e9s<strong> YUZU kivonattal<\/strong> kombin\u00e1lva, egy <strong>COLLAGEN BOOSTER<\/strong>-t alkotnak, amely nagy hat\u00e9konys\u00e1ggal vil\u00e1gos\u00edtja a pigmentfoltokat, meg\u00faj\u00edtja a b\u0151rt \u00e9s anti-aging hat\u00e1ssal b\u00edr. A radik\u00e1lis fiatal\u00edt\u00f3 hat\u00e1sok el\u00e9r\u00e9se \u00e9rdek\u00e9ben egy \u00fajszer\u0171 <strong>mikrobiotechnol\u00f3giai kollag\u00e9n<\/strong> form\u00e1t is hozz\u00e1adtak, amely n\u00f6v\u00e9nyi sejtekb\u0151l k\u00e9sz\u00fclt, a veg\u00e1n \u00e9s \u00f6ko koncepci\u00f3val \u00f6sszhangban.<\/p>\n<p><strong>FONTOS!<\/strong> \u00c9rz\u00e9keny, irrit\u00e1ci\u00f3ra hajlamos vagy reakt\u00edv b\u0151r eset\u00e9n, k\u00fcl\u00f6n\u00f6sen a C-vitamin hat\u00e1s\u00e1ra, javasoljuk az els\u0151 haszn\u00e1lat el\u0151tt allergiateszt elv\u00e9gz\u00e9s\u00e9t.<\/p>\n","protected":false},"excerpt":{"rendered":"<p>Kr\u00e9met intenz\u00edven \u00e1pol\u00f3 minden \u00e9rett, f\u00e1radt, elsz\u00ednez\u0151d\u00e9sre hajlamos \u00e9s egy\u00e9b \u00f6reged\u00e9si t\u00fcnetekkel rendelkez\u0151 b\u0151rt\u00edpusra. Vil\u00e1gos\u00edtja \u00e9s egys\u00e9ges\u00edti az arcb\u0151r t\u00f3nus\u00e1t, fiatalos frissess\u00e9get \u00e9s ragyog\u00e1st k\u00f6lcs\u00f6n\u00f6z neki, seg\u00edt p\u00f3tolni a kollag\u00e9nt, n\u00f6veli a feszess\u00e9get \u00e9s rugalmass\u00e1got, valamint cs\u00f6kkenti a r\u00e1ncokat.<\/p>\n","protected":false},"featured_media":451827,"comment_status":"open","ping_status":"closed","template":"","meta":{"_acf_changed":false,"inline_featured_image":false},"product_brand":[],"product_cat":[1315],"product_tag":[1343,1316,1265,1325,1268,1266,1284,1271,1324,1272,1273,1275,1303,1277,1278],"class_list":{"0":"post-451826","1":"product","2":"type-product","3":"status-publish","4":"has-post-thumbnail","6":"product_cat-lumifusion-hu","7":"product_tag-arckremek","8":"product_tag-egyenetlen-szinu-erett-bor","9":"product_tag-krem-dzienno-nocny-hu","10":"product_tag-kremy-przeciwzmarszczkowe-hu","11":"product_tag-mlodzienczy-blask-hu","12":"product_tag-kremserum-na-dziennoc-hu","13":"product_tag-nawilzanie-hu","14":"product_tag-rancok-csokkentese","15":"product_tag-rozjasnienie-przebarwien-hu","16":"product_tag-rozswietlenie-hu","17":"product_tag-skora-mieszana-hu","18":"product_tag-skora-normalna-hu","19":"product_tag-skora-sklonna-do-przebarwien-hu","20":"product_tag-skora-tlusta-hu","21":"product_tag-ujedrnienie-hu","22":"pa_dzialanie-dojrzala-bardzo-sucha-skora-hu","23":"pa_dzialanie-dojrzala-skora-o-nierownym-kolorycie-hu","24":"pa_dzialanie-redukcja-zmarszczek-hu","26":"first","27":"instock","28":"shipping-taxable","29":"purchasable","30":"product-type-simple"},"acf":[],"df_price":426,"df_sale_price":"","df_regular_price":426,"df_image_link":"https:\/\/www.yonelle.pl\/wp-content\/uploads\/2022\/08\/LUMIFUSION-KOLAGENOWY-KREM-NA-DZIEN-I-NA-NOC-Z-WITAMINA-C-PREMIUM_1_STRONA_1000X1000-1-300x300.jpg","_links":{"self":[{"href":"https:\/\/www.yonelle.pl\/hu\/wp-json\/wp\/v2\/product\/451826","targetHints":{"allow":["GET"]}}],"collection":[{"href":"https:\/\/www.yonelle.pl\/hu\/wp-json\/wp\/v2\/product"}],"about":[{"href":"https:\/\/www.yonelle.pl\/hu\/wp-json\/wp\/v2\/types\/product"}],"replies":[{"embeddable":true,"href":"https:\/\/www.yonelle.pl\/hu\/wp-json\/wp\/v2\/comments?post=451826"}],"wp:featuredmedia":[{"embeddable":true,"href":"https:\/\/www.yonelle.pl\/hu\/wp-json\/wp\/v2\/media\/451827"}],"wp:attachment":[{"href":"https:\/\/www.yonelle.pl\/hu\/wp-json\/wp\/v2\/media?parent=451826"}],"wp:term":[{"taxonomy":"product_brand","embeddable":true,"href":"https:\/\/www.yonelle.pl\/hu\/wp-json\/wp\/v2\/product_brand?post=451826"},{"taxonomy":"product_cat","embeddable":true,"href":"https:\/\/www.yonelle.pl\/hu\/wp-json\/wp\/v2\/product_cat?post=451826"},{"taxonomy":"product_tag","embeddable":true,"href":"https:\/\/www.yonelle.pl\/hu\/wp-json\/wp\/v2\/product_tag?post=451826"}],"curies":[{"name":"wp","href":"https:\/\/api.w.org\/{rel}","templated":true}]}}

LUMIFUSÍON Kollagén Nappali és Éjszakai Krém C-vitaminnal Premium

<h3>ERŐTELJES ANTIOXIDÁNS INJEKCIÓ A BŐR EGÉSZSÉGÉÉRT ÉS FIATALSÁGÁÉRT</h3>
<p>Intenzíven ápoló krém <strong>minden érett, fáradt, pigmentfoltokra hajlamos és egyéb öregedési tünetekkel rendelkező bőrtípusra.</strong> Az egészséges bőr gondozásának prioritása alapján kifejlesztve. Luxusos, selymes érzetet nyújt, különösen kellemes az érzékeny és finom bőr számára.<strong> A krém világosítja és egységesíti az arcszínt, fiatalos frissességet és ragyogást kölcsönöz neki, segít pótolni a kollagént, növeli a feszességet és rugalmasságot, valamint csökkenti a ráncokat.</strong> A bőr napi ritmusát követve a krém biztosítja mind a<strong> védőgát gyors megerősítését</strong>, mind az aktív regenerációt. Látványosan hidratál. A bőr tapintásra puha és rendkívül sima lesz. Sokkal egészségesebb szerkezetű és fiatalosabb megjelenésű.</p>
<p>A krém lenyűgöz <strong>természetes YUZU illatjegyével</strong> („japán grapefruit\&#8221;), amelyben finoman megjelenik a <strong>jázmin és frézia</strong>. A C-vitaminban gazdag YUZU gyümölcs kivonatát Japánban a yuzuyu fürdőrituálé alapjaként használják, amely szépíti a bőrt és nyugtatja az érzékeket.</p>
<p><strong>YONELLE INNOVÁCIÓ!</strong></p>
<p><strong>PREMIUM C-vitamin</strong> – erőteljes antioxidáns injekció a bőr egészségéért és fiatalságáért. Az aktív <strong>C-vitamin</strong> formák, <strong>resveratrollal NANODISZKOK&#x2122;-ban</strong> és<strong> YUZU kivonattal</strong> kombinálva, egy <strong>COLLAGEN BOOSTER</strong>-t alkotnak, amely nagy hatékonysággal világosítja a pigmentfoltokat, megújítja a bőrt és anti-aging hatással bír. A radikális fiatalító hatások elérése érdekében egy újszerű <strong>mikrobiotechnológiai kollagén</strong> formát is hozzáadtak, amely növényi sejtekből készült, a vegán és öko koncepcióval összhangban.</p>
<p><strong>FONTOS!</strong> Érzékeny, irritációra hajlamos vagy reaktív bőr esetén, különösen a C-vitamin hatására, javasoljuk az első használat előtt allergiateszt elvégzését.</p>

<p>Krémet intenzíven ápoló minden érett, fáradt, elszíneződésre hajlamos és egyéb öregedési tünetekkel rendelkező bőrtípusra. Világosítja és egységesíti az arcbőr tónusát, fiatalos frissességet és ragyogást kölcsönöz neki, segít pótolni a kollagént, növeli a feszességet és rugalmasságot, valamint csökkenti a ráncokat.</p>
