{"id":451820,"date":"2023-03-14T11:30:24","date_gmt":"2023-03-14T10:30:24","guid":{"rendered":"https:\/\/www.yonelle.pl\/produkt\/lumifusion-dynamiczne-serum-przeciw-przebarwieniom-z-czysta-witamina-c-10\/"},"modified":"2026-04-07T16:46:51","modified_gmt":"2026-04-07T14:46:51","slug":"lumifusion-dinamikus-szerum-pigmentfoltok-ellen-tiszta-c-vitaminnal-10","status":"publish","type":"product","link":"https:\/\/www.yonelle.pl\/hu\/produkt\/lumifusion-dinamikus-szerum-pigmentfoltok-ellen-tiszta-c-vitaminnal-10\/","title":{"rendered":"LUMIFUS\u00cdON Dinamikus Sz\u00e9rum Pigmentfoltok Ellen Tiszta C-Vitaminnal 10%"},"content":{"rendered":"<h3>ER\u0150TELJES FEH\u00c9R\u00cdT\u0150 ANTIOXID\u00c1NS INJEKCI\u00d3<\/h3>\n<p>Tiszta, stabiliz\u00e1lt 10%-os C-vitamin bomba szuper antioxid\u00e1ns feh\u00e9r\u00edt\u0151 kokt\u00e9lban. A sz\u00e9rum aj\u00e1nlott minden t\u00edpus\u00fa b\u0151rre, amely hajlamos elsz\u00ednez\u0151d\u00e9sekre, bele\u00e9rtve a pattan\u00e1s ut\u00e1ni foltokat \u00e9s a napfoltokat is. Alkalmas f\u00e1radt, \u00f6reged\u00e9s jeleit mutat\u00f3 b\u0151rre is, amely gyors ragyog\u00e1st \u00e9s fiatalos megjelen\u00e9st ig\u00e9nyel.<\/p>\n<p><strong>Rendszeres sz\u00e9rumhaszn\u00e1lat eset\u00e9n a pigmentfoltok dinamikusan halv\u00e1nyulnak. Ezt fejlett m\u0171szeres vizsg\u00e1latok is igazolj\u00e1k:<\/strong><\/p>\n<p>\u2022 <strong>4 h\u00e9t<\/strong> sz\u00e9rumhaszn\u00e1lat ut\u00e1n minden tesztalanyn\u00e1l<strong> cs\u00f6kkent a melanin tartalom<\/strong> az elsz\u00ednez\u0151d\u00e9s ter\u00fclet\u00e9n*;<br \/>\n\u2022 <strong>4 h\u00e9t<\/strong> sz\u00e9rumhaszn\u00e1lat ut\u00e1n minden szem\u00e9lyn\u00e9l a b\u0151r<strong> vil\u00e1goss\u00e1g\u00e1t jelz\u0151 param\u00e9ter n\u00f6vekedett<\/strong> (ez a b\u0151rsz\u00edn vil\u00e1gosod\u00e1s\u00e1t jelzi)**.<\/p>\n<p><strong>Mikrobiotechnol\u00f3giai kollag\u00e9n \u00e9s keresztk\u00f6t\u00e9s\u0171 hialuronsav<\/strong> kiv\u00e1l\u00f3 hidrat\u00e1l\u00e1st \u00e9s feszes\u00edt\u00e9st biztos\u00edtanak a b\u0151rnek, jav\u00edtj\u00e1k annak \u00e1llapot\u00e1t. <strong>Er\u0151s antioxid\u00e1ns kokt\u00e9l<\/strong> vil\u00e1gos\u00edtja \u00e9s v\u00e9di a b\u0151rt a fot\u00f3\u00f6reged\u00e9s jeleit\u0151l, bele\u00e9rtve a napf\u00e9ny hat\u00e1s\u00e1ra kialakul\u00f3 elsz\u00ednez\u0151d\u00e9seket is.<\/p>\n<p>A dinamikus sz\u00e9rum kiv\u00e1l\u00f3an vil\u00e1gos\u00edtja a b\u0151rt \u00e9s egyenletes sz\u00ednt k\u00f6lcs\u00f6n\u00f6z neki. <strong>A b\u0151r selymes text\u00far\u00e1t kap, leny\u0171g\u00f6z\u0151en sima \u00e9s \u00e9lettel teli lesz. Vonz\u00f3 megjelen\u00e9st biztos\u00edt.<\/strong><\/p>\n<p><strong>FONTOS!<\/strong> \u00c9rz\u00e9keny, irrit\u00e1ci\u00f3ra hajlamos vagy reakt\u00edv b\u0151r eset\u00e9n, k\u00fcl\u00f6n\u00f6sen a C-vitamin hat\u00e1s\u00e1ra, javasoljuk, hogy az els\u0151 haszn\u00e1lat el\u0151tt v\u00e9gezzen allergiatesztet.<\/p>\n<p>&nbsp;<\/p>\n<p style=\"text-align: right\"><em>*KOLORYMETRI\u00c1S M\u00c9R\u00c9S MEXAMETR k\u00e9sz\u00fcl\u00e9kkel \u2013 a melanin tartalom m\u00e9r\u00e9se az arcb\u0151r elsz\u00ednez\u0151d\u00f6tt ter\u00fclet\u00e9n<\/em><br \/>\n<em>**SPEKTROFOTOM\u00c9TER \u2013 a b\u0151rsz\u00edn vil\u00e1gosod\u00e1s\u00e1nak m\u00e9r\u00e9se<\/em><\/p>\n","protected":false},"excerpt":{"rendered":"<p>Bomba tiszta, stabiliz\u00e1lt C-vitamin 10% szuperantioxid\u00e1ns feh\u00e9r\u00edt\u0151 kokt\u00e9lban. Rendszeres haszn\u00e1lat\u00e1val a pigmentfoltok dinamikusan halv\u00e1nyodnak. Aj\u00e1nlott minden t\u00edpus\u00fa b\u0151rh\u00f6z, amely hajlamos elsz\u00ednez\u0151d\u00e9sekre, bele\u00e9rtve a pattan\u00e1sok ut\u00e1ni \u00e9s napfoltokat. Kiv\u00e1l\u00f3an hidrat\u00e1lja \u00e9s feszes\u00edti a b\u0151rt. Az arcb\u0151r selyem strukt\u00far\u00e1t nyer.<\/p>\n","protected":false},"featured_media":451821,"comment_status":"open","ping_status":"closed","template":"","meta":{"_acf_changed":false,"inline_featured_image":false},"product_brand":[],"product_cat":[1315],"product_tag":[1344,1316,1321,1283,1266,1284,1322,1323,1324,1272,1273,1275,1303,1276,1277,1278],"class_list":{"0":"post-451820","1":"product","2":"type-product","3":"status-publish","4":"has-post-thumbnail","6":"product_cat-lumifusion-hu","7":"product_tag-arcapolo-szerum","8":"product_tag-egyenetlen-szinu-erett-bor","9":"product_tag-intensywne-nawilzenie-i-blask_serum-hu","10":"product_tag-kazdy-rodzaj-skory-hu","11":"product_tag-kremserum-na-dziennoc-hu","12":"product_tag-nawilzanie-hu","13":"product_tag-redukcja-przebarwien-i-rozswietlenie-kolorytu_serum-hu","14":"product_tag-redukcja-zmarszczek-i-poprawa-jedrnosci_serum-hu","15":"product_tag-rozjasnienie-przebarwien-hu","16":"product_tag-rozswietlenie-hu","17":"product_tag-skora-mieszana-hu","18":"product_tag-skora-normalna-hu","19":"product_tag-skora-sklonna-do-przebarwien-hu","20":"product_tag-skora-sucha-hu","21":"product_tag-skora-tlusta-hu","22":"product_tag-ujedrnienie-hu","23":"pa_dzialanie-dojrzala-skora-o-nierownym-kolorycie-hu","25":"first","26":"instock","27":"shipping-taxable","28":"purchasable","29":"product-type-simple"},"acf":[],"df_price":384,"df_sale_price":"","df_regular_price":384,"df_image_link":"https:\/\/www.yonelle.pl\/wp-content\/uploads\/2023\/03\/LUMIFUISON-serum_dzien-noc_1000x1000-300x300.jpg","_links":{"self":[{"href":"https:\/\/www.yonelle.pl\/hu\/wp-json\/wp\/v2\/product\/451820","targetHints":{"allow":["GET"]}}],"collection":[{"href":"https:\/\/www.yonelle.pl\/hu\/wp-json\/wp\/v2\/product"}],"about":[{"href":"https:\/\/www.yonelle.pl\/hu\/wp-json\/wp\/v2\/types\/product"}],"replies":[{"embeddable":true,"href":"https:\/\/www.yonelle.pl\/hu\/wp-json\/wp\/v2\/comments?post=451820"}],"wp:featuredmedia":[{"embeddable":true,"href":"https:\/\/www.yonelle.pl\/hu\/wp-json\/wp\/v2\/media\/451821"}],"wp:attachment":[{"href":"https:\/\/www.yonelle.pl\/hu\/wp-json\/wp\/v2\/media?parent=451820"}],"wp:term":[{"taxonomy":"product_brand","embeddable":true,"href":"https:\/\/www.yonelle.pl\/hu\/wp-json\/wp\/v2\/product_brand?post=451820"},{"taxonomy":"product_cat","embeddable":true,"href":"https:\/\/www.yonelle.pl\/hu\/wp-json\/wp\/v2\/product_cat?post=451820"},{"taxonomy":"product_tag","embeddable":true,"href":"https:\/\/www.yonelle.pl\/hu\/wp-json\/wp\/v2\/product_tag?post=451820"}],"curies":[{"name":"wp","href":"https:\/\/api.w.org\/{rel}","templated":true}]}}

LUMIFUSÍON Dinamikus Szérum Pigmentfoltok Ellen Tiszta C-Vitaminnal 10%

<h3>ERŐTELJES FEHÉRÍTŐ ANTIOXIDÁNS INJEKCIÓ</h3>
<p>Tiszta, stabilizált 10%-os C-vitamin bomba szuper antioxidáns fehérítő koktélban. A szérum ajánlott minden típusú bőrre, amely hajlamos elszíneződésekre, beleértve a pattanás utáni foltokat és a napfoltokat is. Alkalmas fáradt, öregedés jeleit mutató bőrre is, amely gyors ragyogást és fiatalos megjelenést igényel.</p>
<p><strong>Rendszeres szérumhasználat esetén a pigmentfoltok dinamikusan halványulnak. Ezt fejlett műszeres vizsgálatok is igazolják:</strong></p>
<p>• <strong>4 hét</strong> szérumhasználat után minden tesztalanynál<strong> csökkent a melanin tartalom</strong> az elszíneződés területén*;<br />
• <strong>4 hét</strong> szérumhasználat után minden személynél a bőr<strong> világosságát jelző paraméter növekedett</strong> (ez a bőrszín világosodását jelzi)**.</p>
<p><strong>Mikrobiotechnológiai kollagén és keresztkötésű hialuronsav</strong> kiváló hidratálást és feszesítést biztosítanak a bőrnek, javítják annak állapotát. <strong>Erős antioxidáns koktél</strong> világosítja és védi a bőrt a fotóöregedés jeleitől, beleértve a napfény hatására kialakuló elszíneződéseket is.</p>
<p>A dinamikus szérum kiválóan világosítja a bőrt és egyenletes színt kölcsönöz neki. <strong>A bőr selymes textúrát kap, lenyűgözően sima és élettel teli lesz. Vonzó megjelenést biztosít.</strong></p>
<p><strong>FONTOS!</strong> Érzékeny, irritációra hajlamos vagy reaktív bőr esetén, különösen a C-vitamin hatására, javasoljuk, hogy az első használat előtt végezzen allergiatesztet.</p>
<p>&nbsp;</p>
<p style="text-align: right"><em>*KOLORYMETRIÁS MÉRÉS MEXAMETR készülékkel – a melanin tartalom mérése az arcbőr elszíneződött területén</em><br />
<em>**SPEKTROFOTOMÉTER – a bőrszín világosodásának mérése</em></p>

<p>Bomba tiszta, stabilizált C-vitamin 10% szuperantioxidáns fehérítő koktélban. Rendszeres használatával a pigmentfoltok dinamikusan halványodnak. Ajánlott minden típusú bőrhöz, amely hajlamos elszíneződésekre, beleértve a pattanások utáni és napfoltokat. Kiválóan hidratálja és feszesíti a bőrt. Az arcbőr selyem struktúrát nyer.</p>
