{"id":451814,"date":"2023-03-14T11:26:26","date_gmt":"2023-03-14T10:26:26","guid":{"rendered":"https:\/\/www.yonelle.pl\/produkt\/lumifusion-aktywna-maska-booster-z-witamina-c-premium\/"},"modified":"2026-03-09T11:10:03","modified_gmt":"2026-03-09T10:10:03","slug":"lumifusion-aktiv-maszk-booster-c-vitaminnal-premium","status":"publish","type":"product","link":"https:\/\/www.yonelle.pl\/hu\/produkt\/lumifusion-aktiv-maszk-booster-c-vitaminnal-premium\/","title":{"rendered":"LUMIFUS\u00cdON Akt\u00edv Maszk-Booster C-vitaminnal Premium"},"content":{"rendered":"<h3>ER\u0150TELJES ANTIOXID\u00c1NS INJEKCI\u00d3<\/h3>\n<p>Akt\u00edv booster maszk arcra, nyakra \u00e9s dekolt\u00e1zsra. <strong>Friss\u00edt\u0151, arom\u00e1s f\u00fcrd\u0151t biztos\u00edt a b\u0151rnek, gyors biol\u00f3giai meg\u00fajul\u00e1st eredm\u00e9nyezve.<\/strong> A maszk k\u00f6nny\u0171, zsel\u00e9s \u00e1llaga, amelyet a \u201egreen technology\u201d seg\u00edts\u00e9g\u00e9vel \u00e9rtek el, nagy k\u00e9nyelmet ny\u00fajt az alkalmaz\u00e1s sor\u00e1n.<\/p>\n<p>A maszk ide\u00e1lis hidrat\u00e1l\u00f3, amely azonnal jav\u00edtja a b\u0151r \u00e1llapot\u00e1t. Enyhe savak, enzimek \u00e9s lime \u201ekavi\u00e1r\u201d revitaliz\u00e1l\u00f3 hat\u00e1s\u00faak, finoman elt\u00e1vol\u00edtj\u00e1k az elhalt h\u00e1msejteket \u00e9s serkentik az \u00faj sejtek k\u00e9pz\u0151d\u00e9s\u00e9t. <strong>Ez n\u00f6veli a maszk lemos\u00e1sa ut\u00e1n alkalmazott kozmetikumok hat\u00f3anyagainak intenzit\u00e1s\u00e1t \u2013 \u201ebooster\u201d funkci\u00f3.<\/strong><\/p>\n<p>A maszk vil\u00e1gos\u00edtja a b\u0151r t\u00f3nus\u00e1t \u00e9s kiv\u00e1l\u00f3an hat a smink tart\u00f3ss\u00e1g\u00e1ra. A b\u0151r l\u00e1tv\u00e1nyosan sim\u00e1v\u00e1, puh\u00e1v\u00e1, \u00e9lettel teliv\u00e9 \u00e9s felfriss\u00fclt\u00e9 v\u00e1lik.<\/p>\n<p><strong>A booster maszk intenz\u00edv egzotikus gy\u00fcm\u00f6lcsillat\u00e1val leny\u0171g\u00f6z.<\/strong> Az alapot az \u00e9des narancs \u00e9s a jap\u00e1n YUZU grapefruit adja, amely gazdag C-vitaminban, papaya \u00e9s lime jegyekkel kombin\u00e1lva. Ennek k\u00f6sz\u00f6nhet\u0151en l\u00e9trej\u00f6tt a YUZUYU f\u00fcrd\u0151 gazdag\u00edtott v\u00e1ltozata, amelyet Jap\u00e1nban a b\u0151r sz\u00e9p\u00edt\u0151 \u00e9s \u00e9rz\u00e9keket nyugtat\u00f3 ritu\u00e1l\u00e9 alapjak\u00e9nt haszn\u00e1lnak.<\/p>\n<p><strong>FONTOS!<\/strong> \u00c9rz\u00e9keny, irrit\u00e1ci\u00f3ra hajlamos vagy reakt\u00edv b\u0151r eset\u00e9n, k\u00fcl\u00f6n\u00f6sen a C-vitamin hat\u00e1s\u00e1ra, az els\u0151 haszn\u00e1lat el\u0151tt aj\u00e1nlott allergiatesztet v\u00e9gezni.<\/p>\n","protected":false},"excerpt":{"rendered":"<p>Akt\u00edv arc-, nyak- \u00e9s dekolt\u00e1zsmaszk-booster. Revitaliz\u00e1l\u00f3 hat\u00e1s\u00fa, finoman elt\u00e1vol\u00edtja az elhalt h\u00e1msejteket \u00e9s serkenti az \u00faj sejtek k\u00e9pz\u0151d\u00e9s\u00e9t. Ez fokozza a tov\u00e1bbi \u00e1pol\u00f3 \u00f6sszetev\u0151k hat\u00e9konys\u00e1g\u00e1t &#8211; \u201ebooster\u201d funkci\u00f3. Kiv\u00e1l\u00f3an hidrat\u00e1l, sim\u00edt \u00e9s vil\u00e1gos\u00edtja a b\u0151r t\u00f3nus\u00e1t. Elb\u0171v\u00f6l egzotikus gy\u00fcm\u00f6lcs\u00f6k illat\u00e1val.<\/p>\n","protected":false},"featured_media":451815,"comment_status":"open","ping_status":"closed","template":"","meta":{"_acf_changed":false,"inline_featured_image":false},"product_brand":[],"product_cat":[1315],"product_tag":[1317,1316,1283,1284,1272,1273,1275,1303,1276,1277],"class_list":{"0":"post-451814","1":"product","2":"type-product","3":"status-publish","4":"has-post-thumbnail","6":"product_cat-lumifusion-hu","7":"product_tag-arcmaszkok","8":"product_tag-egyenetlen-szinu-erett-bor","9":"product_tag-kazdy-rodzaj-skory-hu","10":"product_tag-nawilzanie-hu","11":"product_tag-rozswietlenie-hu","12":"product_tag-skora-mieszana-hu","13":"product_tag-skora-normalna-hu","14":"product_tag-skora-sklonna-do-przebarwien-hu","15":"product_tag-skora-sucha-hu","16":"product_tag-skora-tlusta-hu","17":"pa_dzialanie-dojrzala-skora-o-nierownym-kolorycie-hu","18":"pa_dzialanie-oczyszczanie-hu","20":"first","21":"instock","22":"shipping-taxable","23":"purchasable","24":"product-type-simple"},"acf":[],"df_price":301,"df_sale_price":"","df_regular_price":301,"df_image_link":"https:\/\/www.yonelle.pl\/wp-content\/uploads\/2023\/03\/LUMIFUISON-maska_dzien-noc_1000x1000-300x300.jpg","_links":{"self":[{"href":"https:\/\/www.yonelle.pl\/hu\/wp-json\/wp\/v2\/product\/451814","targetHints":{"allow":["GET"]}}],"collection":[{"href":"https:\/\/www.yonelle.pl\/hu\/wp-json\/wp\/v2\/product"}],"about":[{"href":"https:\/\/www.yonelle.pl\/hu\/wp-json\/wp\/v2\/types\/product"}],"replies":[{"embeddable":true,"href":"https:\/\/www.yonelle.pl\/hu\/wp-json\/wp\/v2\/comments?post=451814"}],"wp:featuredmedia":[{"embeddable":true,"href":"https:\/\/www.yonelle.pl\/hu\/wp-json\/wp\/v2\/media\/451815"}],"wp:attachment":[{"href":"https:\/\/www.yonelle.pl\/hu\/wp-json\/wp\/v2\/media?parent=451814"}],"wp:term":[{"taxonomy":"product_brand","embeddable":true,"href":"https:\/\/www.yonelle.pl\/hu\/wp-json\/wp\/v2\/product_brand?post=451814"},{"taxonomy":"product_cat","embeddable":true,"href":"https:\/\/www.yonelle.pl\/hu\/wp-json\/wp\/v2\/product_cat?post=451814"},{"taxonomy":"product_tag","embeddable":true,"href":"https:\/\/www.yonelle.pl\/hu\/wp-json\/wp\/v2\/product_tag?post=451814"}],"curies":[{"name":"wp","href":"https:\/\/api.w.org\/{rel}","templated":true}]}}

LUMIFUSÍON Aktív Maszk-Booster C-vitaminnal Premium

<h3>ERŐTELJES ANTIOXIDÁNS INJEKCIÓ</h3>
<p>Aktív booster maszk arcra, nyakra és dekoltázsra. <strong>Frissítő, aromás fürdőt biztosít a bőrnek, gyors biológiai megújulást eredményezve.</strong> A maszk könnyű, zselés állaga, amelyet a „green technology” segítségével értek el, nagy kényelmet nyújt az alkalmazás során.</p>
<p>A maszk ideális hidratáló, amely azonnal javítja a bőr állapotát. Enyhe savak, enzimek és lime „kaviár” revitalizáló hatásúak, finoman eltávolítják az elhalt hámsejteket és serkentik az új sejtek képződését. <strong>Ez növeli a maszk lemosása után alkalmazott kozmetikumok hatóanyagainak intenzitását – „booster” funkció.</strong></p>
<p>A maszk világosítja a bőr tónusát és kiválóan hat a smink tartósságára. A bőr látványosan simává, puhává, élettel telivé és felfrissülté válik.</p>
<p><strong>A booster maszk intenzív egzotikus gyümölcsillatával lenyűgöz.</strong> Az alapot az édes narancs és a japán YUZU grapefruit adja, amely gazdag C-vitaminban, papaya és lime jegyekkel kombinálva. Ennek köszönhetően létrejött a YUZUYU fürdő gazdagított változata, amelyet Japánban a bőr szépítő és érzékeket nyugtató rituálé alapjaként használnak.</p>
<p><strong>FONTOS!</strong> Érzékeny, irritációra hajlamos vagy reaktív bőr esetén, különösen a C-vitamin hatására, az első használat előtt ajánlott allergiatesztet végezni.</p>

<p>Aktív arc-, nyak- és dekoltázsmaszk-booster. Revitalizáló hatású, finoman eltávolítja az elhalt hámsejteket és serkenti az új sejtek képződését. Ez fokozza a további ápoló összetevők hatékonyságát &#8211; „booster” funkció. Kiválóan hidratál, simít és világosítja a bőr tónusát. Elbűvöl egzotikus gyümölcsök illatával.</p>
