{"id":451653,"date":"2024-03-15T14:08:59","date_gmt":"2024-03-15T13:08:59","guid":{"rendered":"https:\/\/www.yonelle.pl\/produkt\/yoshino-pure-care-double-active-cleansing-balm-relaxing-beauty-ritual\/"},"modified":"2025-12-02T11:40:32","modified_gmt":"2025-12-02T10:40:32","slug":"yoshino-pure-care-ketszeresen-aktiv-tisztito-balzsam","status":"publish","type":"product","link":"https:\/\/www.yonelle.pl\/hu\/produkt\/yoshino-pure-care-ketszeresen-aktiv-tisztito-balzsam\/","title":{"rendered":"YOSHINO PURE &amp; CARE K\u00e9tszeresen Akt\u00edv Tiszt\u00edt\u00f3 Balzsam"},"content":{"rendered":"","protected":false},"excerpt":{"rendered":"<p>Innovat\u00edv 2 az 1-ben tiszt\u00edt\u00f3 formula. Kett\u0151s hat\u00e1s\u00fa balzsam finom illattal, amely kiv\u00e1l\u00f3 tisztas\u00e1got biztos\u00edt minden b\u0151rt\u00edpus sz\u00e1m\u00e1ra, bele\u00e9rtve az \u00e9rz\u00e9keny b\u0151rt is. Hidrat\u00e1l\u00f3 \u00f6sszetev\u0151inek k\u00f6sz\u00f6nhet\u0151en megakad\u00e1lyozza a b\u0151r kisz\u00e1rad\u00e1s\u00e1t \u00e9s fesz\u00fcl\u00e9s\u00e9t. Lehet\u0151v\u00e9 teszi az \u00f6nmassz\u00e1zst, amely a sminkelt\u00e1vol\u00edt\u00e1st egy pihentet\u0151 sz\u00e9ps\u00e9g\u00e1pol\u00e1si ritu\u00e1l\u00e9v\u00e1 v\u00e1ltoztatja, \u00e9s az arcb\u0151r eg\u00e9szs\u00e9ges, friss \u00e9s ragyog\u00f3 megjelen\u00e9st k\u00f6lcs\u00f6n\u00f6z.<\/p>\n","protected":false},"featured_media":451660,"comment_status":"open","ping_status":"closed","template":"","meta":{"_acf_changed":false,"inline_featured_image":false},"product_brand":[],"product_cat":[1299],"product_tag":[1301,1283,1300,1284,1302,1272,1273,1274,1275,1303,1276,1277,1289,1304],"class_list":{"0":"post-451653","1":"product","2":"type-product","3":"status-publish","4":"has-post-thumbnail","6":"product_cat-yoshino-pure-care-hu","7":"product_tag-arctisztito-es-moso-termekek","8":"product_tag-kazdy-rodzaj-skory-hu","9":"product_tag-redukcja-podraznien-hu","10":"product_tag-nawilzanie-hu","11":"product_tag-redukcja-zaczerwienien-hu","12":"product_tag-rozswietlenie-hu","13":"product_tag-skora-mieszana-hu","14":"product_tag-skora-naczynkowa-hu","15":"product_tag-skora-normalna-hu","16":"product_tag-skora-sklonna-do-przebarwien-hu","17":"product_tag-skora-sucha-hu","18":"product_tag-skora-tlusta-hu","19":"product_tag-skora-wrazliwa-hu","20":"product_tag-yoshino-hu","22":"first","23":"instock","24":"shipping-taxable","25":"purchasable","26":"product-type-simple"},"acf":[],"df_price":199,"df_sale_price":"","df_regular_price":199,"df_image_link":"https:\/\/www.yonelle.pl\/wp-content\/uploads\/2024\/03\/YOSHINO-PURE-CARE-Podwojnie-Aktywny-Balsam-Oczyszczajacy_small-300x300.jpg","_links":{"self":[{"href":"https:\/\/www.yonelle.pl\/hu\/wp-json\/wp\/v2\/product\/451653","targetHints":{"allow":["GET"]}}],"collection":[{"href":"https:\/\/www.yonelle.pl\/hu\/wp-json\/wp\/v2\/product"}],"about":[{"href":"https:\/\/www.yonelle.pl\/hu\/wp-json\/wp\/v2\/types\/product"}],"replies":[{"embeddable":true,"href":"https:\/\/www.yonelle.pl\/hu\/wp-json\/wp\/v2\/comments?post=451653"}],"wp:featuredmedia":[{"embeddable":true,"href":"https:\/\/www.yonelle.pl\/hu\/wp-json\/wp\/v2\/media\/451660"}],"wp:attachment":[{"href":"https:\/\/www.yonelle.pl\/hu\/wp-json\/wp\/v2\/media?parent=451653"}],"wp:term":[{"taxonomy":"product_brand","embeddable":true,"href":"https:\/\/www.yonelle.pl\/hu\/wp-json\/wp\/v2\/product_brand?post=451653"},{"taxonomy":"product_cat","embeddable":true,"href":"https:\/\/www.yonelle.pl\/hu\/wp-json\/wp\/v2\/product_cat?post=451653"},{"taxonomy":"product_tag","embeddable":true,"href":"https:\/\/www.yonelle.pl\/hu\/wp-json\/wp\/v2\/product_tag?post=451653"}],"curies":[{"name":"wp","href":"https:\/\/api.w.org\/{rel}","templated":true}]}}

YOSHINO PURE &amp; CARE Kétszeresen Aktív Tisztító Balzsam

<p>Innovatív 2 az 1-ben tisztító formula. Kettős hatású balzsam finom illattal, amely kiváló tisztaságot biztosít minden bőrtípus számára, beleértve az érzékeny bőrt is. Hidratáló összetevőinek köszönhetően megakadályozza a bőr kiszáradását és feszülését. Lehetővé teszi az önmasszázst, amely a sminkeltávolítást egy pihentető szépségápolási rituálévá változtatja, és az arcbőr egészséges, friss és ragyogó megjelenést kölcsönöz.</p>
